000
CDUS41 KBGM 130546
CLIBGM


CLIMATE REPORT
NATIONAL WEATHER SERVICE BINGHAMTON NY
1244 AM EST TUE FEB 13 2018


...................................

...THE BINGHAMTON NY CLIMATE SUMMARY FOR FEBRUARY 12 2018...

CLIMATE NORMAL PERIOD 1981 TO 2010
CLIMATE RECORD PERIOD 1951 TO 2018


WEATHER ITEM   OBSERVED TIME   RECORD YEAR NORMAL DEPARTURE LAST
                VALUE   (LST)  VALUE       VALUE  FROM      YEAR
                                                  NORMAL
..................................................................
TEMPERATURE (F)
 YESTERDAY
  MAXIMUM         33   1218 AM  60    1999  31      2       33
  MINIMUM         19   1159 PM -12    1979  17      2       28
  AVERAGE         26                        24      2       31

PRECIPITATION (IN)
  YESTERDAY        0.00          0.95 1988   0.08  -0.08     0.85
  MONTH TO DATE    1.46                      0.96   0.50     1.62
  SINCE DEC 1      5.67                      6.24  -0.57     9.00
  SINCE JAN 1      4.26                      3.41   0.85     5.41

SNOWFALL (IN)
  YESTERDAY        0.0           7.5  1988   0.6   -0.6      5.6
  MONTH TO DATE   13.5                       7.3    6.2     14.1
  SINCE DEC 1     39.7                      47.3   -7.6     55.9
  SINCE JUL 1     41.5                      54.1  -12.6     84.5
  SNOW DEPTH       3

DEGREE DAYS
 HEATING
  YESTERDAY       39                        41     -2       34
  MONTH TO DATE  500                       500      0      478
  SINCE DEC 1   3122                      2997    125     2811
  SINCE JUL 1   4520                      4572    -52     4160

 COOLING
  YESTERDAY        0                         0      0        0
  MONTH TO DATE    0                         0      0        0
  SINCE DEC 1      0                         0      0        0
  SINCE JAN 1      0                         0      0        0
..................................................................


WIND (MPH)
  HIGHEST WIND SPEED    20   HIGHEST WIND DIRECTION     N (350)
  HIGHEST GUST SPEED    26   HIGHEST GUST DIRECTION     N (340)
  AVERAGE WIND SPEED    11.6


SKY COVER
  AVERAGE SKY COVER 0.5


WEATHER CONDITIONS
 THE FOLLOWING WEATHER WAS RECORDED YESTERDAY.
  NO SIGNIFICANT WEATHER WAS OBSERVED.


RELATIVE HUMIDITY (PERCENT)
 HIGHEST    92           100 AM
 LOWEST     47           200 PM
 AVERAGE    70

..........................................................


THE BINGHAMTON NY CLIMATE NORMALS FOR TODAY
                         NORMAL    RECORD    YEAR
 MAXIMUM TEMPERATURE (F)   32        50      1974
 MINIMUM TEMPERATURE (F)   17        -8      1979
                                             1967


SUNRISE AND SUNSET
FEBRUARY 13 2018......SUNRISE   703 AM EST   SUNSET   534 PM EST
FEBRUARY 14 2018......SUNRISE   701 AM EST   SUNSET   535 PM EST


-  INDICATES NEGATIVE NUMBERS.
R  INDICATES RECORD WAS SET OR TIED.
MM INDICATES DATA IS MISSING.
T  INDICATES TRACE AMOUNT.

$$
