253
CDUS41 KBGM 182119
CLIBGM


CLIMATE REPORT
NATIONAL WEATHER SERVICE BINGHAMTON NY
518 PM EDT MON SEP 18 2017


...................................

...THE BINGHAMTON NY CLIMATE SUMMARY FOR SEPTEMBER 18 2017...
VALID TODAY AS OF 0500 PM LOCAL TIME.

CLIMATE NORMAL PERIOD 1981 TO 2010
CLIMATE RECORD PERIOD 1951 TO 2017


WEATHER ITEM   OBSERVED TIME   RECORD YEAR NORMAL DEPARTURE LAST
                VALUE   (LST)  VALUE       VALUE  FROM      YEAR
                                                  NORMAL
..................................................................
TEMPERATURE (F)
 TODAY
  MAXIMUM         79    142 PM  83    1955  68     11       73
  MINIMUM         59    532 AM  35    1990  50      9       64
  AVERAGE         69                        59     10       69

PRECIPITATION (IN)
  TODAY            0.00          1.22 1970   0.13  -0.13     0.55
  MONTH TO DATE    1.16                      2.13  -0.97     0.69
  SINCE SEP 1      1.16                      2.13  -0.97     0.69
  SINCE JAN 1     40.90                     28.34  12.56    24.24

SNOWFALL (IN)
  TODAY            0.0           T    1962   0.0    0.0      0.0
  MONTH TO DATE    0.0                       0.0    0.0      0.0
  SINCE SEP 1      0.0                       0.0    0.0      0.0
  SINCE JUL 1      0.0                       0.0    0.0      0.0
  SNOW DEPTH       0

DEGREE DAYS
 HEATING
  TODAY            0                         7     -7        0
  MONTH TO DATE  114                        83     31       37
  SINCE SEP 1    114                        83     31       37
  SINCE JUL 1    195                       146     49       46

 COOLING
  TODAY            4                         1      3        4
  MONTH TO DATE   15                        25    -10       41
  SINCE SEP 1     15                        25    -10       41
  SINCE JAN 1    286                       373    -87      552
..................................................................


WIND (MPH)
  HIGHEST WIND SPEED    12   HIGHEST WIND DIRECTION     S (170)
  HIGHEST GUST SPEED    16   HIGHEST GUST DIRECTION    SE (150)
  AVERAGE WIND SPEED     5.3


SKY COVER
  AVERAGE SKY COVER 0.1


WEATHER CONDITIONS
 THE FOLLOWING WEATHER WAS RECORDED TODAY.
  FOG
  FOG W/VISIBILITY <= 1/4 MILE


RELATIVE HUMIDITY (PERCENT)
 HIGHEST   100           300 AM
 LOWEST     48           300 PM
 AVERAGE    74

..........................................................


THE BINGHAMTON NY CLIMATE NORMALS FOR TOMORROW
                         NORMAL    RECORD    YEAR
 MAXIMUM TEMPERATURE (F)   67        89      1983
 MINIMUM TEMPERATURE (F)   50        35      1959


SUNRISE AND SUNSET
SEPTEMBER 18 2017.....SUNRISE   647 AM EDT   SUNSET   708 PM EDT
SEPTEMBER 19 2017.....SUNRISE   648 AM EDT   SUNSET   706 PM EDT


-  INDICATES NEGATIVE NUMBERS.
R  INDICATES RECORD WAS SET OR TIED.
MM INDICATES DATA IS MISSING.
T  INDICATES TRACE AMOUNT.




$$
