000
CDUS41 KBGM 112216
CLIBGM


CLIMATE REPORT
NATIONAL WEATHER SERVICE BINGHAMTON NY
516 PM EST TUE NOV 11 2014


...................................

...THE BINGHAMTON NY CLIMATE SUMMARY FOR NOVEMBER 11 2014...
VALID TODAY AS OF 0500 PM LOCAL TIME.

CLIMATE NORMAL PERIOD 1981 TO 2010
CLIMATE RECORD PERIOD 1951 TO 2014


WEATHER ITEM   OBSERVED TIME   RECORD YEAR NORMAL DEPARTURE LAST
                VALUE   (LST)  VALUE       VALUE  FROM      YEAR
                                                  NORMAL
..................................................................
TEMPERATURE (F)
 TODAY
  MAXIMUM         61    335 PM  68    2012  47     14       42
  MINIMUM         41    658 AM  16    1956  33      8       30
  AVERAGE         51                        40     11       36

PRECIPITATION (IN)
  TODAY            0.00          1.17 1991   0.10  -0.10     0.06
  MONTH TO DATE    0.36                      1.20  -0.84     1.09
  SINCE SEP 1      5.56                      8.16  -2.60     6.81
  SINCE JAN 1     34.59                     34.37   0.22    37.10

SNOWFALL (IN)
  TODAY            0.0           5.1  1986   0.1   -0.1      0.2
  MONTH TO DATE    0.2                       1.2   -1.0      0.2
  SINCE SEP 1      0.2                       2.2   -2.0      0.2
  SINCE JUL 1      0.2                       2.2   -2.0      0.2
  SNOW DEPTH       0

DEGREE DAYS
 HEATING
  TODAY           14                        25    -11       29
  MONTH TO DATE  240                       257    -17      270
  SINCE SEP 1    824                       966   -142      903
  SINCE JUL 1    890                      1029   -139      954

 COOLING
  TODAY            0                         0      0        0
  MONTH TO DATE    0                         0      0        0
  SINCE SEP 1     39                        33      6       53
  SINCE JAN 1    341                       381    -40      480
..................................................................


WIND (MPH)
  HIGHEST WIND SPEED    17   HIGHEST WIND DIRECTION     S (160)
  HIGHEST GUST SPEED    27   HIGHEST GUST DIRECTION     S (180)
  AVERAGE WIND SPEED     9.7


SKY COVER
  AVERAGE SKY COVER 0.0


WEATHER CONDITIONS
 THE FOLLOWING WEATHER WAS RECORDED TODAY.
  NO SIGNIFICANT WEATHER WAS OBSERVED.


RELATIVE HUMIDITY (PERCENT)
 HIGHEST    79           700 AM
 LOWEST     46           200 PM
 AVERAGE    63

..........................................................


THE BINGHAMTON NY CLIMATE NORMALS FOR TOMORROW
                         NORMAL    RECORD    YEAR
 MAXIMUM TEMPERATURE (F)   47        65      1964
 MINIMUM TEMPERATURE (F)   33        17      1976


SUNRISE AND SUNSET
NOVEMBER 11 2014......SUNRISE   649 AM EST   SUNSET   446 PM EST
NOVEMBER 12 2014......SUNRISE   651 AM EST   SUNSET   445 PM EST


-  INDICATES NEGATIVE NUMBERS.
R  INDICATES RECORD WAS SET OR TIED.
MM INDICATES DATA IS MISSING.
T  INDICATES TRACE AMOUNT.




$$
