488
CDUS41 KBGM 230930
CLIBGM


CLIMATE REPORT
NATIONAL WEATHER SERVICE BINGHAMTON NY
530 AM EDT SAT APR 23 2016


...................................

...THE BINGHAMTON NY CLIMATE SUMMARY FOR APRIL 22 2016...

CLIMATE NORMAL PERIOD 1981 TO 2010
CLIMATE RECORD PERIOD 1951 TO 2016


WEATHER ITEM   OBSERVED TIME   RECORD YEAR NORMAL DEPARTURE LAST
                VALUE   (LST)  VALUE       VALUE  FROM      YEAR
                                                  NORMAL
..................................................................
TEMPERATURE (F)
 YESTERDAY
  MAXIMUM         65    321 PM  83    1985  57      8       49
  MINIMUM         51    512 AM  22    1975  38     13       32
  AVERAGE         58                        48     10       41

PRECIPITATION (IN)
  YESTERDAY        0.10          1.17 2006   0.11  -0.01     0.33
  MONTH TO DATE    2.31                      2.54  -0.23     4.17
  SINCE MAR 1      3.71                      5.53  -1.82     6.16
  SINCE JAN 1      9.02                     10.29  -1.27    10.10

SNOWFALL (IN)
  YESTERDAY        0.0           8.6  1993   0.1   -0.1      0.3
  MONTH TO DATE    9.3                       3.7    5.6      2.6
  SINCE MAR 1     10.3                      18.8   -8.5     17.4
  SINCE JUL 1     32.0                      82.7  -50.7     93.2
  SNOW DEPTH       0

DEGREE DAYS
 HEATING
  YESTERDAY        7                        17    -10       24
  MONTH TO DATE  521                       476     45      429
  SINCE MAR 1   1292                      1473   -181     1599
  SINCE JUL 1   5650                      6672  -1022     7131

 COOLING
  YESTERDAY        0                         0      0        0
  MONTH TO DATE    0                         0      0        0
  SINCE MAR 1      0                         0      0        0
  SINCE JAN 1      0                         0      0        0
..................................................................


WIND (MPH)
  HIGHEST WIND SPEED    15   HIGHEST WIND DIRECTION     W (290)
  HIGHEST GUST SPEED    19   HIGHEST GUST DIRECTION     W (290)
  AVERAGE WIND SPEED     5.8


SKY COVER
  AVERAGE SKY COVER 1.0


WEATHER CONDITIONS
 THE FOLLOWING WEATHER WAS RECORDED YESTERDAY.
  LIGHT RAIN
  FOG


RELATIVE HUMIDITY (PERCENT)
 HIGHEST   100           900 PM
 LOWEST     57          1200 AM
 AVERAGE    79

..........................................................


THE BINGHAMTON NY CLIMATE NORMALS FOR TODAY
                         NORMAL    RECORD    YEAR
 MAXIMUM TEMPERATURE (F)   58        85      1985
 MINIMUM TEMPERATURE (F)   39        24      1989


SUNRISE AND SUNSET
APRIL 23 2016.........SUNRISE   610 AM EDT   SUNSET   755 PM EDT
APRIL 24 2016.........SUNRISE   609 AM EDT   SUNSET   756 PM EDT


-  INDICATES NEGATIVE NUMBERS.
R  INDICATES RECORD WAS SET OR TIED.
MM INDICATES DATA IS MISSING.
T  INDICATES TRACE AMOUNT.




$$
