000
CDUS41 KBGM 092117
CLIBGM


CLIMATE REPORT
NATIONAL WEATHER SERVICE BINGHAMTON NY
516 PM EDT SAT JUL 9 2016


...................................

...THE BINGHAMTON NY CLIMATE SUMMARY FOR JULY 9 2016...
VALID TODAY AS OF 0500 PM LOCAL TIME.

CLIMATE NORMAL PERIOD 1981 TO 2010
CLIMATE RECORD PERIOD 1951 TO 2016


WEATHER ITEM   OBSERVED TIME   RECORD YEAR NORMAL DEPARTURE LAST
                VALUE   (LST)  VALUE       VALUE  FROM      YEAR
                                                  NORMAL
..................................................................
TEMPERATURE (F)
 TODAY
  MAXIMUM         84    142 PM  95    1988  78      6       70
  MINIMUM         68    408 AM  39    1963  60      8       57
  AVERAGE         76                        69      7       64

PRECIPITATION (IN)
  TODAY            0.01          2.62 1952   0.12  -0.11     0.22
  MONTH TO DATE    0.27                      1.10  -0.83     1.46
  SINCE JUN 1      3.31                      5.41  -2.10    11.20
  SINCE JAN 1     15.70                     20.16  -4.46    24.75

SNOWFALL (IN)
  TODAY            0.0           0.0  2002   0.0    0.0      0.0
                                      2000
                                      2001
  MONTH TO DATE    0.0                       0.0    0.0      0.0
  SINCE JUN 1      0.0                       0.0    0.0      0.0
  SINCE JUL 1      0.0                       0.0    0.0      0.0
  SNOW DEPTH       0

DEGREE DAYS
 HEATING
  TODAY            0                         1     -1        1
  MONTH TO DATE    2                         9     -7        9
  SINCE JUN 1     71                       100    -29       86
  SINCE JUL 1      2                         9     -7        9

 COOLING
  TODAY           11                         4      7        0
  MONTH TO DATE   56                        36     20       15
  SINCE JUN 1    119                       110      9       65
  SINCE JAN 1    165                       133     32      138
..................................................................


WIND (MPH)
  HIGHEST WIND SPEED    18   HIGHEST WIND DIRECTION     W (280)
  HIGHEST GUST SPEED    28   HIGHEST GUST DIRECTION    NW (300)
  AVERAGE WIND SPEED     8.5


SKY COVER
  AVERAGE SKY COVER 0.6


WEATHER CONDITIONS
 THE FOLLOWING WEATHER WAS RECORDED TODAY.
  THUNDERSTORM
  LIGHT RAIN
  FOG


RELATIVE HUMIDITY (PERCENT)
 HIGHEST   100           400 AM
 LOWEST     46           100 PM
 AVERAGE    73

..........................................................


THE BINGHAMTON NY CLIMATE NORMALS FOR TOMORROW
                         NORMAL    RECORD    YEAR
 MAXIMUM TEMPERATURE (F)   78        94      1988
 MINIMUM TEMPERATURE (F)   60        46      1953


SUNRISE AND SUNSET
JULY  9 2016..........SUNRISE   537 AM EDT   SUNSET   841 PM EDT
JULY 10 2016..........SUNRISE   537 AM EDT   SUNSET   841 PM EDT


-  INDICATES NEGATIVE NUMBERS.
R  INDICATES RECORD WAS SET OR TIED.
MM INDICATES DATA IS MISSING.
T  INDICATES TRACE AMOUNT.

$$
