000
CDUS41 KBGM 110601
CLIBGM


CLIMATE REPORT
NATIONAL WEATHER SERVICE BINGHAMTON NY
201 AM EDT WED OCT 11 2017


...................................

...THE BINGHAMTON NY CLIMATE SUMMARY FOR OCTOBER 10 2017...

CLIMATE NORMAL PERIOD 1981 TO 2010
CLIMATE RECORD PERIOD 1951 TO 2017


WEATHER ITEM   OBSERVED TIME   RECORD YEAR NORMAL DEPARTURE LAST
                VALUE   (LST)  VALUE       VALUE  FROM      YEAR
                                                  NORMAL
..................................................................
TEMPERATURE (F)
 YESTERDAY
  MAXIMUM         72    310 PM  77    1961  59     13       51
  MINIMUM         55   1136 PM  26    1980  42     13       34
  AVERAGE         64                        50     14       43

PRECIPITATION (IN)
  YESTERDAY        0.00          0.79 1998   0.12  -0.12     0.00
  MONTH TO DATE    0.69                      1.13  -0.44     0.48
  SINCE SEP 1      1.95                      4.76  -2.81     1.51
  SINCE JAN 1     41.69                     30.97  10.72    25.06

SNOWFALL (IN)
  YESTERDAY        0.0           0.4  2000   0.0    0.0      0.0
  MONTH TO DATE    0.0                       0.1   -0.1      0.0
  SINCE SEP 1      0.0                       0.1   -0.1      0.0
  SINCE JUL 1      0.0                       0.1   -0.1      0.0
  SNOW DEPTH       0

DEGREE DAYS
 HEATING
  YESTERDAY        1                        15    -14       22
  MONTH TO DATE   43                       132    -89      110
  SINCE SEP 1    198                       326   -128      224
  SINCE JUL 1    279                       389   -110      233

 COOLING
  YESTERDAY        0                         0      0        0
  MONTH TO DATE    9                         0      9        0
  SINCE SEP 1     78                        31     47       48
  SINCE JAN 1    349                       379    -30      559
..................................................................


WIND (MPH)
  HIGHEST WIND SPEED    13   HIGHEST WIND DIRECTION     N (340)
  HIGHEST GUST SPEED    17   HIGHEST GUST DIRECTION    NW (320)
  AVERAGE WIND SPEED     4.8


SKY COVER
  AVERAGE SKY COVER 0.5


WEATHER CONDITIONS
 THE FOLLOWING WEATHER WAS RECORDED YESTERDAY.
  FOG
  FOG W/VISIBILITY <= 1/4 MILE


RELATIVE HUMIDITY (PERCENT)
 HIGHEST   100          1200 AM
 LOWEST     51           400 PM
 AVERAGE    76

..........................................................


THE BINGHAMTON NY CLIMATE NORMALS FOR TODAY
                         NORMAL    RECORD    YEAR
 MAXIMUM TEMPERATURE (F)   59        77      1961
 MINIMUM TEMPERATURE (F)   41        25      1993


SUNRISE AND SUNSET
OCTOBER 11 2017.......SUNRISE   712 AM EDT   SUNSET   628 PM EDT
OCTOBER 12 2017.......SUNRISE   713 AM EDT   SUNSET   627 PM EDT


-  INDICATES NEGATIVE NUMBERS.
R  INDICATES RECORD WAS SET OR TIED.
MM INDICATES DATA IS MISSING.
T  INDICATES TRACE AMOUNT.




$$
