084
CDUS41 KBGM 090632
CLIBGM


CLIMATE REPORT
NATIONAL WEATHER SERVICE BINGHAMTON NY
132 AM EST SAT DEC 9 2017


...................................

...THE BINGHAMTON NY CLIMATE SUMMARY FOR DECEMBER 8 2017...

CLIMATE NORMAL PERIOD 1981 TO 2010
CLIMATE RECORD PERIOD 1951 TO 2017


WEATHER ITEM   OBSERVED TIME   RECORD YEAR NORMAL DEPARTURE LAST
                VALUE   (LST)  VALUE       VALUE  FROM      YEAR
                                                  NORMAL
..................................................................
TEMPERATURE (F)
 YESTERDAY
  MAXIMUM         28   1156 AM  59    1966  36     -8       32
  MINIMUM         20    720 AM   4    1976  24     -4       22
  AVERAGE         24                        30     -6       27

PRECIPITATION (IN)
  YESTERDAY        T             1.04 1974   0.11  -0.11     0.06
  MONTH TO DATE    0.31                      0.83  -0.52     1.18
  SINCE DEC 1      0.31                      0.83  -0.52     1.18
  SINCE JAN 1     47.20                     37.30   9.90    33.70

SNOWFALL (IN)
  YESTERDAY        T             4.1  2001   0.5   -0.5      1.4
  MONTH TO DATE    T                         3.9   -3.9      6.9
  SINCE DEC 1      T                         3.9   -3.9      6.9
  SINCE JUL 1      1.8                      10.7   -8.9     35.5
  SNOW DEPTH       T

DEGREE DAYS
 HEATING
  YESTERDAY       41                        35      6       38
  MONTH TO DATE  246                       272    -26      255
  SINCE DEC 1    246                       272    -26      255
  SINCE JUL 1   1644                      1847   -203     1604

 COOLING
  YESTERDAY        0                         0      0        0
  MONTH TO DATE    0                         0      0        0
  SINCE DEC 1      0                         0      0        0
  SINCE JAN 1    349                       381    -32      563
..................................................................


WIND (MPH)
  HIGHEST WIND SPEED    14   HIGHEST WIND DIRECTION     W (250)
  HIGHEST GUST SPEED    20   HIGHEST GUST DIRECTION     W (250)
  AVERAGE WIND SPEED     7.5


SKY COVER
  AVERAGE SKY COVER 0.2


WEATHER CONDITIONS
 THE FOLLOWING WEATHER WAS RECORDED YESTERDAY.
  NO SIGNIFICANT WEATHER WAS OBSERVED.


RELATIVE HUMIDITY (PERCENT)
 HIGHEST    81           100 AM
 LOWEST     50          1200 PM
 AVERAGE    66

..........................................................


THE BINGHAMTON NY CLIMATE NORMALS FOR TODAY
                         NORMAL    RECORD    YEAR
 MAXIMUM TEMPERATURE (F)   35        61      1966
 MINIMUM TEMPERATURE (F)   23         1      1968


SUNRISE AND SUNSET
DECEMBER  9 2017......SUNRISE   721 AM EST   SUNSET   432 PM EST
DECEMBER 10 2017......SUNRISE   722 AM EST   SUNSET   432 PM EST


-  INDICATES NEGATIVE NUMBERS.
R  INDICATES RECORD WAS SET OR TIED.
MM INDICATES DATA IS MISSING.
T  INDICATES TRACE AMOUNT.




$$
