000
CDUS41 KBGM 090217
CLIBGM


CLIMATE REPORT
NATIONAL WEATHER SERVICE BINGHAMTON NY
1016 PM EDT FRI JUL 8 2016


...................................

...THE BINGHAMTON NY CLIMATE SUMMARY FOR JULY 8 2016...
VALID AS OF 1000 PM LOCAL TIME.

CLIMATE NORMAL PERIOD 1981 TO 2010
CLIMATE RECORD PERIOD 1951 TO 2016


WEATHER ITEM   OBSERVED TIME   RECORD YEAR NORMAL DEPARTURE LAST
                VALUE   (LST)  VALUE       VALUE  FROM      YEAR
                                                  NORMAL
..................................................................
TEMPERATURE (F)
 TODAY
  MAXIMUM         85    114 PM  95    1988  78      7       73
  MINIMUM         64    517 AM  45    1963  59      5       59
  AVERAGE         75                        68      7       66

PRECIPITATION (IN)
  TODAY            0.16          1.23 1998   0.13   0.03     0.07
  MONTH TO DATE    0.26                      0.98  -0.72     1.24
  SINCE JUN 1      3.30                      5.29  -1.99    10.98
  SINCE JAN 1     15.69                     20.04  -4.35    24.53

SNOWFALL (IN)
  TODAY            0.0           0.0  2002   0.0    0.0      0.0
                                      2000
                                      2001
  MONTH TO DATE    0.0                       0.0    0.0      0.0
  SINCE JUN 1      0.0                       0.0    0.0      0.0
  SINCE JUL 1      0.0                       0.0    0.0      0.0
  SNOW DEPTH       0

DEGREE DAYS
 HEATING
  TODAY            0                         1     -1        0
  MONTH TO DATE    2                         8     -6        8
  SINCE JUN 1     71                        99    -28       85
  SINCE JUL 1      2                         8     -6        8

 COOLING
  TODAY           10                         4      6        1
  MONTH TO DATE   45                        32     13       15
  SINCE JUN 1    108                       106      2       65
  SINCE JAN 1    154                       129     25      138
..................................................................


WIND (MPH)
  HIGHEST WIND SPEED    12   HIGHEST WIND DIRECTION    SE (150)
  HIGHEST GUST SPEED    17   HIGHEST GUST DIRECTION    SE (150)
  AVERAGE WIND SPEED     4.6


SKY COVER
  AVERAGE SKY COVER 0.3


WEATHER CONDITIONS
 THE FOLLOWING WEATHER WAS RECORDED TODAY.
  THUNDERSTORM
  HEAVY RAIN
  LIGHT RAIN
  FOG
  FOG W/VISIBILITY <= 1/4 MILE


RELATIVE HUMIDITY (PERCENT)
 HIGHEST   100           500 AM
 LOWEST     51           100 PM
 AVERAGE    76

..........................................................


THE BINGHAMTON NY CLIMATE NORMALS FOR TOMORROW
                         NORMAL    RECORD    YEAR
 MAXIMUM TEMPERATURE (F)   78        95      1988
 MINIMUM TEMPERATURE (F)   60        39      1963


SUNRISE AND SUNSET
JULY  8 2016..........SUNRISE   536 AM EDT   SUNSET   842 PM EDT
JULY  9 2016..........SUNRISE   537 AM EDT   SUNSET   841 PM EDT


-  INDICATES NEGATIVE NUMBERS.
R  INDICATES RECORD WAS SET OR TIED.
MM INDICATES DATA IS MISSING.
T  INDICATES TRACE AMOUNT.

$$
