000
CDUS41 KBGM 240552
CLIBGM


CLIMATE REPORT
NATIONAL WEATHER SERVICE BINGHAMTON NY
152 AM EDT MON AUG 24 2015


...................................

...THE BINGHAMTON NY CLIMATE SUMMARY FOR AUGUST 23 2015...

CLIMATE NORMAL PERIOD 1981 TO 2010
CLIMATE RECORD PERIOD 1951 TO 2015


WEATHER ITEM   OBSERVED TIME   RECORD YEAR NORMAL DEPARTURE LAST
                VALUE   (LST)  VALUE       VALUE  FROM      YEAR
                                                  NORMAL
..................................................................
TEMPERATURE (F)
 YESTERDAY
  MAXIMUM         74    524 PM  85    1974  76     -2       65
  MINIMUM         56    532 AM  43    1973  58     -2       60
                                      1952
  AVERAGE         65                        67     -2       63

PRECIPITATION (IN)
  YESTERDAY        0.00          1.05 2010   0.11  -0.11     0.07
  MONTH TO DATE    2.83                      2.58   0.25     5.06
  SINCE JUN 1     17.72                     10.59   7.13    13.27
  SINCE JAN 1     31.27                     25.34   5.93    28.63

SNOWFALL (IN)
  YESTERDAY        0.0           T    1989   0.0    0.0      0.0
  MONTH TO DATE    0.0                       0.0    0.0      0.0
  SINCE JUN 1      T                         0.0    0.0       T
  SINCE JUL 1      T                         0.0    0.0       T
  SNOW DEPTH       0

DEGREE DAYS
 HEATING
  YESTERDAY        0                         1     -1        2
  MONTH TO DATE   13                        23    -10       31
  SINCE JUN 1    114                       138    -24      101
  SINCE JUL 1     37                        47    -10       56

 COOLING
  YESTERDAY        0                         3     -3        0
  MONTH TO DATE   76                        88    -12       56
  SINCE JUN 1    245                       300    -55      264
  SINCE JAN 1    318                       323     -5      289
..................................................................


WIND (MPH)
  HIGHEST WIND SPEED    10   HIGHEST WIND DIRECTION     E (110)
  HIGHEST GUST SPEED    15   HIGHEST GUST DIRECTION     S (200)
  AVERAGE WIND SPEED     4.8


SKY COVER
  AVERAGE SKY COVER 0.4


WEATHER CONDITIONS
 THE FOLLOWING WEATHER WAS RECORDED YESTERDAY.
  NO SIGNIFICANT WEATHER WAS OBSERVED.


RELATIVE HUMIDITY (PERCENT)
 HIGHEST    87           100 AM
 LOWEST     57          1100 AM
 AVERAGE    72

..........................................................


THE BINGHAMTON NY CLIMATE NORMALS FOR TODAY
                         NORMAL    RECORD    YEAR
 MAXIMUM TEMPERATURE (F)   76        87      1954
 MINIMUM TEMPERATURE (F)   57        38      1971


SUNRISE AND SUNSET
AUGUST 24 2015........SUNRISE   621 AM EDT   SUNSET   751 PM EDT
AUGUST 25 2015........SUNRISE   622 AM EDT   SUNSET   750 PM EDT


-  INDICATES NEGATIVE NUMBERS.
R  INDICATES RECORD WAS SET OR TIED.
MM INDICATES DATA IS MISSING.
T  INDICATES TRACE AMOUNT.




$$
