000
CDUS41 KBGM 120533
CLIBGM


CLIMATE REPORT
NATIONAL WEATHER SERVICE BINGHAMTON NY
132 AM EDT WED APR 12 2017


...................................

...THE BINGHAMTON NY CLIMATE SUMMARY FOR APRIL 11 2017...

CLIMATE NORMAL PERIOD 1981 TO 2010
CLIMATE RECORD PERIOD 1951 TO 2017


WEATHER ITEM   OBSERVED TIME   RECORD YEAR NORMAL DEPARTURE LAST
                VALUE   (LST)  VALUE       VALUE  FROM      YEAR
                                                  NORMAL
..................................................................
TEMPERATURE (F)
 YESTERDAY
  MAXIMUM         78   1227 PM  79    1977  52     26       49
  MINIMUM         54    934 PM  16    1970  34     20       34
  AVERAGE         66                        43     23       42

PRECIPITATION (IN)
  YESTERDAY        0.02          0.71 1992   0.11  -0.09     0.24
  MONTH TO DATE    2.46                      1.29   1.17     1.97
  SINCE MAR 1      8.06                      4.28   3.78     3.37
  SINCE JAN 1     14.33                      9.04   5.29     8.68

SNOWFALL (IN)
  YESTERDAY        0.0           2.5  1993   0.2   -0.2      0.0
  MONTH TO DATE    2.1                       2.3   -0.2      9.2
  SINCE MAR 1     41.7                      17.4   24.3     10.2
  SINCE JUL 1    135.2                      81.3   53.9     31.9
  SNOW DEPTH       0

DEGREE DAYS
 HEATING
  YESTERDAY        0                        22    -22       23
  MONTH TO DATE  203                       263    -60      356
  SINCE MAR 1   1315                      1260     55     1127
  SINCE JUL 1   5928                      6459   -531     5485

 COOLING
  YESTERDAY        1                         0      1        0
  MONTH TO DATE    1                         0      1        0
  SINCE MAR 1      1                         0      1        0
  SINCE JAN 1      1                         0      1        0
..................................................................


WIND (MPH)
  HIGHEST WIND SPEED    23   HIGHEST WIND DIRECTION    NW (300)
  HIGHEST GUST SPEED    32   HIGHEST GUST DIRECTION    NW (300)
  AVERAGE WIND SPEED     7.9


SKY COVER
  AVERAGE SKY COVER 0.2


WEATHER CONDITIONS
 THE FOLLOWING WEATHER WAS RECORDED YESTERDAY.
  LIGHT RAIN


RELATIVE HUMIDITY (PERCENT)
 HIGHEST    83           700 PM
 LOWEST     31          1200 PM
 AVERAGE    57

..........................................................


THE BINGHAMTON NY CLIMATE NORMALS FOR TODAY
                         NORMAL    RECORD    YEAR
 MAXIMUM TEMPERATURE (F)   53        80      1977
 MINIMUM TEMPERATURE (F)   35        14      1976


SUNRISE AND SUNSET
APRIL 12 2017.........SUNRISE   628 AM EDT   SUNSET   742 PM EDT
APRIL 13 2017.........SUNRISE   626 AM EDT   SUNSET   743 PM EDT


-  INDICATES NEGATIVE NUMBERS.
R  INDICATES RECORD WAS SET OR TIED.
MM INDICATES DATA IS MISSING.
T  INDICATES TRACE AMOUNT.

$$
