000
CDUS41 KBGM 120627
CLIBGM


CLIMATE REPORT
NATIONAL WEATHER SERVICE BINGHAMTON NY
126 AM EST FRI DEC 12 2014


...................................

...THE BINGHAMTON NY CLIMATE SUMMARY FOR DECEMBER 11 2014...

CLIMATE NORMAL PERIOD 1981 TO 2010
CLIMATE RECORD PERIOD 1951 TO 2014


WEATHER ITEM   OBSERVED TIME   RECORD YEAR NORMAL DEPARTURE LAST
                VALUE   (LST)  VALUE       VALUE  FROM      YEAR
                                                  NORMAL
..................................................................
TEMPERATURE (F)
 YESTERDAY
  MAXIMUM         25    217 AM  60    1979  35    -10       25
  MINIMUM         21   1159 PM  -6    1988  23     -2       15
  AVERAGE         23                        29     -6       20

PRECIPITATION (IN)
  YESTERDAY        0.16          1.38 1952   0.10   0.06     0.01
  MONTH TO DATE    1.98                      1.13   0.85     0.67
  SINCE DEC 1      1.98                      1.13   0.85     0.67
  SINCE JAN 1     38.31                     37.60   0.71    40.18

SNOWFALL (IN)
  YESTERDAY        2.8           4.1  1992   0.6    2.2      0.4
  MONTH TO DATE   10.9                       5.6    5.3      4.5
  SINCE DEC 1     10.9                       5.6    5.3      4.5
  SINCE JUL 1     24.6                      12.4   12.2     12.7
  SNOW DEPTH       8

DEGREE DAYS
 HEATING
  YESTERDAY       42                        36      6       45
  MONTH TO DATE  403                       380     23      377
  SINCE DEC 1    403                       380     23      377
  SINCE JUL 1   1938                      1955    -17     1968

 COOLING
  YESTERDAY        0                         0      0        0
  MONTH TO DATE    0                         0      0        0
  SINCE DEC 1      0                         0      0        0
  SINCE JAN 1    341                       381    -40      480
..................................................................


WIND (MPH)
  HIGHEST WIND SPEED    15   HIGHEST WIND DIRECTION     W (270)
  HIGHEST GUST SPEED    20   HIGHEST GUST DIRECTION     W (270)
  AVERAGE WIND SPEED     8.8


SKY COVER
  AVERAGE SKY COVER 1.0


WEATHER CONDITIONS
 THE FOLLOWING WEATHER WAS RECORDED YESTERDAY.
  LIGHT SNOW
  FOG


RELATIVE HUMIDITY (PERCENT)
 HIGHEST   100          1200 AM
 LOWEST     74           400 PM
 AVERAGE    87

..........................................................


THE BINGHAMTON NY CLIMATE NORMALS FOR TODAY
                         NORMAL    RECORD    YEAR
 MAXIMUM TEMPERATURE (F)   34        58      1979
 MINIMUM TEMPERATURE (F)   22       -11      1988


SUNRISE AND SUNSET
DECEMBER 12 2014......SUNRISE   723 AM EST   SUNSET   432 PM EST
DECEMBER 13 2014......SUNRISE   724 AM EST   SUNSET   432 PM EST


-  INDICATES NEGATIVE NUMBERS.
R  INDICATES RECORD WAS SET OR TIED.
MM INDICATES DATA IS MISSING.
T  INDICATES TRACE AMOUNT.




$$
