000
CDUS41 KBGM 070608
CLIBGM


CLIMATE REPORT
NATIONAL WEATHER SERVICE BINGHAMTON NY
104 AM EST SUN JAN 7 2018


...................................

...THE BINGHAMTON NY CLIMATE SUMMARY FOR JANUARY 6 2018...

CLIMATE NORMAL PERIOD 1981 TO 2010
CLIMATE RECORD PERIOD 1951 TO 2018


WEATHER ITEM   OBSERVED TIME   RECORD YEAR NORMAL DEPARTURE LAST
                VALUE   (LST)  VALUE       VALUE  FROM      YEAR
                                                  NORMAL
..................................................................
TEMPERATURE (F)
 YESTERDAY
  MAXIMUM          1    220 PM  60    2007  29    -28       18
  MINIMUM         -5    835 AM  -7    1996  16    -21       10
  AVERAGE         -2                        22    -24       14

PRECIPITATION (IN)
  YESTERDAY        T             0.61 2005   0.08  -0.08      T
  MONTH TO DATE    0.10                      0.48  -0.38     0.64
  SINCE DEC 1      1.51                      3.31  -1.80     4.23
  SINCE JAN 1      0.10                      0.48  -0.38     0.64

SNOWFALL (IN)
  YESTERDAY        0.5           4.7  1994   0.7   -0.2      0.1
  MONTH TO DATE    3.3                       4.1   -0.8      0.6
  SINCE DEC 1     14.6                      21.9   -7.3     30.4
  SINCE JUL 1     16.4                      28.7  -12.3     59.0
  SNOW DEPTH       5

DEGREE DAYS
 HEATING
  YESTERDAY       67                        42     25       51
  MONTH TO DATE  354                       252    102      231
  SINCE DEC 1   1626                      1422    204     1407
  SINCE JUL 1   3024                      2997     27     2756

 COOLING
  YESTERDAY        0                         0      0        0
  MONTH TO DATE    0                         0      0        0
  SINCE DEC 1      0                         0      0        0
  SINCE JAN 1      0                         0      0        0
..................................................................


WIND (MPH)
  HIGHEST WIND SPEED    26   HIGHEST WIND DIRECTION    NW (300)
  HIGHEST GUST SPEED    38   HIGHEST GUST DIRECTION     W (290)
  AVERAGE WIND SPEED    15.2


SKY COVER
  AVERAGE SKY COVER 0.9


WEATHER CONDITIONS
 THE FOLLOWING WEATHER WAS RECORDED YESTERDAY.
  LIGHT SNOW
  FOG
  HAZE
  BLOWING SNOW


RELATIVE HUMIDITY (PERCENT)
 HIGHEST    79          1000 PM
 LOWEST     53           400 PM
 AVERAGE    66

..........................................................


THE BINGHAMTON NY CLIMATE NORMALS FOR TODAY
                         NORMAL    RECORD    YEAR
 MAXIMUM TEMPERATURE (F)   29        59      2008
 MINIMUM TEMPERATURE (F)   16        -8      2014


SUNRISE AND SUNSET
JANUARY  7 2018.......SUNRISE   732 AM EST   SUNSET   448 PM EST
JANUARY  8 2018.......SUNRISE   732 AM EST   SUNSET   449 PM EST


-  INDICATES NEGATIVE NUMBERS.
R  INDICATES RECORD WAS SET OR TIED.
MM INDICATES DATA IS MISSING.
T  INDICATES TRACE AMOUNT.




$$
