000
CDUS41 KBGM 170806
CLIBGM


CLIMATE REPORT
NATIONAL WEATHER SERVICE BINGHAMTON NY
305 AM EST MON NOV 17 2014


...................................

...THE BINGHAMTON NY CLIMATE SUMMARY FOR NOVEMBER 16 2014...

CLIMATE NORMAL PERIOD 1981 TO 2010
CLIMATE RECORD PERIOD 1951 TO 2014


WEATHER ITEM   OBSERVED TIME   RECORD YEAR NORMAL DEPARTURE LAST
                VALUE   (LST)  VALUE       VALUE  FROM      YEAR
                                                  NORMAL
..................................................................
TEMPERATURE (F)
 YESTERDAY
  MAXIMUM         36    152 PM  65    2005  45     -9       56
                                      1990
  MINIMUM         26    335 AM   9    1967  31     -5       37
  AVERAGE         31                        38     -7       47

PRECIPITATION (IN)
  YESTERDAY        0.00          2.35 2006   0.11  -0.11      T
  MONTH TO DATE    0.46                      1.73  -1.27     1.19
  SINCE SEP 1      5.66                      8.69  -3.03     6.91
  SINCE JAN 1     34.69                     34.90  -0.21    37.20

SNOWFALL (IN)
  YESTERDAY        0.0           1.8  2007   0.2   -0.2      0.0
                                      1999
  MONTH TO DATE    1.8                       2.1   -0.3      2.0
  SINCE SEP 1      1.8                       3.1   -1.3      2.0
  SINCE JUL 1      1.8                       3.1   -1.3      2.0
  SNOW DEPTH       0

DEGREE DAYS
 HEATING
  YESTERDAY       34                        27      7       18
  MONTH TO DATE  402                       387     15      412
  SINCE SEP 1    986                      1096   -110     1045
  SINCE JUL 1   1052                      1159   -107     1096

 COOLING
  YESTERDAY        0                         0      0        0
  MONTH TO DATE    0                         0      0        0
  SINCE SEP 1     39                        33      6       53
  SINCE JAN 1    341                       381    -40      480
..................................................................


WIND (MPH)
  HIGHEST WIND SPEED    15   HIGHEST WIND DIRECTION    SW (220)
  HIGHEST GUST SPEED    22   HIGHEST GUST DIRECTION    SW (220)
  AVERAGE WIND SPEED     7.1


SKY COVER
  AVERAGE SKY COVER 0.8


WEATHER CONDITIONS
 THE FOLLOWING WEATHER WAS RECORDED YESTERDAY.
  NO SIGNIFICANT WEATHER WAS OBSERVED.


RELATIVE HUMIDITY (PERCENT)
 HIGHEST    75           700 AM
 LOWEST     52          1200 PM
 AVERAGE    64

..........................................................


THE BINGHAMTON NY CLIMATE NORMALS FOR TODAY
                         NORMAL    RECORD    YEAR
 MAXIMUM TEMPERATURE (F)   45        62      1953
 MINIMUM TEMPERATURE (F)   31        12      1959


SUNRISE AND SUNSET
NOVEMBER 17 2014......SUNRISE   657 AM EST   SUNSET   441 PM EST
NOVEMBER 18 2014......SUNRISE   658 AM EST   SUNSET   440 PM EST


-  INDICATES NEGATIVE NUMBERS.
R  INDICATES RECORD WAS SET OR TIED.
MM INDICATES DATA IS MISSING.
T  INDICATES TRACE AMOUNT.




$$

HEDEN
