000
CDUS41 KBGM 070541
CLIBGM


CLIMATE REPORT
NATIONAL WEATHER SERVICE BINGHAMTON NY
1240 AM EST TUE MAR 7 2017


...................................

...THE BINGHAMTON NY CLIMATE SUMMARY FOR MARCH 6 2017...

CLIMATE NORMAL PERIOD 1981 TO 2010
CLIMATE RECORD PERIOD 1951 TO 2017


WEATHER ITEM   OBSERVED TIME   RECORD YEAR NORMAL DEPARTURE LAST
                VALUE   (LST)  VALUE       VALUE  FROM      YEAR
                                                  NORMAL
..................................................................
TEMPERATURE (F)
 YESTERDAY
  MAXIMUM         47    411 PM  60    2009  37     10       36
  MINIMUM         16    101 AM  -3    2015  21     -5       20
  AVERAGE         32                        29      3       28

PRECIPITATION (IN)
  YESTERDAY        T             1.25 2011   0.09  -0.09      T
  MONTH TO DATE    0.12                      0.51  -0.39     0.08
  SINCE MAR 1      0.12                      0.51  -0.39     0.08
  SINCE JAN 1      6.39                      5.27   1.12     5.39

SNOWFALL (IN)
  YESTERDAY        0.0           7.7  2011   0.6   -0.6      0.2
  MONTH TO DATE    1.6                       3.7   -2.1      0.6
  SINCE MAR 1      1.6                       3.7   -2.1      0.6
  SINCE JUL 1     95.1                      67.6   27.5     22.3
  SNOW DEPTH       T

DEGREE DAYS
 HEATING
  YESTERDAY       33                        36     -3       37
  MONTH TO DATE  228                       219      9      232
  SINCE MAR 1    228                       219      9      232
  SINCE JUL 1   4841                      5418   -577     4590

 COOLING
  YESTERDAY        0                         0      0        0
  MONTH TO DATE    0                         0      0        0
  SINCE MAR 1      0                         0      0        0
  SINCE JAN 1      0                         0      0        0
..................................................................


WIND (MPH)
  HIGHEST WIND SPEED    14   HIGHEST WIND DIRECTION     S (190)
  HIGHEST GUST SPEED    19   HIGHEST GUST DIRECTION     S (190)
  AVERAGE WIND SPEED     8.0


SKY COVER
  AVERAGE SKY COVER 0.8


WEATHER CONDITIONS
 THE FOLLOWING WEATHER WAS RECORDED YESTERDAY.
  LIGHT RAIN


RELATIVE HUMIDITY (PERCENT)
 HIGHEST    53          1100 PM
 LOWEST     26           200 PM
 AVERAGE    40

..........................................................


THE BINGHAMTON NY CLIMATE NORMALS FOR TODAY
                         NORMAL    RECORD    YEAR
 MAXIMUM TEMPERATURE (F)   38        62      1987
 MINIMUM TEMPERATURE (F)   22        -5      2003


SUNRISE AND SUNSET
MARCH  7 2017.........SUNRISE   629 AM EST   SUNSET   601 PM EST
MARCH  8 2017.........SUNRISE   627 AM EST   SUNSET   603 PM EST


-  INDICATES NEGATIVE NUMBERS.
R  INDICATES RECORD WAS SET OR TIED.
MM INDICATES DATA IS MISSING.
T  INDICATES TRACE AMOUNT.

$$
