000
CDUS41 KBGM 230218
CLIBGM


CLIMATE REPORT
NATIONAL WEATHER SERVICE BINGHAMTON NY
1018 PM EDT MON JUN 22 2015


...................................

...THE BINGHAMTON NY CLIMATE SUMMARY FOR JUNE 22 2015...
VALID AS OF 1000 PM LOCAL TIME.

CLIMATE NORMAL PERIOD 1981 TO 2010
CLIMATE RECORD PERIOD 1951 TO 2015


WEATHER ITEM   OBSERVED TIME   RECORD YEAR NORMAL DEPARTURE LAST
                VALUE   (LST)  VALUE       VALUE  FROM      YEAR
                                                  NORMAL
..................................................................
TEMPERATURE (F)
 TODAY
  MAXIMUM         79    243 PM  91    1988  75      4       76
  MINIMUM         59    415 AM  43    1992  57      2       53
  AVERAGE         69                        66      3       65

PRECIPITATION (IN)
  TODAY            0.00          1.47 1972   0.14  -0.14     0.00
  MONTH TO DATE    6.57                      3.18   3.39     2.41
  SINCE JUN 1      6.57                      3.18   3.39     2.41
  SINCE JAN 1     20.12                     17.93   2.19    17.77

SNOWFALL (IN)
  TODAY            0.0           T    2002   0.0    0.0      0.0
  MONTH TO DATE    0.0                       0.0    0.0      0.0
  SINCE JUN 1      0.0                       0.0    0.0      0.0
  SINCE JUL 1     93.4                      83.4   10.0     85.4
  SNOW DEPTH       0

DEGREE DAYS
 HEATING
  TODAY            0                         2     -2        0
  MONTH TO DATE   60                        79    -19       45
  SINCE JUN 1     60                        79    -19       45
  SINCE JUL 1   7518                      7183    335     7539

 COOLING
  TODAY            4                         3      1        0
  MONTH TO DATE   44                        47     -3       39
  SINCE JUN 1     44                        47     -3       39
  SINCE JAN 1    117                        70     47       64
..................................................................


WIND (MPH)
  HIGHEST WIND SPEED    14   HIGHEST WIND DIRECTION     W (270)
  HIGHEST GUST SPEED    18   HIGHEST GUST DIRECTION     W (290)
  AVERAGE WIND SPEED     5.6


SKY COVER
  AVERAGE SKY COVER 0.1


WEATHER CONDITIONS
 THE FOLLOWING WEATHER WAS RECORDED TODAY.
  NO SIGNIFICANT WEATHER WAS OBSERVED.


RELATIVE HUMIDITY (PERCENT)
 HIGHEST    90           600 AM
 LOWEST     45           300 PM
 AVERAGE    68

..........................................................


THE BINGHAMTON NY CLIMATE NORMALS FOR TOMORROW
                         NORMAL    RECORD    YEAR
 MAXIMUM TEMPERATURE (F)   76        89      1975
 MINIMUM TEMPERATURE (F)   57        39      1992


SUNRISE AND SUNSET
JUNE 22 2015..........SUNRISE   528 AM EDT   SUNSET   844 PM EDT
JUNE 23 2015..........SUNRISE   528 AM EDT   SUNSET   844 PM EDT


-  INDICATES NEGATIVE NUMBERS.
R  INDICATES RECORD WAS SET OR TIED.
MM INDICATES DATA IS MISSING.
T  INDICATES TRACE AMOUNT.




$$
