000
CDUS41 KBGM 110340
CLIBGM


CLIMATE REPORT
NATIONAL WEATHER SERVICE BINGHAMTON NY
1039 PM EST MON NOV 10 2014


...................................

...THE BINGHAMTON NY CLIMATE SUMMARY FOR NOVEMBER 10 2014...
VALID AS OF 1000 PM LOCAL TIME.

CLIMATE NORMAL PERIOD 1981 TO 2010
CLIMATE RECORD PERIOD 1951 TO 2014


WEATHER ITEM   OBSERVED TIME   RECORD YEAR NORMAL DEPARTURE LAST
                VALUE   (LST)  VALUE       VALUE  FROM      YEAR
                                                  NORMAL
..................................................................
TEMPERATURE (F)
 TODAY
  MAXIMUM         58    319 PM  65    1975  48     10       44
  MINIMUM         38   1203 AM  18    1956  33      5       37
  AVERAGE         48                        40      8       41

PRECIPITATION (IN)
  TODAY            0.00          1.46 1990   0.10  -0.10     0.13
  MONTH TO DATE    0.36                      1.10  -0.74     1.03
  SINCE SEP 1      5.56                      8.06  -2.50     6.75
  SINCE JAN 1     34.59                     34.27   0.32    37.04

SNOWFALL (IN)
  TODAY            0.0           3.8  1955   0.1   -0.1       T
  MONTH TO DATE    0.2                       1.1   -0.9       T
  SINCE SEP 1      0.2                       2.1   -1.9       T
  SINCE JUL 1      0.2                       2.1   -1.9       T
  SNOW DEPTH       0

DEGREE DAYS
 HEATING
  TODAY           17                        25     -8       24
  MONTH TO DATE  226                       232     -6      241
  SINCE SEP 1    810                       941   -131      874
  SINCE JUL 1    876                      1004   -128      925

 COOLING
  TODAY            0                         0      0        0
  MONTH TO DATE    0                         0      0        0
  SINCE SEP 1     39                        33      6       53
  SINCE JAN 1    341                       381    -40      480
..................................................................


WIND (MPH)
  HIGHEST WIND SPEED    15   HIGHEST WIND DIRECTION     S (170)
  HIGHEST GUST SPEED    23   HIGHEST GUST DIRECTION     S (160)
  AVERAGE WIND SPEED     7.7


SKY COVER
  AVERAGE SKY COVER 0.3


WEATHER CONDITIONS
 THE FOLLOWING WEATHER WAS RECORDED TODAY.
  NO SIGNIFICANT WEATHER WAS OBSERVED.


RELATIVE HUMIDITY (PERCENT)
 HIGHEST    70          1200 AM
 LOWEST     36           400 PM
 AVERAGE    53

..........................................................


THE BINGHAMTON NY CLIMATE NORMALS FOR TOMORROW
                         NORMAL    RECORD    YEAR
 MAXIMUM TEMPERATURE (F)   47        68      2012
 MINIMUM TEMPERATURE (F)   33        16      1956


SUNRISE AND SUNSET
NOVEMBER 10 2014......SUNRISE   648 AM EST   SUNSET   447 PM EST
NOVEMBER 11 2014......SUNRISE   649 AM EST   SUNSET   446 PM EST


-  INDICATES NEGATIVE NUMBERS.
R  INDICATES RECORD WAS SET OR TIED.
MM INDICATES DATA IS MISSING.
T  INDICATES TRACE AMOUNT.




$$
