000
CDUS41 KBGM 112123
CLIBGM


CLIMATE REPORT
NATIONAL WEATHER SERVICE BINGHAMTON NY
523 PM EDT SUN JUN 11 2017


...................................

...THE BINGHAMTON NY CLIMATE SUMMARY FOR JUNE 11 2017...
VALID AS OF 0500 PM LOCAL TIME.

CLIMATE NORMAL PERIOD 1981 TO 2010
CLIMATE RECORD PERIOD 1951 TO 2017


WEATHER ITEM   OBSERVED TIME   RECORD YEAR NORMAL DEPARTURE LAST
                VALUE   (LST)  VALUE       VALUE  FROM      YEAR
                                                  NORMAL
..................................................................
TEMPERATURE (F)
 TODAY
  MAXIMUM         84    358 PM  87    1973  73     11       83
                                      1959
  MINIMUM         64    533 AM  35    1972  54     10       46
  AVERAGE         74                        64     10       65

PRECIPITATION (IN)
  TODAY            0.00          1.16 2011   0.15  -0.15      T
  MONTH TO DATE    2.49                      1.55   0.94     1.76
  SINCE JUN 1      2.49                      1.55   0.94     1.76
  SINCE JAN 1     26.94                     16.30  10.64    14.15

SNOWFALL (IN)
  TODAY            0.0           0.0  2002   0.0    0.0      0.0
                                      2001
  MONTH TO DATE    0.0                       0.0    0.0      0.0
  SINCE JUN 1      0.0                       0.0    0.0      0.0
  SINCE JUL 1    135.2                      83.4   51.8     32.0
  SNOW DEPTH       0

DEGREE DAYS
 HEATING
  TODAY            0                         4     -4        0
  MONTH TO DATE   70                        51     19       42
  SINCE JUN 1     70                        51     19       42
  SINCE JUL 1   6586                      7155   -569     6171

 COOLING
  TODAY            9                         2      7        0
  MONTH TO DATE   12                        19     -7       10
  SINCE JUN 1     12                        19     -7       10
  SINCE JAN 1     33                        42     -9       56
..................................................................


WIND (MPH)
  HIGHEST WIND SPEED    20   HIGHEST WIND DIRECTION     W (260)
  HIGHEST GUST SPEED    24   HIGHEST GUST DIRECTION    SW (240)
  AVERAGE WIND SPEED    10.2


SKY COVER
  AVERAGE SKY COVER 0.0


WEATHER CONDITIONS
 THE FOLLOWING WEATHER WAS RECORDED TODAY.
  NO SIGNIFICANT WEATHER WAS OBSERVED.


RELATIVE HUMIDITY (PERCENT)
 HIGHEST    78           500 AM
 LOWEST     43           400 PM
 AVERAGE    61

..........................................................


THE BINGHAMTON NY CLIMATE NORMALS FOR TOMORROW
                         NORMAL    RECORD    YEAR
 MAXIMUM TEMPERATURE (F)   73        86      1973
                                             1969
 MINIMUM TEMPERATURE (F)   55        35      1979


SUNRISE AND SUNSET
JUNE 11 2017..........SUNRISE   527 AM EDT   SUNSET   840 PM EDT
JUNE 12 2017..........SUNRISE   527 AM EDT   SUNSET   841 PM EDT


-  INDICATES NEGATIVE NUMBERS.
R  INDICATES RECORD WAS SET OR TIED.
MM INDICATES DATA IS MISSING.
T  INDICATES TRACE AMOUNT.




$$
