000
CDUS41 KBGM 100227
CLIBGM


CLIMATE REPORT
NATIONAL WEATHER SERVICE BINGHAMTON NY
1027 PM EDT TUE MAY 9 2017


...................................

...THE BINGHAMTON NY CLIMATE SUMMARY FOR MAY 9 2017...
VALID AS OF 1000 PM LOCAL TIME.

CLIMATE NORMAL PERIOD 1981 TO 2010
CLIMATE RECORD PERIOD 1951 TO 2017


WEATHER ITEM   OBSERVED TIME   RECORD YEAR NORMAL DEPARTURE LAST
                VALUE   (LST)  VALUE       VALUE  FROM      YEAR
                                                  NORMAL
..................................................................
TEMPERATURE (F)
 TODAY
  MAXIMUM         51    503 PM  87    2000  64    -13       58
  MINIMUM         34    543 AM  27    1966  44    -10       39
  AVERAGE         43                        54    -11       49

PRECIPITATION (IN)
  TODAY            0.00          0.82 1968   0.11  -0.11     0.00
  MONTH TO DATE    2.98                      0.98   2.00     1.29
  SINCE MAR 1     14.19                      7.40   6.79     5.52
  SINCE JAN 1     20.46                     12.16   8.30    10.83

SNOWFALL (IN)
  TODAY            0.0           3.4  1966   0.0    0.0      0.0
  MONTH TO DATE    0.0                       0.1   -0.1      0.0
  SINCE MAR 1     41.7                      19.5   22.2     10.3
  SINCE JUL 1    135.2                      83.4   51.8     32.0
  SNOW DEPTH       0

DEGREE DAYS
 HEATING
  TODAY           22                        12     10       16
  MONTH TO DATE  159                       117     42      154
  SINCE MAR 1   1706                      1717    -11     1604
  SINCE JUL 1   6319                      6916   -597     5962

 COOLING
  TODAY            0                         0      0        0
  MONTH TO DATE    0                         0      0        0
  SINCE MAR 1      4                         4      0        0
  SINCE JAN 1      4                         4      0        0
..................................................................


WIND (MPH)
  HIGHEST WIND SPEED    13   HIGHEST WIND DIRECTION    NW (300)
  HIGHEST GUST SPEED    17   HIGHEST GUST DIRECTION    NW (300)
  AVERAGE WIND SPEED     5.0


SKY COVER
  AVERAGE SKY COVER 0.8


WEATHER CONDITIONS
 THE FOLLOWING WEATHER WAS RECORDED TODAY.
  NO SIGNIFICANT WEATHER WAS OBSERVED.


RELATIVE HUMIDITY (PERCENT)
 HIGHEST    82           500 AM
 LOWEST     41           500 PM
 AVERAGE    62

..........................................................


THE BINGHAMTON NY CLIMATE NORMALS FOR TOMORROW
                         NORMAL    RECORD    YEAR
 MAXIMUM TEMPERATURE (F)   64        84      2015
                                             1979
                                             1953
 MINIMUM TEMPERATURE (F)   44        25      1966


SUNRISE AND SUNSET
MAY  9 2017...........SUNRISE   549 AM EDT   SUNSET   812 PM EDT
MAY 10 2017...........SUNRISE   548 AM EDT   SUNSET   813 PM EDT


-  INDICATES NEGATIVE NUMBERS.
R  INDICATES RECORD WAS SET OR TIED.
MM INDICATES DATA IS MISSING.
T  INDICATES TRACE AMOUNT.




$$
