000
CDUS41 KBGM 120218
CLIBGM


CLIMATE REPORT
NATIONAL WEATHER SERVICE BINGHAMTON NY
1017 PM EDT SUN SEP 11 2016


...................................

...THE BINGHAMTON NY CLIMATE SUMMARY FOR SEPTEMBER 11 2016...
VALID AS OF 1000 PM LOCAL TIME.

CLIMATE NORMAL PERIOD 1981 TO 2010
CLIMATE RECORD PERIOD 1951 TO 2016


WEATHER ITEM   OBSERVED TIME   RECORD YEAR NORMAL DEPARTURE LAST
                VALUE   (LST)  VALUE       VALUE  FROM      YEAR
                                                  NORMAL
..................................................................
TEMPERATURE (F)
 TODAY
  MAXIMUM         75    156 AM  88    2013  70      5       76
  MINIMUM         55    859 PM  38    1995  53      2       55
  AVERAGE         65                        61      4       66

PRECIPITATION (IN)
  TODAY            0.01          2.15 1968   0.12  -0.11     0.00
  MONTH TO DATE    0.14                      1.28  -1.14     0.12
  SINCE SEP 1      0.14                      1.28  -1.14     0.12
  SINCE JAN 1     23.69                     27.49  -3.80    31.64

SNOWFALL (IN)
  TODAY            0.0           0.0  2002   0.0    0.0      0.0
                                      2001
                                      2000
  MONTH TO DATE    0.0                       0.0    0.0      0.0
  SINCE SEP 1      0.0                       0.0    0.0      0.0
  SINCE JUL 1      0.0                       0.0    0.0       T
  SNOW DEPTH       0

DEGREE DAYS
 HEATING
  TODAY            0                         5     -5        0
  MONTH TO DATE    8                        41    -33        2
  SINCE SEP 1      8                        41    -33        2
  SINCE JUL 1     17                       104    -87       51

 COOLING
  TODAY            0                         1     -1        1
  MONTH TO DATE   36                        18     18       85
  SINCE SEP 1     36                        18     18       85
  SINCE JAN 1    547                       366    181      427
..................................................................


WIND (MPH)
  HIGHEST WIND SPEED    22   HIGHEST WIND DIRECTION    NW (320)
  HIGHEST GUST SPEED    33   HIGHEST GUST DIRECTION    NW (330)
  AVERAGE WIND SPEED    11.7


SKY COVER
  AVERAGE SKY COVER 0.5


WEATHER CONDITIONS
 THE FOLLOWING WEATHER WAS RECORDED TODAY.
  LIGHT RAIN
  FOG


RELATIVE HUMIDITY (PERCENT)
 HIGHEST    90           800 AM
 LOWEST     39           300 PM
 AVERAGE    65

..........................................................


THE BINGHAMTON NY CLIMATE NORMALS FOR TOMORROW
                         NORMAL    RECORD    YEAR
 MAXIMUM TEMPERATURE (F)   70        85      1952
 MINIMUM TEMPERATURE (F)   52        37      1985


SUNRISE AND SUNSET
SEPTEMBER 11 2016.....SUNRISE   640 AM EDT   SUNSET   720 PM EDT
SEPTEMBER 12 2016.....SUNRISE   641 AM EDT   SUNSET   718 PM EDT


-  INDICATES NEGATIVE NUMBERS.
R  INDICATES RECORD WAS SET OR TIED.
MM INDICATES DATA IS MISSING.
T  INDICATES TRACE AMOUNT.




$$
