000
CDUS41 KBGM 020603
CLIBGM


CLIMATE REPORT
NATIONAL WEATHER SERVICE BINGHAMTON NY
103 AM EST TUE FEB 2 2016


...................................

...THE BINGHAMTON NY CLIMATE SUMMARY FOR FEBRUARY 1 2016...

CLIMATE NORMAL PERIOD 1981 TO 2010
CLIMATE RECORD PERIOD 1951 TO 2016


WEATHER ITEM   OBSERVED TIME   RECORD YEAR NORMAL DEPARTURE LAST
                VALUE   (LST)  VALUE       VALUE  FROM      YEAR
                                                  NORMAL
..................................................................
TEMPERATURE (F)
 YESTERDAY
  MAXIMUM         49    624 AM  58    1989  29     20       24
  MINIMUM         31   1159 PM -10    1961  16     15       11
  AVERAGE         40                        23     17       18

PRECIPITATION (IN)
  YESTERDAY        0.01          1.14 2008   0.08  -0.07     0.15
  MONTH TO DATE    0.01                      0.08  -0.07     0.15
  SINCE DEC 1      4.93                      5.36  -0.43     5.38
  SINCE JAN 1      1.32                      2.53  -1.21     2.08

SNOWFALL (IN)
  YESTERDAY        0.0           4.3  2011   0.6   -0.6      1.9
  MONTH TO DATE    0.0                       0.6   -0.6      1.9
  SINCE DEC 1     12.4                      40.6  -28.2     31.1
  SINCE JUL 1     13.5                      47.4  -33.9     44.8
  SNOW DEPTH       0

DEGREE DAYS
 HEATING
  YESTERDAY       25                        42    -17       47
  MONTH TO DATE   25                        42    -17       47
  SINCE DEC 1   2033                      2539   -506     2576
  SINCE JUL 1   3303                      4114   -811     4111

 COOLING
  YESTERDAY        0                         0      0        0
  MONTH TO DATE    0                         0      0        0
  SINCE DEC 1      0                         0      0        0
  SINCE JAN 1      0                         0      0        0
..................................................................


WIND (MPH)
  HIGHEST WIND SPEED    22   HIGHEST WIND DIRECTION    NW (300)
  HIGHEST GUST SPEED    33   HIGHEST GUST DIRECTION    NW (300)
  AVERAGE WIND SPEED     9.1


SKY COVER
  AVERAGE SKY COVER 0.4


WEATHER CONDITIONS
 THE FOLLOWING WEATHER WAS RECORDED YESTERDAY.
  LIGHT RAIN


RELATIVE HUMIDITY (PERCENT)
 HIGHEST    72          1100 PM
 LOWEST     50          1200 AM
 AVERAGE    61

..........................................................


THE BINGHAMTON NY CLIMATE NORMALS FOR TODAY
                         NORMAL    RECORD    YEAR
 MAXIMUM TEMPERATURE (F)   30        51      1973
 MINIMUM TEMPERATURE (F)   16       -15      1961


SUNRISE AND SUNSET
FEBRUARY  2 2016......SUNRISE   717 AM EST   SUNSET   519 PM EST
FEBRUARY  3 2016......SUNRISE   716 AM EST   SUNSET   520 PM EST


-  INDICATES NEGATIVE NUMBERS.
R  INDICATES RECORD WAS SET OR TIED.
MM INDICATES DATA IS MISSING.
T  INDICATES TRACE AMOUNT.




$$
