000
CDUS41 KBGM 102122
CLIBGM


CLIMATE REPORT
NATIONAL WEATHER SERVICE BINGHAMTON NY
521 PM EDT SUN JUL 10 2016


...................................

...THE BINGHAMTON NY CLIMATE SUMMARY FOR JULY 10 2016...
VALID TODAY AS OF 0500 PM LOCAL TIME.

CLIMATE NORMAL PERIOD 1981 TO 2010
CLIMATE RECORD PERIOD 1951 TO 2016


WEATHER ITEM   OBSERVED TIME   RECORD YEAR NORMAL DEPARTURE LAST
                VALUE   (LST)  VALUE       VALUE  FROM      YEAR
                                                  NORMAL
..................................................................
TEMPERATURE (F)
 TODAY
  MAXIMUM         68   1204 PM  94    1988  78    -10       76
  MINIMUM         60    559 AM  46    1953  60      0       56
  AVERAGE         64                        69     -5       66

PRECIPITATION (IN)
  TODAY            0.02          1.00 1985   0.13  -0.11      T
  MONTH TO DATE    0.29                      1.23  -0.94     1.46
  SINCE JUN 1      3.33                      5.54  -2.21    11.20
  SINCE JAN 1     15.72                     20.29  -4.57    24.75

SNOWFALL (IN)
  TODAY            0.0           0.0  2002   0.0    0.0      0.0
                                      2000
                                      2001
  MONTH TO DATE    0.0                       0.0    0.0      0.0
  SINCE JUN 1      0.0                       0.0    0.0      0.0
  SINCE JUL 1      0.0                       0.0    0.0      0.0
  SNOW DEPTH       0

DEGREE DAYS
 HEATING
  TODAY            1                         1      0        0
  MONTH TO DATE    3                        10     -7        9
  SINCE JUN 1     72                       101    -29       86
  SINCE JUL 1      3                        10     -7        9

 COOLING
  TODAY            0                         5     -5        1
  MONTH TO DATE   53                        41     12       16
  SINCE JUN 1    116                       115      1       66
  SINCE JAN 1    162                       138     24      139
..................................................................


WIND (MPH)
  HIGHEST WIND SPEED    18   HIGHEST WIND DIRECTION     N (340)
  HIGHEST GUST SPEED    24   HIGHEST GUST DIRECTION    NW (330)
  AVERAGE WIND SPEED    12.7


SKY COVER
  AVERAGE SKY COVER 0.4


WEATHER CONDITIONS
 THE FOLLOWING WEATHER WAS RECORDED TODAY.
  LIGHT RAIN
  FOG


RELATIVE HUMIDITY (PERCENT)
 HIGHEST    84           400 PM
 LOWEST     78           100 PM
 AVERAGE    81

..........................................................


THE BINGHAMTON NY CLIMATE NORMALS FOR TOMORROW
                         NORMAL    RECORD    YEAR
 MAXIMUM TEMPERATURE (F)   78        88      1988
                                             1987
                                             1972
 MINIMUM TEMPERATURE (F)   60        49      1996


SUNRISE AND SUNSET
JULY 10 2016..........SUNRISE   537 AM EDT   SUNSET   841 PM EDT
JULY 11 2016..........SUNRISE   538 AM EDT   SUNSET   840 PM EDT


-  INDICATES NEGATIVE NUMBERS.
R  INDICATES RECORD WAS SET OR TIED.
MM INDICATES DATA IS MISSING.
T  INDICATES TRACE AMOUNT.

$$
