000
CDUS41 KBGM 090617
CLIBGM


CLIMATE REPORT
NATIONAL WEATHER SERVICE BINGHAMTON NY
217 AM EDT SAT SEP 9 2017


...................................

...THE BINGHAMTON NY CLIMATE SUMMARY FOR SEPTEMBER 8 2017...

CLIMATE NORMAL PERIOD 1981 TO 2010
CLIMATE RECORD PERIOD 1951 TO 2017


WEATHER ITEM   OBSERVED TIME   RECORD YEAR NORMAL DEPARTURE LAST
                VALUE   (LST)  VALUE       VALUE  FROM      YEAR
                                                  NORMAL
..................................................................
TEMPERATURE (F)
 YESTERDAY
  MAXIMUM         62    118 PM  88    2015  71     -9       86
                                      2002
                                      1964
  MINIMUM         48   1159 PM  40    1952  54     -6       65
  AVERAGE         55                        62     -7       76

PRECIPITATION (IN)
  YESTERDAY        0.02          2.04 2004   0.12  -0.10     0.08
  MONTH TO DATE    0.94                      0.92   0.02     0.09
  SINCE SEP 1      0.94                      0.92   0.02     0.09
  SINCE JAN 1     40.68                     27.13  13.55    23.64

SNOWFALL (IN)
  YESTERDAY        0.0           0.0  2002   0.0    0.0      0.0
                                      2001
                                      2000
  MONTH TO DATE    0.0                       0.0    0.0      0.0
  SINCE SEP 1      0.0                       0.0    0.0      0.0
  SINCE JUL 1      0.0                       0.0    0.0      0.0
  SNOW DEPTH       0

DEGREE DAYS
 HEATING
  YESTERDAY       10                         4      6        0
  MONTH TO DATE   72                        27     45        8
  SINCE SEP 1     72                        27     45        8
  SINCE JUL 1    153                        90     63       17

 COOLING
  YESTERDAY        0                         1     -1       11
  MONTH TO DATE    0                        15    -15       21
  SINCE SEP 1      0                        15    -15       21
  SINCE JAN 1    271                       363    -92      532
..................................................................


WIND (MPH)
  HIGHEST WIND SPEED    16   HIGHEST WIND DIRECTION     N (340)
  HIGHEST GUST SPEED    22   HIGHEST GUST DIRECTION     N (340)
  AVERAGE WIND SPEED     6.7


SKY COVER
  AVERAGE SKY COVER 0.7


WEATHER CONDITIONS
 THE FOLLOWING WEATHER WAS RECORDED YESTERDAY.
  LIGHT RAIN
  FOG


RELATIVE HUMIDITY (PERCENT)
 HIGHEST   100           500 AM
 LOWEST     60           200 PM
 AVERAGE    80

..........................................................


THE BINGHAMTON NY CLIMATE NORMALS FOR TODAY
                         NORMAL    RECORD    YEAR
 MAXIMUM TEMPERATURE (F)   71        90      1959
 MINIMUM TEMPERATURE (F)   53        38      1979


SUNRISE AND SUNSET
SEPTEMBER  9 2017.....SUNRISE   638 AM EDT   SUNSET   724 PM EDT
SEPTEMBER 10 2017.....SUNRISE   639 AM EDT   SUNSET   722 PM EDT


-  INDICATES NEGATIVE NUMBERS.
R  INDICATES RECORD WAS SET OR TIED.
MM INDICATES DATA IS MISSING.
T  INDICATES TRACE AMOUNT.




$$
