000
CDUS41 KBGM 020324
CLIBGM


CLIMATE REPORT
NATIONAL WEATHER SERVICE BINGHAMTON NY
1024 PM EST THU FEB 1 2018


...................................

...THE BINGHAMTON NY CLIMATE SUMMARY FOR FEBRUARY 1 2018...
VALID AS OF 1000 PM LOCAL TIME.

CLIMATE NORMAL PERIOD 1981 TO 2010
CLIMATE RECORD PERIOD 1951 TO 2018


WEATHER ITEM   OBSERVED TIME   RECORD YEAR NORMAL DEPARTURE LAST
                VALUE   (LST)  VALUE       VALUE  FROM      YEAR
                                                  NORMAL
..................................................................
TEMPERATURE (F)
 TODAY
  MAXIMUM         40    403 PM  58    1989  29     11       35
  MINIMUM         24   1239 AM -10    1961  16      8       22
  AVERAGE         32                        23      9       29

PRECIPITATION (IN)
  TODAY            0.08          1.14 2008   0.08   0.00     0.01
  MONTH TO DATE    0.08                      0.08   0.00     0.01
  SINCE DEC 1      4.29                      5.36  -1.07     7.39
  SINCE JAN 1      2.88                      2.53   0.35     3.80

SNOWFALL (IN)
  TODAY            0.8           4.3  2011   0.6    0.2      0.1
  MONTH TO DATE    0.8                       0.6    0.2      0.1
  SINCE DEC 1     27.0                      40.6  -13.6     41.9
  SINCE JUL 1     28.8                      47.4  -18.6     70.5
  SNOW DEPTH       1

DEGREE DAYS
 HEATING
  TODAY           33                        42     -9       36
  MONTH TO DATE   33                        42     -9       36
  SINCE DEC 1   2655                      2539    116     2369
  SINCE JUL 1   4053                      4114    -61     3718

 COOLING
  TODAY            0                         0      0        0
  MONTH TO DATE    0                         0      0        0
  SINCE DEC 1      0                         0      0        0
  SINCE JAN 1      0                         0      0        0
..................................................................


WIND (MPH)
  HIGHEST WIND SPEED    18   HIGHEST WIND DIRECTION    NW (320)
  HIGHEST GUST SPEED    26   HIGHEST GUST DIRECTION    NW (330)
  AVERAGE WIND SPEED     9.9


SKY COVER
  AVERAGE SKY COVER 1.0


WEATHER CONDITIONS
 THE FOLLOWING WEATHER WAS RECORDED TODAY.
  LIGHT RAIN
  SNOW
  LIGHT SNOW
  FOG


RELATIVE HUMIDITY (PERCENT)
 HIGHEST    70           700 PM
 LOWEST     54          1000 AM
 AVERAGE    62

..........................................................


THE BINGHAMTON NY CLIMATE NORMALS FOR TOMORROW
                         NORMAL    RECORD    YEAR
 MAXIMUM TEMPERATURE (F)   30        51      1973
 MINIMUM TEMPERATURE (F)   16       -15      1961


SUNRISE AND SUNSET
FEBRUARY  1 2018......SUNRISE   717 AM EST   SUNSET   518 PM EST
FEBRUARY  2 2018......SUNRISE   716 AM EST   SUNSET   520 PM EST


-  INDICATES NEGATIVE NUMBERS.
R  INDICATES RECORD WAS SET OR TIED.
MM INDICATES DATA IS MISSING.
T  INDICATES TRACE AMOUNT.




$$
