000
CDUS41 KBGM 032218
CLIBGM


CLIMATE REPORT
NATIONAL WEATHER SERVICE BINGHAMTON NY
518 PM EST FRI FEB 3 2017


...................................

...THE BINGHAMTON NY CLIMATE SUMMARY FOR FEBRUARY 3 2017...
VALID TODAY AS OF 0500 PM LOCAL TIME.

CLIMATE NORMAL PERIOD 1981 TO 2010
CLIMATE RECORD PERIOD 1951 TO 2017


WEATHER ITEM   OBSERVED TIME   RECORD YEAR NORMAL DEPARTURE LAST
                VALUE   (LST)  VALUE       VALUE  FROM      YEAR
                                                  NORMAL
..................................................................
TEMPERATURE (F)
 TODAY
  MAXIMUM         20    402 PM  53    1991  30    -10       52
  MINIMUM         15    828 AM -12    1955  16     -1       37
  AVERAGE         18                        23     -5       45

PRECIPITATION (IN)
  TODAY            T             0.94 1983   0.08  -0.08     0.77
  MONTH TO DATE    0.07                      0.24  -0.17     0.78
  SINCE DEC 1      7.45                      5.52   1.93     5.70
  SINCE JAN 1      3.86                      2.69   1.17     2.09

SNOWFALL (IN)
  TODAY            T             5.7  2004   0.6   -0.6      0.0
  MONTH TO DATE    2.0                       1.9    0.1      0.0
  SINCE DEC 1     43.8                      41.9    1.9     12.4
  SINCE JUL 1     72.4                      48.7   23.7     13.5
  SNOW DEPTH       6

DEGREE DAYS
 HEATING
  TODAY           47                        42      5       20
  MONTH TO DATE  126                       126      0       76
  SINCE DEC 1   2459                      2623   -164     2084
  SINCE JUL 1   3808                      4198   -390     3354

 COOLING
  TODAY            0                         0      0        0
  MONTH TO DATE    0                         0      0        0
  SINCE DEC 1      0                         0      0        0
  SINCE JAN 1      0                         0      0        0
..................................................................


WIND (MPH)
  HIGHEST WIND SPEED    18   HIGHEST WIND DIRECTION     W (260)
  HIGHEST GUST SPEED    22   HIGHEST GUST DIRECTION     W (270)
  AVERAGE WIND SPEED     7.8


SKY COVER
  AVERAGE SKY COVER 1.0


WEATHER CONDITIONS
 THE FOLLOWING WEATHER WAS RECORDED TODAY.
  LIGHT SNOW
  HAZE


RELATIVE HUMIDITY (PERCENT)
 HIGHEST    80           200 PM
 LOWEST     56           400 PM
 AVERAGE    68

..........................................................


THE BINGHAMTON NY CLIMATE NORMALS FOR TOMORROW
                         NORMAL    RECORD    YEAR
 MAXIMUM TEMPERATURE (F)   30        55      1991
 MINIMUM TEMPERATURE (F)   16        -4      1996


SUNRISE AND SUNSET
FEBRUARY  3 2017......SUNRISE   715 AM EST   SUNSET   521 PM EST
FEBRUARY  4 2017......SUNRISE   714 AM EST   SUNSET   523 PM EST


-  INDICATES NEGATIVE NUMBERS.
R  INDICATES RECORD WAS SET OR TIED.
MM INDICATES DATA IS MISSING.
T  INDICATES TRACE AMOUNT.

$$
