000
CDUS41 KBGM 090546
CLIBGM


CLIMATE REPORT
NATIONAL WEATHER SERVICE BINGHAMTON NY
145 AM EDT SUN JUL 9 2017


...................................

...THE BINGHAMTON NY CLIMATE SUMMARY FOR JULY 8 2017...

CLIMATE NORMAL PERIOD 1981 TO 2010
CLIMATE RECORD PERIOD 1951 TO 2017


WEATHER ITEM   OBSERVED TIME   RECORD YEAR NORMAL DEPARTURE LAST
                VALUE   (LST)  VALUE       VALUE  FROM      YEAR
                                                  NORMAL
..................................................................
TEMPERATURE (F)
 YESTERDAY
  MAXIMUM         74    333 PM  95    1988  78     -4       85
  MINIMUM         55   1128 PM  45    1963  59     -4       64
  AVERAGE         65                        68     -3       75

PRECIPITATION (IN)
  YESTERDAY        0.04          1.23 1998   0.13  -0.09     0.16
  MONTH TO DATE    1.27                      0.98   0.29     0.26
  SINCE JUN 1      7.01                      5.29   1.72     3.30
  SINCE JAN 1     31.46                     20.04  11.42    15.69

SNOWFALL (IN)
  YESTERDAY        0.0           0.0  2002   0.0    0.0      0.0
                                      2000
                                      2001
  MONTH TO DATE    0.0                       0.0    0.0      0.0
  SINCE JUN 1      T                         0.0    0.0      0.0
  SINCE JUL 1      0.0                       0.0    0.0      0.0
  SNOW DEPTH       0

DEGREE DAYS
 HEATING
  YESTERDAY        0                         1     -1        0
  MONTH TO DATE    0                         8     -8        2
  SINCE JUN 1     95                        99     -4       71
  SINCE JUL 1      0                         8     -8        2

 COOLING
  YESTERDAY        0                         4     -4       10
  MONTH TO DATE   26                        32     -6       45
  SINCE JUN 1     99                       106     -7      108
  SINCE JAN 1    120                       129     -9      154
..................................................................


WIND (MPH)
  HIGHEST WIND SPEED    26   HIGHEST WIND DIRECTION    SW (240)
  HIGHEST GUST SPEED    38   HIGHEST GUST DIRECTION     W (250)
  AVERAGE WIND SPEED     8.2


SKY COVER
  AVERAGE SKY COVER 0.6


WEATHER CONDITIONS
 THE FOLLOWING WEATHER WAS RECORDED YESTERDAY.
  THUNDERSTORM
  RAIN
  LIGHT RAIN
  FOG


RELATIVE HUMIDITY (PERCENT)
 HIGHEST   100           500 AM
 LOWEST     53           500 PM
 AVERAGE    77

..........................................................


THE BINGHAMTON NY CLIMATE NORMALS FOR TODAY
                         NORMAL    RECORD    YEAR
 MAXIMUM TEMPERATURE (F)   78        95      1988
 MINIMUM TEMPERATURE (F)   60        39      1963


SUNRISE AND SUNSET
JULY  9 2017..........SUNRISE   537 AM EDT   SUNSET   842 PM EDT
JULY 10 2017..........SUNRISE   537 AM EDT   SUNSET   841 PM EDT


-  INDICATES NEGATIVE NUMBERS.
R  INDICATES RECORD WAS SET OR TIED.
MM INDICATES DATA IS MISSING.
T  INDICATES TRACE AMOUNT.




$$
