000
CDUS41 KBGM 150557
CLIBGM


CLIMATE REPORT
NATIONAL WEATHER SERVICE BINGHAMTON NY
1257 AM EST SUN JAN 15 2017


...................................

...THE BINGHAMTON NY CLIMATE SUMMARY FOR JANUARY 14 2017...

CLIMATE NORMAL PERIOD 1981 TO 2010
CLIMATE RECORD PERIOD 1951 TO 2017


WEATHER ITEM   OBSERVED TIME   RECORD YEAR NORMAL DEPARTURE LAST
                VALUE   (LST)  VALUE       VALUE  FROM      YEAR
                                                  NORMAL
..................................................................
TEMPERATURE (F)
 YESTERDAY
  MAXIMUM         25    831 PM  62    1995  28     -3       27
  MINIMUM         16    751 AM -12    1957  16      0       11
  AVERAGE         21                        22     -1       19

PRECIPITATION (IN)
  YESTERDAY        0.00          1.20 1958   0.08  -0.08     0.09
  MONTH TO DATE    1.65                      1.12   0.53     0.97
  SINCE DEC 1      5.24                      3.95   1.29     4.58
  SINCE JAN 1      1.65                      1.12   0.53     0.97

SNOWFALL (IN)
  YESTERDAY        0.0           9.7  1999   0.8   -0.8      1.6
  MONTH TO DATE    1.0                      10.1   -9.1      5.4
  SINCE DEC 1     30.8                      27.9    2.9      7.6
  SINCE JUL 1     59.4                      34.7   24.7      8.7
  SNOW DEPTH       0

DEGREE DAYS
 HEATING
  YESTERDAY       44                        43      1       46
  MONTH TO DATE  570                       596    -26      579
  SINCE DEC 1   1746                      1766    -20     1334
  SINCE JUL 1   3095                      3341   -246     2604

 COOLING
  YESTERDAY        0                         0      0        0
  MONTH TO DATE    0                         0      0        0
  SINCE DEC 1      0                         0      0        0
  SINCE JAN 1      0                         0      0        0
..................................................................


WIND (MPH)
  HIGHEST WIND SPEED    10   HIGHEST WIND DIRECTION    SW (230)
  HIGHEST GUST SPEED    14   HIGHEST GUST DIRECTION    SW (230)
  AVERAGE WIND SPEED     5.1


SKY COVER
  AVERAGE SKY COVER 0.8


WEATHER CONDITIONS
 THE FOLLOWING WEATHER WAS RECORDED YESTERDAY.
  FOG


RELATIVE HUMIDITY (PERCENT)
 HIGHEST    96          1000 PM
 LOWEST     62           200 PM
 AVERAGE    79

..........................................................


THE BINGHAMTON NY CLIMATE NORMALS FOR TODAY
                         NORMAL    RECORD    YEAR
 MAXIMUM TEMPERATURE (F)   28        59      1995
 MINIMUM TEMPERATURE (F)   15       -20      1957


SUNRISE AND SUNSET
JANUARY 15 2017.......SUNRISE   730 AM EST   SUNSET   457 PM EST
JANUARY 16 2017.......SUNRISE   729 AM EST   SUNSET   459 PM EST


-  INDICATES NEGATIVE NUMBERS.
R  INDICATES RECORD WAS SET OR TIED.
MM INDICATES DATA IS MISSING.
T  INDICATES TRACE AMOUNT.




$$
