000
CDUS41 KBGM 210550
CLIBGM


CLIMATE REPORT
NATIONAL WEATHER SERVICE BINGHAMTON NY
148 AM EDT TUE JUL 21 2015


...................................

...THE BINGHAMTON NY CLIMATE SUMMARY FOR JULY 20 2015...

CLIMATE NORMAL PERIOD 1981 TO 2010
CLIMATE RECORD PERIOD 1951 TO 2015


WEATHER ITEM   OBSERVED TIME   RECORD YEAR NORMAL DEPARTURE LAST
                VALUE   (LST)  VALUE       VALUE  FROM      YEAR
                                                  NORMAL
..................................................................
TEMPERATURE (F)
 YESTERDAY
  MAXIMUM         81    406 PM  93    1991  78      3       75
  MINIMUM         66    453 AM  47    1965  60      6       61
  AVERAGE         74                        69      5       68

PRECIPITATION (IN)
  YESTERDAY        T             1.59 2008   0.12  -0.12     0.01
  MONTH TO DATE    3.84                      2.41   1.43     3.00
  SINCE JUN 1     13.58                      6.72   6.86     7.37
  SINCE JAN 1     27.13                     21.47   5.66    22.73

SNOWFALL (IN)
  YESTERDAY        0.0           0.0  2002   0.0    0.0      0.0
                                      2000
                                      2001
  MONTH TO DATE    0.0                       0.0    0.0      0.0
  SINCE JUN 1      0.0                       0.0    0.0      0.0
  SINCE JUL 1      0.0                       0.0    0.0      0.0
  SNOW DEPTH       0

DEGREE DAYS
 HEATING
  YESTERDAY        0                         1     -1        0
  MONTH TO DATE   20                        20      0        8
  SINCE JUN 1     97                       111    -14       53
  SINCE JUL 1     20                        20      0        8

 COOLING
  YESTERDAY        9                         5      4        3
  MONTH TO DATE   64                        91    -27       88
  SINCE JUN 1    114                       165    -51      173
  SINCE JAN 1    187                       188     -1      198
..................................................................


WIND (MPH)
  HIGHEST WIND SPEED    13   HIGHEST WIND DIRECTION     W (270)
  HIGHEST GUST SPEED    18   HIGHEST GUST DIRECTION     W (270)
  AVERAGE WIND SPEED     5.7


SKY COVER
  AVERAGE SKY COVER 0.2


WEATHER CONDITIONS
 THE FOLLOWING WEATHER WAS RECORDED YESTERDAY.
  LIGHT RAIN


RELATIVE HUMIDITY (PERCENT)
 HIGHEST    97           100 AM
 LOWEST     48           500 PM
 AVERAGE    73

..........................................................


THE BINGHAMTON NY CLIMATE NORMALS FOR TODAY
                         NORMAL    RECORD    YEAR
 MAXIMUM TEMPERATURE (F)   78        95      2011
 MINIMUM TEMPERATURE (F)   60        44      1965


SUNRISE AND SUNSET
JULY 21 2015..........SUNRISE   546 AM EDT   SUNSET   834 PM EDT
JULY 22 2015..........SUNRISE   547 AM EDT   SUNSET   833 PM EDT


-  INDICATES NEGATIVE NUMBERS.
R  INDICATES RECORD WAS SET OR TIED.
MM INDICATES DATA IS MISSING.
T  INDICATES TRACE AMOUNT.

$$
