000
CDUS41 KBGM 172120
CLIBGM


CLIMATE REPORT
NATIONAL WEATHER SERVICE BINGHAMTON NY
520 PM EDT THU APR 17 2014


...................................

...THE BINGHAMTON NY CLIMATE SUMMARY FOR APRIL 17 2014...
VALID TODAY AS OF 0500 PM LOCAL TIME.

CLIMATE NORMAL PERIOD 1981 TO 2010
CLIMATE RECORD PERIOD 1951 TO 2014


WEATHER ITEM   OBSERVED TIME   RECORD YEAR NORMAL DEPARTURE LAST
                VALUE   (LST)  VALUE       VALUE  FROM      YEAR
                                                  NORMAL
..................................................................
TEMPERATURE (F)
 TODAY
  MAXIMUM         51    337 PM  86    2002  55     -4       58
  MINIMUM         24    547 AM  22    1980  37    -13       36
  AVERAGE         38                        46     -8       47

PRECIPITATION (IN)
  TODAY            0.00          0.79 1982   0.12  -0.12     0.00
  MONTH TO DATE    1.67                      2.00  -0.33     2.43
  SINCE MAR 1      4.35                      4.99  -0.64     4.33
  SINCE JAN 1     10.04                      9.75   0.29     8.88

SNOWFALL (IN)
  TODAY            0.0           3.0  1965   0.2   -0.2      0.0
  MONTH TO DATE    1.0                       3.2   -2.2      0.9
  SINCE MAR 1      2.9                      18.3  -15.4     15.3
  SINCE JUL 1     85.4                      82.2    3.2     69.1
  SNOW DEPTH       0

DEGREE DAYS
 HEATING
  TODAY           27                        19      8       18
  MONTH TO DATE  354                       385    -31      395
  SINCE MAR 1   1554                      1382    172     1466
  SINCE JUL 1   7025                      6581    444     6350

 COOLING
  TODAY            0                         0      0        0
  MONTH TO DATE    2                         0      2        0
  SINCE MAR 1      2                         0      2        0
  SINCE JAN 1      2                         0      2        0
..................................................................


WIND (MPH)
  HIGHEST WIND SPEED    20   HIGHEST WIND DIRECTION    SE (150)
  HIGHEST GUST SPEED    26   HIGHEST GUST DIRECTION    SE (150)
  AVERAGE WIND SPEED    10.0


SKY COVER
  AVERAGE SKY COVER 0.0


WEATHER CONDITIONS
 THE FOLLOWING WEATHER WAS RECORDED TODAY.
  NO SIGNIFICANT WEATHER WAS OBSERVED.


RELATIVE HUMIDITY (PERCENT)
 HIGHEST    68           600 AM
 LOWEST     27           400 PM
 AVERAGE    48

..........................................................


THE BINGHAMTON NY CLIMATE NORMALS FOR TOMORROW
                         NORMAL    RECORD    YEAR
 MAXIMUM TEMPERATURE (F)   55        85      1976
 MINIMUM TEMPERATURE (F)   37        25      2001


SUNRISE AND SUNSET
APRIL 17 2014.........SUNRISE   620 AM EDT   SUNSET   748 PM EDT
APRIL 18 2014.........SUNRISE   619 AM EDT   SUNSET   749 PM EDT


-  INDICATES NEGATIVE NUMBERS.
R  INDICATES RECORD WAS SET OR TIED.
MM INDICATES DATA IS MISSING.
T  INDICATES TRACE AMOUNT.




$$
