000
CDUS41 KBGM 161237
CLIBGM


CLIMATE REPORT
NATIONAL WEATHER SERVICE BINGHAMTON NY
735 AM EST MON JAN 16 2017


...................................

...THE BINGHAMTON NY CLIMATE SUMMARY FOR JANUARY 15 2017...

CLIMATE NORMAL PERIOD 1981 TO 2010
CLIMATE RECORD PERIOD 1951 TO 2017


WEATHER ITEM   OBSERVED TIME   RECORD YEAR NORMAL DEPARTURE LAST
                VALUE   (LST)  VALUE       VALUE  FROM      YEAR
                                                  NORMAL
..................................................................
TEMPERATURE (F)
 YESTERDAY
  MAXIMUM         26    330 PM  59    1995  28     -2       44
  MINIMUM         19    431 AM -20    1957  15      4       24
  AVERAGE         23                        22      1       34

PRECIPITATION (IN)
  YESTERDAY        0.01          1.05 1983   0.07  -0.06     0.00
  MONTH TO DATE    1.66                      1.19   0.47     0.97
  SINCE DEC 1      5.25                      4.02   1.23     4.58
  SINCE JAN 1      1.66                      1.19   0.47     0.97

SNOWFALL (IN)
  YESTERDAY        0.1          16.1  1983   0.8   -0.7      0.0
  MONTH TO DATE    1.1                      10.9   -9.8      5.4
  SINCE DEC 1     30.9                      28.7    2.2      7.6
  SINCE JUL 1     59.5                      35.5   24.0      8.7
  SNOW DEPTH       0

DEGREE DAYS
 HEATING
  YESTERDAY       42                        43     -1       31
  MONTH TO DATE  612                       639    -27      610
  SINCE DEC 1   1788                      1809    -21     1365
  SINCE JUL 1   3137                      3384   -247     2635

 COOLING
  YESTERDAY        0                         0      0        0
  MONTH TO DATE    0                         0      0        0
  SINCE DEC 1      0                         0      0        0
  SINCE JAN 1      0                         0      0        0
..................................................................


WIND (MPH)
  HIGHEST WIND SPEED    13   HIGHEST WIND DIRECTION    NW (330)
  HIGHEST GUST SPEED    18   HIGHEST GUST DIRECTION    NW (320)
  AVERAGE WIND SPEED     5.2


SKY COVER
  AVERAGE SKY COVER 0.6


WEATHER CONDITIONS
 THE FOLLOWING WEATHER WAS RECORDED YESTERDAY.
  LIGHT SNOW
  FOG
  HAZE


RELATIVE HUMIDITY (PERCENT)
 HIGHEST   100           100 AM
 LOWEST     68           700 PM
 AVERAGE    84

..........................................................


THE BINGHAMTON NY CLIMATE NORMALS FOR TODAY
                         NORMAL    RECORD    YEAR
 MAXIMUM TEMPERATURE (F)   28        58      1995
 MINIMUM TEMPERATURE (F)   15       -13      1994


SUNRISE AND SUNSET
JANUARY 16 2017.......SUNRISE   729 AM EST   SUNSET   459 PM EST
JANUARY 17 2017.......SUNRISE   729 AM EST   SUNSET   500 PM EST


-  INDICATES NEGATIVE NUMBERS.
R  INDICATES RECORD WAS SET OR TIED.
MM INDICATES DATA IS MISSING.
T  INDICATES TRACE AMOUNT.

$$
