000
CDUS41 KBGM 210642
CLIBGM


CLIMATE REPORT
NATIONAL WEATHER SERVICE BINGHAMTON NY
142 AM EST TUE NOV 21 2017


...................................

...THE BINGHAMTON NY CLIMATE SUMMARY FOR NOVEMBER 20 2017...

CLIMATE NORMAL PERIOD 1981 TO 2010
CLIMATE RECORD PERIOD 1951 TO 2017


WEATHER ITEM   OBSERVED TIME   RECORD YEAR NORMAL DEPARTURE LAST
                VALUE   (LST)  VALUE       VALUE  FROM      YEAR
                                                  NORMAL
..................................................................
TEMPERATURE (F)
 YESTERDAY
  MAXIMUM         37    415 PM  73    1991  43     -6       31
  MINIMUM         27    831 AM  10    1986  30     -3       24
  AVERAGE         32                        37     -5       28

PRECIPITATION (IN)
  YESTERDAY        T             0.90 1986   0.11  -0.11     0.39
  MONTH TO DATE    1.55                      2.19  -0.64     1.04
  SINCE SEP 1      6.94                      9.15  -2.21     7.90
  SINCE JAN 1     46.68                     35.36  11.32    31.45

SNOWFALL (IN)
  YESTERDAY        T            10.2  2016   0.2   -0.2     10.2
  MONTH TO DATE    1.8                       2.8   -1.0     14.2
  SINCE SEP 1      1.8                       3.8   -2.0     15.2
  SINCE JUL 1      1.8                       3.8   -2.0     15.2
  SNOW DEPTH       0

DEGREE DAYS
 HEATING
  YESTERDAY       33                        28      5       37
  MONTH TO DATE  557                       498     59      436
  SINCE SEP 1   1034                      1207   -173     1038
  SINCE JUL 1   1115                      1270   -155     1047

 COOLING
  YESTERDAY        0                         0      0        0
  MONTH TO DATE    0                         0      0        0
  SINCE SEP 1     78                        33     45       52
  SINCE JAN 1    349                       381    -32      563
..................................................................


WIND (MPH)
  HIGHEST WIND SPEED    20   HIGHEST WIND DIRECTION     W (270)
  HIGHEST GUST SPEED    26   HIGHEST GUST DIRECTION     W (290)
  AVERAGE WIND SPEED    10.5


SKY COVER
  AVERAGE SKY COVER 0.7


WEATHER CONDITIONS
 THE FOLLOWING WEATHER WAS RECORDED YESTERDAY.
  LIGHT SNOW
  FOG


RELATIVE HUMIDITY (PERCENT)
 HIGHEST    81           400 AM
 LOWEST     59           700 PM
 AVERAGE    70

..........................................................


THE BINGHAMTON NY CLIMATE NORMALS FOR TODAY
                         NORMAL    RECORD    YEAR
 MAXIMUM TEMPERATURE (F)   43        64      1991
 MINIMUM TEMPERATURE (F)   30         8      1987


SUNRISE AND SUNSET
NOVEMBER 21 2017......SUNRISE   702 AM EST   SUNSET   437 PM EST
NOVEMBER 22 2017......SUNRISE   703 AM EST   SUNSET   437 PM EST


-  INDICATES NEGATIVE NUMBERS.
R  INDICATES RECORD WAS SET OR TIED.
MM INDICATES DATA IS MISSING.
T  INDICATES TRACE AMOUNT.




$$
