000
CDUS41 KBGM 280547
CLIBGM


CLIMATE REPORT
NATIONAL WEATHER SERVICE BINGHAMTON NY
147 AM EDT WED SEP 28 2016


...................................

...THE BINGHAMTON NY CLIMATE SUMMARY FOR SEPTEMBER 27 2016...

CLIMATE NORMAL PERIOD 1981 TO 2010
CLIMATE RECORD PERIOD 1951 TO 2016


WEATHER ITEM   OBSERVED TIME   RECORD YEAR NORMAL DEPARTURE LAST
                VALUE   (LST)  VALUE       VALUE  FROM      YEAR
                                                  NORMAL
..................................................................
TEMPERATURE (F)
 YESTERDAY
  MAXIMUM         68    305 PM  84    1998  64      4       72
  MINIMUM         50    659 AM  31    1997  46      4       48
                                      1965
                                      1957
  AVERAGE         59                        55      4       60

PRECIPITATION (IN)
  YESTERDAY        0.05          3.50 1985   0.12  -0.07     0.00
  MONTH TO DATE    0.74                      3.25  -2.51     0.50
  SINCE SEP 1      0.74                      3.25  -2.51     0.50
  SINCE JAN 1     24.29                     29.46  -5.17    32.02

SNOWFALL (IN)
  YESTERDAY        0.0           0.0  2002   0.0    0.0      0.0
                                      2001
                                      2000
  MONTH TO DATE    0.0                       0.0    0.0      0.0
  SINCE SEP 1      0.0                       0.0    0.0      0.0
  SINCE JUL 1      0.0                       0.0    0.0       T
  SNOW DEPTH       0

DEGREE DAYS
 HEATING
  YESTERDAY        6                        10     -4        5
  MONTH TO DATE   66                       161    -95       71
  SINCE SEP 1     66                       161    -95       71
  SINCE JUL 1     75                       224   -149      120

 COOLING
  YESTERDAY        0                         0      0        0
  MONTH TO DATE   48                        29     19       99
  SINCE SEP 1     48                        29     19       99
  SINCE JAN 1    559                       377    182      441
..................................................................


WIND (MPH)
  HIGHEST WIND SPEED    15   HIGHEST WIND DIRECTION     W (260)
  HIGHEST GUST SPEED    21   HIGHEST GUST DIRECTION     S (200)
  AVERAGE WIND SPEED     5.9


SKY COVER
  AVERAGE SKY COVER 0.2


WEATHER CONDITIONS
 THE FOLLOWING WEATHER WAS RECORDED YESTERDAY.
  LIGHT RAIN
  FOG
  FOG W/VISIBILITY <= 1/4 MILE


RELATIVE HUMIDITY (PERCENT)
 HIGHEST   100           300 AM
 LOWEST     35           200 PM
 AVERAGE    68

..........................................................


THE BINGHAMTON NY CLIMATE NORMALS FOR TODAY
                         NORMAL    RECORD    YEAR
 MAXIMUM TEMPERATURE (F)   64        79      1959
 MINIMUM TEMPERATURE (F)   46        30      1989


SUNRISE AND SUNSET
SEPTEMBER 28 2016.....SUNRISE   658 AM EDT   SUNSET   650 PM EDT
SEPTEMBER 29 2016.....SUNRISE   659 AM EDT   SUNSET   648 PM EDT


-  INDICATES NEGATIVE NUMBERS.
R  INDICATES RECORD WAS SET OR TIED.
MM INDICATES DATA IS MISSING.
T  INDICATES TRACE AMOUNT.




$$
