000
CDUS41 KBGM 230549
CLIBGM


CLIMATE REPORT
NATIONAL WEATHER SERVICE BINGHAMTON NY
149 AM EDT TUE AUG 23 2016


...................................

...THE BINGHAMTON NY CLIMATE SUMMARY FOR AUGUST 22 2016...

CLIMATE NORMAL PERIOD 1981 TO 2010
CLIMATE RECORD PERIOD 1951 TO 2016


WEATHER ITEM   OBSERVED TIME   RECORD YEAR NORMAL DEPARTURE LAST
                VALUE   (LST)  VALUE       VALUE  FROM      YEAR
                                                  NORMAL
..................................................................
TEMPERATURE (F)
 YESTERDAY
  MAXIMUM         68    334 PM  87    1955  76     -8       72
  MINIMUM         54   1037 PM  42    1982  58     -4       50
  AVERAGE         61                        67     -6       61

PRECIPITATION (IN)
  YESTERDAY        0.00          1.80 2010   0.11  -0.11     0.00
  MONTH TO DATE    5.01                      2.47   2.54     3.08
  SINCE JUN 1     10.94                     10.48   0.46    17.97
  SINCE JAN 1     23.33                     25.23  -1.90    31.52

SNOWFALL (IN)
  YESTERDAY        0.0           0.0  2002   0.0    0.0      0.0
                                      2001
                                      2000
  MONTH TO DATE    0.0                       0.0    0.0      0.0
  SINCE JUN 1      0.0                       0.0    0.0       T
  SINCE JUL 1      0.0                       0.0    0.0       T
  SNOW DEPTH       0

DEGREE DAYS
 HEATING
  YESTERDAY        4                         1      3        4
  MONTH TO DATE    4                        22    -18       13
  SINCE JUN 1     76                       137    -61      114
  SINCE JUL 1      7                        46    -39       37

 COOLING
  YESTERDAY        0                         3     -3        0
  MONTH TO DATE  142                        85     57       83
  SINCE JUN 1    422                       297    125      252
  SINCE JAN 1    468                       320    148      325
..................................................................


WIND (MPH)
  HIGHEST WIND SPEED    20   HIGHEST WIND DIRECTION     N (350)
  HIGHEST GUST SPEED    29   HIGHEST GUST DIRECTION     N (350)
  AVERAGE WIND SPEED     8.1


SKY COVER
  AVERAGE SKY COVER 0.4


WEATHER CONDITIONS
 THE FOLLOWING WEATHER WAS RECORDED YESTERDAY.
  NO SIGNIFICANT WEATHER WAS OBSERVED.


RELATIVE HUMIDITY (PERCENT)
 HIGHEST   100           300 AM
 LOWEST     45           100 PM
 AVERAGE    73

..........................................................


THE BINGHAMTON NY CLIMATE NORMALS FOR TODAY
                         NORMAL    RECORD    YEAR
 MAXIMUM TEMPERATURE (F)   76        85      1974
 MINIMUM TEMPERATURE (F)   58        43      1973
                                             1952


SUNRISE AND SUNSET
AUGUST 23 2016........SUNRISE   620 AM EDT   SUNSET   752 PM EDT
AUGUST 24 2016........SUNRISE   621 AM EDT   SUNSET   750 PM EDT


-  INDICATES NEGATIVE NUMBERS.
R  INDICATES RECORD WAS SET OR TIED.
MM INDICATES DATA IS MISSING.
T  INDICATES TRACE AMOUNT.




$$
