936
CDUS41 KBGM 302116
CLIBGM


CLIMATE REPORT
NATIONAL WEATHER SERVICE BINGHAMTON NY
516 PM EDT SAT JUL 30 2016


...................................

...THE BINGHAMTON NY CLIMATE SUMMARY FOR JULY 30 2016...
VALID TODAY AS OF 0500 PM LOCAL TIME.

CLIMATE NORMAL PERIOD 1981 TO 2010
CLIMATE RECORD PERIOD 1951 TO 2016


WEATHER ITEM   OBSERVED TIME   RECORD YEAR NORMAL DEPARTURE LAST
                VALUE   (LST)  VALUE       VALUE  FROM      YEAR
                                                  NORMAL
..................................................................
TEMPERATURE (F)
 TODAY
  MAXIMUM         70   1154 AM  90    1954  78     -8       81
  MINIMUM         61    757 AM  47    1997  60      1       66
                                      1956
  AVERAGE         66                        69     -3       74

PRECIPITATION (IN)
  TODAY            0.16          1.10 1993   0.11   0.05     0.29
  MONTH TO DATE    1.64                      3.58  -1.94     5.15
  SINCE JUN 1      4.68                      7.89  -3.21    14.89
  SINCE JAN 1     17.07                     22.64  -5.57    28.44

SNOWFALL (IN)
  TODAY            0.0           0.0  2002   0.0    0.0      0.0
                                      2000
                                      2001
  MONTH TO DATE    0.0                       0.0    0.0       T
  SINCE JUN 1      0.0                       0.0    0.0       T
  SINCE JUL 1      0.0                       0.0    0.0       T
  SNOW DEPTH       0

DEGREE DAYS
 HEATING
  TODAY            0                         1     -1        0
  MONTH TO DATE    3                        30    -27       24
  SINCE JUN 1     72                       121    -49      101
  SINCE JUL 1      3                        30    -27       24

 COOLING
  TODAY            1                         4     -3        9
  MONTH TO DATE  212                       137     75      114
  SINCE JUN 1    275                       211     64      164
  SINCE JAN 1    321                       234     87      237
..................................................................


WIND (MPH)
  HIGHEST WIND SPEED    15   HIGHEST WIND DIRECTION    NE (50)
  HIGHEST GUST SPEED    19   HIGHEST GUST DIRECTION    NE (60)
  AVERAGE WIND SPEED     6.8


SKY COVER
  AVERAGE SKY COVER 0.8


WEATHER CONDITIONS
 THE FOLLOWING WEATHER WAS RECORDED TODAY.
  LIGHT RAIN
  FOG


RELATIVE HUMIDITY (PERCENT)
 HIGHEST   100           400 PM
 LOWEST     63          1200 AM
 AVERAGE    82

..........................................................


THE BINGHAMTON NY CLIMATE NORMALS FOR TOMORROW
                         NORMAL    RECORD    YEAR
 MAXIMUM TEMPERATURE (F)   78        94      1954
 MINIMUM TEMPERATURE (F)   60        49      1956


SUNRISE AND SUNSET
JULY 30 2016..........SUNRISE   555 AM EDT   SUNSET   825 PM EDT
JULY 31 2016..........SUNRISE   556 AM EDT   SUNSET   824 PM EDT


-  INDICATES NEGATIVE NUMBERS.
R  INDICATES RECORD WAS SET OR TIED.
MM INDICATES DATA IS MISSING.
T  INDICATES TRACE AMOUNT.

$$
