000
CXUS51 KCAR 121358
CF6BGR
PRELIMINARY LOCAL CLIMATOLOGICAL DATA (WS FORM: F-6)
STATION: BANGOR ME
MONTH: MARCH
YEAR: 2021
LATITUDE: 44 47 N
LONGITUDE: 68 49 W
TEMPERATURE IN F: :PCPN: SNOW: WIND :SUNSHINE: SKY :PK WND
================================================================================
1 2 3 4 5 6A 6B 7 8 9 10 11 12 13 14 15 16 17 18
12Z AVG MX 2MIN
DY MAX MIN AVG DEP HDD CDD WTR SNW DPTH SPD SPD DIR MIN PSBL S-S WX SPD DR
================================================================================
1 40 20 30 5 35 0 0.33 T 6 9.5 32 330 M M 9 1 41 300
2 20 3 12 -13 53 0 T T 5 20.2 39 320 M M 5 53 320
3 36 13 25 -1 40 0 0.00 0.0 5 8.1 17 250 M M 3 25 240
4 31 18 25 -1 40 0 0.00 0.0 5 12.5 29 320 M M 2 36 310
5 22 11 17 -9 48 0 0.00 0.0 5 14.3 28 320 M M 7 37 320
6 31 7 19 -8 46 0 0.00 0.0 5 7.5 17 310 M M 1 23 310
7 32 10 21 -6 44 0 0.00 0.0 4 7.0 16 330 M M 1 20 330
8 37 12 25 -2 40 0 0.00 0.0 4 3.5 15 330 M M 1 18 330
9 41 19 30 2 35 0 0.00 0.0 4 7.4 24 340 M M 8 30 320
10 45 24 35 7 30 0 0.00 0.0 3 5.4 17 180 M M 4 21 180
11 52 35 44 16 21 0 0.00 0.0 3 9.2 17 190 M M 7 22 200
12 54 37 46 17 19 0 0.00 0.0 1 11.5 24 280 M M 3 37 300
13 37 27 32 3 33 0 0.00 0.0 T 13.0 31 320 M M 4 40 320
14 32 16 24 -5 41 0 T T T 12.0 30 330 M M 8 18 36 330
15 17 6 12 -18 53 0 0.00 0.0 T 19.9 33 330 M M 2 39 330
16 34 8 21 -9 44 0 0.00 0.0 0 6.8 17 320 M M 2 24 330
17 52 13 33 3 32 0 0.00 0.0 0 5.2 15 180 M M 3 18 180
18 46 28 37 6 28 0 0.01 0.0 0 8.5 25 360 M M 9 1 30 360
19 36 17 27 -4 38 0 0.00 0.0 0 16.6 29 350 M M 2 36 340
20 55 18 37 5 28 0 0.00 0.0 0 5.5 16 290 M M 1 23 290
21 63 23 43 11 22 0 0.00 0.0 0 4.7 14 270 M M 2 20 220
22 66 21 44 12 21 0 0.00 0.0 0 5.5 20 170 M M 0 24 180
23 65 28 47 14 18 0 0.00 0.0 0 4.7 14 170 M M 5 12 18 170
24 59 37 48 15 17 0 0.00 0.0 0 8.3 21 170 M M 10 12 26 170
25 55 43 49 15 16 0 T 0.0 0 8.5 17 170 M M 10 12 21 180
26 51 43 47 13 18 0 0.63 0.0 0 6.4 30 10 M M 10 123 37 10
27 44 33 39 5 26 0 0.01 0.0 0 11.5 26 360 M M 10 1 33 10
28 42 33 38 3 27 0 0.61 T T 12.5 24 130 M M 10 1 32 130
29 45 31 38 3 27 0 0.17 0.0 0 14.5 28 310 M M 6 1 52 310
30 49 24 37 1 28 0 0.00 0.0 0 9.9 22 160 M M 3 29 190
31 58 39 49 13 16 0 T 0.0 0 12.5 23 170 M M 8 32 180
================================================================================
SM 1347 697 984 0 1.76 T 302.6 M 156
================================================================================
AV 43.5 22.5 9.8 FASTST M M 5 MAX(MPH)
MISC ----> 39 320 53 320
================================================================================
NOTES:
# LAST OF SEVERAL OCCURRENCES
COLUMN 17 PEAK WIND IN M.P.H.
PRELIMINARY LOCAL CLIMATOLOGICAL DATA (WS FORM: F-6) , PAGE 2
STATION: BANGOR ME
MONTH: MARCH
YEAR: 2021
LATITUDE: 44 47 N
LONGITUDE: 68 49 W
[TEMPERATURE DATA] [PRECIPITATION DATA] SYMBOLS USED IN COLUMN 16
AVERAGE MONTHLY: 33.0 TOTAL FOR MONTH: 1.76 1 = FOG OR MIST
DPTR FM NORMAL: 2.8 DPTR FM NORMAL: -1.62 2 = FOG REDUCING VISIBILITY
HIGHEST: 66 ON 22 GRTST 24HR 0.78 ON 28-29 TO 1/4 MILE OR LESS
LOWEST: 3 ON 2 3 = THUNDER
SNOW, ICE PELLETS, HAIL 4 = ICE PELLETS
TOTAL MONTH: T 5 = HAIL
GRTST 24HR T ON 1- 1 6 = FREEZING RAIN OR DRIZZLE
GRTST DEPTH: 8 ON M 7 = DUSTSTORM OR SANDSTORM:
VSBY 1/2 MILE OR LESS
8 = SMOKE OR HAZE
[NO. OF DAYS WITH] [WEATHER - DAYS WITH] 9 = BLOWING SNOW
X = TORNADO
MAX 32 OR BELOW: 7 0.01 INCH OR MORE: 6
MAX 90 OR ABOVE: 0 0.10 INCH OR MORE: 4
MIN 32 OR BELOW: 23 0.50 INCH OR MORE: 2
MIN 0 OR BELOW: 0 1.00 INCH OR MORE: 0
[HDD (BASE 65) ]
TOTAL THIS MO. 984 CLEAR (SCALE 0-3) 13
DPTR FM NORMAL -93 PTCLDY (SCALE 4-7) 10
TOTAL FM JUL 1 5947 CLOUDY (SCALE 8-10) 8
DPTR FM NORMAL -775
[CDD (BASE 65) ]
TOTAL THIS MO. 0
DPTR FM NORMAL 0 [PRESSURE DATA]
TOTAL FM JAN 1 0 HIGHEST SLP 30.56 ON 10
DPTR FM NORMAL 0 LOWEST SLP 29.20 ON 29
[REMARKS]
#FINAL-03-21#