000
CDUS41 KCAR 202026
CLIBGR


CLIMATE REPORT
NATIONAL WEATHER SERVICE CARIBOU, ME
426 PM EDT FRI MAY 20 2016


...................................

...THE BANGOR ME CLIMATE SUMMARY FOR MAY 20 2016...
VALID TODAY AS OF 0400 PM LOCAL TIME.

CLIMATE NORMAL PERIOD 1981 TO 2010
CLIMATE RECORD PERIOD 1925 TO 2016


WEATHER ITEM   OBSERVED TIME   RECORD YEAR NORMAL DEPARTURE LAST
                VALUE   (LST)  VALUE       VALUE  FROM      YEAR
                                                  NORMAL
..................................................................
TEMPERATURE (F)
 TODAY
  MAXIMUM         81    253 PM  86    2003  67     14       63
  MINIMUM         47    118 AM  30    1944  44      3       43
  AVERAGE         64                        55      9       53

PRECIPITATION (IN)
  TODAY            0.02          1.03 1937   0.12  -0.10      T
  MONTH TO DATE    1.43                      2.28  -0.85     0.69
  SINCE MAR 1      7.28                      9.28  -2.00     4.53
  SINCE JAN 1     13.55                     14.69  -1.14     9.42

SNOWFALL (IN)
  TODAY           MM             0.0  2002   0.0   MM        0.0
                                      2001
  MONTH TO DATE    T                         0.1   -0.1      0.0
  SINCE MAR 1      6.0                      15.5   -9.5     21.9
  SINCE JUL 1     44.6                      66.2  -21.6    139.0
  SNOW DEPTH       0

DEGREE DAYS
 HEATING
  TODAY            1                        10     -9       12
  MONTH TO DATE  205                       263    -58      199
  SINCE MAR 1   1918                      2015    -97     2174
  SINCE JUL 1   6833                      7661   -828     8064

 COOLING
  TODAY            0                         0      0        0
  MONTH TO DATE    3                         0      3        1
  SINCE MAR 1      3                         0      3        1
  SINCE JAN 1      3                         0      3        1
..................................................................


WIND (MPH)
  HIGHEST WIND SPEED    13   HIGHEST WIND DIRECTION     N (350)
  HIGHEST GUST SPEED    17   HIGHEST GUST DIRECTION    NW (300)
  AVERAGE WIND SPEED     3.5


SKY COVER
  POSSIBLE SUNSHINE  MM
  AVERAGE SKY COVER 0.6


WEATHER CONDITIONS
 THE FOLLOWING WEATHER WAS RECORDED TODAY.
  LIGHT RAIN
  HAZE


RELATIVE HUMIDITY (PERCENT)
 HIGHEST    80           100 AM
 LOWEST     19           200 PM
 AVERAGE    50

..........................................................


THE BANGOR ME CLIMATE NORMALS FOR TOMORROW
                         NORMAL    RECORD    YEAR
 MAXIMUM TEMPERATURE (F)   67        92      1992
 MINIMUM TEMPERATURE (F)   44        32      1939


SUNRISE AND SUNSET
MAY 20 2016...........SUNRISE   501 AM EDT   SUNSET   803 PM EDT
MAY 21 2016...........SUNRISE   500 AM EDT   SUNSET   804 PM EDT


-  INDICATES NEGATIVE NUMBERS.
R  INDICATES RECORD WAS SET OR TIED.
MM INDICATES DATA IS MISSING.
T  INDICATES TRACE AMOUNT.




$$
