000
CDUS41 KCAR 232026
CLIBGR


CLIMATE REPORT
NATIONAL WEATHER SERVICE CARIBOU, ME
426 PM EDT SAT APR 23 2016


...................................

...THE BANGOR ME CLIMATE SUMMARY FOR APRIL 23 2016...
VALID TODAY AS OF 0400 PM LOCAL TIME.

CLIMATE NORMAL PERIOD 1981 TO 2010
CLIMATE RECORD PERIOD 1925 TO 2016


WEATHER ITEM   OBSERVED TIME   RECORD YEAR NORMAL DEPARTURE LAST
                VALUE   (LST)  VALUE       VALUE  FROM      YEAR
                                                  NORMAL
..................................................................
TEMPERATURE (F)
 TODAY
  MAXIMUM         61    140 PM  83    2007  56      5       50
  MINIMUM         50    446 AM  22    1944  35     15       36
                                      1933
                                      1929
  AVERAGE         56                        46     10       43

PRECIPITATION (IN)
  TODAY            T             2.32 2012   0.12  -0.12     0.14
  MONTH TO DATE    2.55                      2.79  -0.24     1.94
  SINCE MAR 1      5.82                      6.17  -0.35     3.39
  SINCE JAN 1     12.09                     11.58   0.51     8.28

SNOWFALL (IN)
  TODAY            0.0           2.6  1964   0.0    0.0      0.0
  MONTH TO DATE    T                         3.5   -3.5      6.3
  SINCE MAR 1      6.0                      15.2   -9.2     21.9
  SINCE JUL 1     44.6                      65.9  -21.3    139.0
  SNOW DEPTH       0

DEGREE DAYS
 HEATING
  TODAY            9                        19    -10       22
  MONTH TO DATE  545                       550     -5      587
  SINCE MAR 1   1530                      1627    -97     1839
  SINCE JUL 1   6445                      7273   -828     7729

 COOLING
  TODAY            0                         0      0        0
  MONTH TO DATE    0                         0      0        0
  SINCE MAR 1      0                         0      0        0
  SINCE JAN 1      0                         0      0        0
..................................................................


WIND (MPH)
  HIGHEST WIND SPEED    22   HIGHEST WIND DIRECTION    NW (320)
  HIGHEST GUST SPEED    28   HIGHEST GUST DIRECTION    NW (310)
  AVERAGE WIND SPEED     8.5


SKY COVER
  POSSIBLE SUNSHINE  MM
  AVERAGE SKY COVER 0.9


WEATHER CONDITIONS
 THE FOLLOWING WEATHER WAS RECORDED TODAY.
  LIGHT RAIN


RELATIVE HUMIDITY (PERCENT)
 HIGHEST    83           600 AM
 LOWEST     47           200 PM
 AVERAGE    65

..........................................................


THE BANGOR ME CLIMATE NORMALS FOR TOMORROW
                         NORMAL    RECORD    YEAR
 MAXIMUM TEMPERATURE (F)   57        79      1942
 MINIMUM TEMPERATURE (F)   35        22      1944


SUNRISE AND SUNSET
APRIL 23 2016.........SUNRISE   537 AM EDT   SUNSET   731 PM EDT
APRIL 24 2016.........SUNRISE   535 AM EDT   SUNSET   732 PM EDT


-  INDICATES NEGATIVE NUMBERS.
R  INDICATES RECORD WAS SET OR TIED.
MM INDICATES DATA IS MISSING.
T  INDICATES TRACE AMOUNT.




$$
