000
CDUS41 KCAR 182027
CLIBGR


CLIMATE REPORT
NATIONAL WEATHER SERVICE CARIBOU, ME
426 PM EDT SAT OCT 18 2014


...................................

...THE BANGOR ME CLIMATE SUMMARY FOR OCTOBER 18 2014...
VALID TODAY AS OF 0400 PM LOCAL TIME.

CLIMATE NORMAL PERIOD 1981 TO 2010
CLIMATE RECORD PERIOD 1925 TO 2014


WEATHER ITEM   OBSERVED TIME   RECORD YEAR NORMAL DEPARTURE LAST
                VALUE   (LST)  VALUE       VALUE  FROM      YEAR
                                                  NORMAL
..................................................................
TEMPERATURE (F)
 TODAY
  MAXIMUM         67    154 PM  84    1947  57     10       63
  MINIMUM         53    351 AM  23    1940  36     17       46
  AVERAGE         60                        46     14       55

PRECIPITATION (IN)
  TODAY            0.00          1.69 1936   0.13  -0.13     0.16
  MONTH TO DATE    3.67                      2.44   1.23     0.68
  SINCE SEP 1      4.56                      6.27  -1.71     7.85
  SINCE JAN 1     32.30                     32.52  -0.22    33.03

SNOWFALL (IN)
  TODAY            0.0           0.2  1970   0.0    0.0      0.0
  MONTH TO DATE    0.0                       0.0    0.0      0.0
  SINCE SEP 1      0.0                       0.0    0.0      0.0
  SINCE JUL 1      0.0                       0.0    0.0      0.0
  SNOW DEPTH       0

DEGREE DAYS
 HEATING
  TODAY            5                        19    -14       10
  MONTH TO DATE  175                       281   -106      175
  SINCE SEP 1    389                       490   -101      377
  SINCE JUL 1    410                       553   -143      409

 COOLING
  TODAY            0                         0      0        0
  MONTH TO DATE    2                         0      2        0
  SINCE SEP 1     49                        23     26       33
  SINCE JAN 1    363                       317     46      355
..................................................................


WIND (MPH)
  HIGHEST WIND SPEED    17   HIGHEST WIND DIRECTION    SE (150)
  HIGHEST GUST SPEED    23   HIGHEST GUST DIRECTION     S (160)
  AVERAGE WIND SPEED     9.2


SKY COVER
  POSSIBLE SUNSHINE  MM
  AVERAGE SKY COVER 0.6


WEATHER CONDITIONS
 THE FOLLOWING WEATHER WAS RECORDED TODAY.
  FOG


RELATIVE HUMIDITY (PERCENT)
 HIGHEST    93          1200 AM
 LOWEST     68          1200 PM
 AVERAGE    81

..........................................................


THE BANGOR ME CLIMATE NORMALS FOR TOMORROW
                         NORMAL    RECORD    YEAR
 MAXIMUM TEMPERATURE (F)   56        82      1963
 MINIMUM TEMPERATURE (F)   36        17      1939


SUNRISE AND SUNSET
OCTOBER 18 2014.......SUNRISE   655 AM EDT   SUNSET   546 PM EDT
OCTOBER 19 2014.......SUNRISE   656 AM EDT   SUNSET   544 PM EDT


-  INDICATES NEGATIVE NUMBERS.
R  INDICATES RECORD WAS SET OR TIED.
MM INDICATES DATA IS MISSING.
T  INDICATES TRACE AMOUNT.




$$
