000
CDUS41 KCAR 140527
CLIBGR


CLIMATE REPORT
NATIONAL WEATHER SERVICE CARIBOU, ME
127 AM EDT SUN SEP 14 2014


...................................

...THE BANGOR ME CLIMATE SUMMARY FOR SEPTEMBER 13 2014...

CLIMATE NORMAL PERIOD 1981 TO 2010
CLIMATE RECORD PERIOD 1925 TO 2014


WEATHER ITEM   OBSERVED TIME   RECORD YEAR NORMAL DEPARTURE LAST
                VALUE   (LST)  VALUE       VALUE  FROM      YEAR
                                                  NORMAL
..................................................................
TEMPERATURE (F)
 YESTERDAY
  MAXIMUM         61    336 PM  87    1932  71    -10       69
  MINIMUM         39    313 AM  28    1946  49    -10       58
  AVERAGE         50                        60    -10       64

PRECIPITATION (IN)
  YESTERDAY        0.02          1.17 2013   0.13  -0.11     1.17
  MONTH TO DATE    0.83                      1.44  -0.61     6.66
  SINCE SEP 1      0.83                      1.44  -0.61     6.66
  SINCE JAN 1     28.57                     27.69   0.88    31.84

SNOWFALL (IN)
  YESTERDAY        0.0           0.0  2002   0.0             0.0
                                      2001
  MONTH TO DATE    0.0                       0.0             0.0
  SINCE SEP 1      0.0                       0.0             0.0
  SINCE JUL 1      0.0                       0.0             0.0
  SNOW DEPTH       0

DEGREE DAYS
 HEATING
  YESTERDAY       15                         6      9        1
  MONTH TO DATE   52                        56     -4       54
  SINCE SEP 1     52                        56     -4       54
  SINCE JUL 1     73                       119    -46       86

 COOLING
  YESTERDAY        0                         1     -1        0
  MONTH TO DATE   42                        17     25       33
  SINCE SEP 1     42                        17     25       33
  SINCE JAN 1    356                       311     45      355
..................................................................


WIND (MPH)
  RESULTANT WIND SPEED   2   RESULTANT WIND DIRECTION   E (110)
  HIGHEST WIND SPEED    12   HIGHEST WIND DIRECTION    SE (150)
  HIGHEST GUST SPEED    17   HIGHEST GUST DIRECTION     S (160)


SKY COVER
  POSSIBLE SUNSHINE  MM
  AVERAGE SKY COVER 0.7


WEATHER CONDITIONS
 THE FOLLOWING WEATHER WAS RECORDED YESTERDAY.
  LIGHT RAIN


RELATIVE HUMIDITY (PERCENT)
 HIGHEST    93
 LOWEST     46
 AVERAGE    70

..........................................................


THE BANGOR ME CLIMATE NORMALS FOR TODAY
                         NORMAL    RECORD    YEAR
 MAXIMUM TEMPERATURE (F)   71        97      1948
 MINIMUM TEMPERATURE (F)   49        30      1946


SUNRISE AND SUNSET
SEPTEMBER 14 2014.....SUNRISE   613 AM EDT   SUNSET   648 PM EDT
SEPTEMBER 15 2014.....SUNRISE   614 AM EDT   SUNSET   646 PM EDT


-  INDICATES NEGATIVE NUMBERS.
R  INDICATES RECORD WAS SET OR TIED.
MM INDICATES DATA IS MISSING.
T  INDICATES TRACE AMOUNT.




$$
