000
CDUS41 KCAR 232132
CLIBGR


CLIMATE REPORT
NATIONAL WEATHER SERVICE CARIBOU, ME
432 PM EST THU FEB 23 2017


...................................

...THE BANGOR ME CLIMATE SUMMARY FOR FEBRUARY 23 2017...
VALID TODAY AS OF 0400 PM LOCAL TIME.

CLIMATE NORMAL PERIOD 1981 TO 2010
CLIMATE RECORD PERIOD 1925 TO 2017


WEATHER ITEM   OBSERVED TIME   RECORD YEAR NORMAL DEPARTURE LAST
                VALUE   (LST)  VALUE       VALUE  FROM      YEAR
                                                  NORMAL
..................................................................
TEMPERATURE (F)
 TODAY
  MAXIMUM         46    229 PM  57    1984  34     12       29
  MINIMUM         22    523 AM -18    1929  13      9        8
  AVERAGE         34                        23     11       19

PRECIPITATION (IN)
  TODAY            0.00          1.55 1967   0.10  -0.10     0.00
  MONTH TO DATE    1.78                      2.04  -0.26     2.75
  SINCE DEC 1      9.18                      8.41   0.77     9.19
  SINCE JAN 1      5.41                      4.93   0.48     5.13

SNOWFALL (IN)
  TODAY            0.0          15.0  1967   0.5   -0.5      0.0
  MONTH TO DATE   37.4                      12.3   25.1     17.6
  SINCE DEC 1     61.8                      45.9   15.9     34.1
  SINCE JUL 1     63.3                      48.3   15.0     36.6
  SNOW DEPTH      14

DEGREE DAYS
 HEATING
  TODAY           31                        42    -11       46
  MONTH TO DATE 1028                      1033     -5      961
  SINCE DEC 1   3577                      3771   -194     3227
  SINCE JUL 1   4996                      5440   -444     4728

 COOLING
  TODAY            0                         0      0        0
  MONTH TO DATE    0                         0      0        0
  SINCE DEC 1      0                         0      0        0
  SINCE JAN 1      0                         0      0        0
..................................................................


WIND (MPH)
  HIGHEST WIND SPEED    17   HIGHEST WIND DIRECTION     S (180)
  HIGHEST GUST SPEED    23   HIGHEST GUST DIRECTION     S (180)
  AVERAGE WIND SPEED     6.6


SKY COVER
  POSSIBLE SUNSHINE  MM
  AVERAGE SKY COVER 0.5


WEATHER CONDITIONS
 THE FOLLOWING WEATHER WAS RECORDED TODAY.
  FOG
  FOG W/VISIBILITY <= 1/4 MILE


RELATIVE HUMIDITY (PERCENT)
 HIGHEST   100           100 AM
 LOWEST     76           300 PM
 AVERAGE    88

..........................................................


THE BANGOR ME CLIMATE NORMALS FOR TOMORROW
                         NORMAL    RECORD    YEAR
 MAXIMUM TEMPERATURE (F)   34        53      1930
 MINIMUM TEMPERATURE (F)   13       -26      1929


SUNRISE AND SUNSET
FEBRUARY 23 2017......SUNRISE   623 AM EST   SUNSET   515 PM EST
FEBRUARY 24 2017......SUNRISE   621 AM EST   SUNSET   516 PM EST


-  INDICATES NEGATIVE NUMBERS.
R  INDICATES RECORD WAS SET OR TIED.
MM INDICATES DATA IS MISSING.
T  INDICATES TRACE AMOUNT.




$$
