000
CDUS41 KCAR 010527
CLIBGR


CLIMATE REPORT
NATIONAL WEATHER SERVICE CARIBOU, ME
126 AM EDT SAT AUG 1 2015


...................................

...THE BANGOR ME CLIMATE SUMMARY FOR JULY 31 2015...

CLIMATE NORMAL PERIOD 1981 TO 2010
CLIMATE RECORD PERIOD 1925 TO 2015


WEATHER ITEM   OBSERVED TIME   RECORD YEAR NORMAL DEPARTURE LAST
                VALUE   (LST)  VALUE       VALUE  FROM      YEAR
                                                  NORMAL
..................................................................
TEMPERATURE (F)
 YESTERDAY
  MAXIMUM         83    404 PM  97    1949  80      3       77
  MINIMUM         60   1156 PM  44    1927  58      2       62
  AVERAGE         72                        69      3       70

PRECIPITATION (IN)
  YESTERDAY        0.00          1.32 1985   0.12  -0.12     0.00
  MONTH TO DATE    1.16                      3.46  -2.30     6.78
  SINCE JUN 1      6.06                      7.22  -1.16    10.37
  SINCE JAN 1     17.11                     23.27  -6.16    24.78

SNOWFALL (IN)
  YESTERDAY        0.0           0.0  2002   0.0             0.0
                                      2001
  MONTH TO DATE    0.0                       0.0             0.0
  SINCE JUN 1      0.0                       0.0             0.0
  SINCE JUL 1      0.0                       0.0             0.0
  SNOW DEPTH       0

DEGREE DAYS
 HEATING
  YESTERDAY        0                         1     -1        0
  MONTH TO DATE   29                        31     -2        5
  SINCE JUN 1    205                       130     75       76
  SINCE JUL 1     29                        23      6        5

 COOLING
  YESTERDAY        7                         4      3        5
  MONTH TO DATE  100                       132    -32      173
  SINCE JUN 1    124                       184    -60      219
  SINCE JAN 1    147                       190    -43      219
..................................................................


WIND (MPH)
  RESULTANT WIND SPEED   6   RESULTANT WIND DIRECTION   W (250)
  HIGHEST WIND SPEED    17   HIGHEST WIND DIRECTION     W (280)
  HIGHEST GUST SPEED    25   HIGHEST GUST DIRECTION     W (260)


SKY COVER
  POSSIBLE SUNSHINE  MM
  AVERAGE SKY COVER 0.4


WEATHER CONDITIONS
 THE FOLLOWING WEATHER WAS RECORDED YESTERDAY.
  FOG
  FOG W/VISIBILITY <= 1/4 MILE


RELATIVE HUMIDITY (PERCENT)
 HIGHEST   100
 LOWEST     40
 AVERAGE    70

..........................................................


THE BANGOR ME CLIMATE NORMALS FOR TODAY
                         NORMAL    RECORD    YEAR
 MAXIMUM TEMPERATURE (F)   80        91      1975
 MINIMUM TEMPERATURE (F)   58        47      1998
                                             1947


SUNRISE AND SUNSET
AUGUST  1 2015........SUNRISE   521 AM EDT   SUNSET   802 PM EDT
AUGUST  2 2015........SUNRISE   522 AM EDT   SUNSET   800 PM EDT


-  INDICATES NEGATIVE NUMBERS.
R  INDICATES RECORD WAS SET OR TIED.
MM INDICATES DATA IS MISSING.
T  INDICATES TRACE AMOUNT.




$$
