790
CDUS41 KCAR 122132
CLIBGR


CLIMATE REPORT
NATIONAL WEATHER SERVICE CARIBOU, ME
431 PM EST FRI JAN 12 2018


...................................

...THE BANGOR ME CLIMATE SUMMARY FOR JANUARY 12 2018...
VALID TODAY AS OF 0400 PM LOCAL TIME.

CLIMATE NORMAL PERIOD 1981 TO 2010
CLIMATE RECORD PERIOD 1925 TO 2018


WEATHER ITEM   OBSERVED TIME   RECORD YEAR NORMAL DEPARTURE LAST
                VALUE   (LST)  VALUE       VALUE  FROM      YEAR
                                                  NORMAL
..................................................................
TEMPERATURE (F)
 TODAY
  MAXIMUM         49    342 PM  51    1980  27     22       48
  MINIMUM         42    831 AM -18    1945   6     36       38
  AVERAGE         46                        17     29       43

PRECIPITATION (IN)
  TODAY            0.53          1.29 1991   0.09   0.44     0.17
  MONTH TO DATE    1.42                      1.13   0.29     1.80
  SINCE DEC 1      5.25                      4.61   0.64     5.57
  SINCE JAN 1      1.42                      1.13   0.29     1.80

SNOWFALL (IN)
  TODAY            0.0          10.4  2011   0.7   -0.7      0.0
  MONTH TO DATE   20.5                       7.6   12.9      2.9
  SINCE DEC 1     48.2                      22.0   26.2     21.3
  SINCE JUL 1     48.2                      24.4   23.8     22.8
  SNOW DEPTH      25

DEGREE DAYS
 HEATING
  TODAY           19                        48    -29       22
  MONTH TO DATE  610                       568     42      523
  SINCE DEC 1   2057                      1820    237     1842
  SINCE JUL 1   3316                      3489   -173     3261

 COOLING
  TODAY            0                         0      0        0
  MONTH TO DATE    0                         0      0        0
  SINCE DEC 1      0                         0      0        0
  SINCE JAN 1      0                         0      0        0
..................................................................


WIND (MPH)
  HIGHEST WIND SPEED    22   HIGHEST WIND DIRECTION     S (180)
  HIGHEST GUST SPEED    29   HIGHEST GUST DIRECTION     S (180)
  AVERAGE WIND SPEED    11.4


SKY COVER
  POSSIBLE SUNSHINE  MM
  AVERAGE SKY COVER 1.0


WEATHER CONDITIONS
 THE FOLLOWING WEATHER WAS RECORDED TODAY.
  RAIN
  LIGHT RAIN
  FOG
  FOG W/VISIBILITY <= 1/4 MILE


RELATIVE HUMIDITY (PERCENT)
 HIGHEST   100          1200 AM
 LOWEST     86           300 AM
 AVERAGE    93

..........................................................


THE BANGOR ME CLIMATE NORMALS FOR TOMORROW
                         NORMAL    RECORD    YEAR
 MAXIMUM TEMPERATURE (F)   27        54      1932
 MINIMUM TEMPERATURE (F)    6       -17      1971


SUNRISE AND SUNSET
JANUARY 12 2018.......SUNRISE   711 AM EST   SUNSET   417 PM EST
JANUARY 13 2018.......SUNRISE   710 AM EST   SUNSET   418 PM EST


-  INDICATES NEGATIVE NUMBERS.
R  INDICATES RECORD WAS SET OR TIED.
MM INDICATES DATA IS MISSING.
T  INDICATES TRACE AMOUNT.




$$
