000
CDUS41 KCAR 270529
CLIBGR


CLIMATE REPORT
NATIONAL WEATHER SERVICE CARIBOU, ME
129 AM EDT SAT JUN 27 2015


...................................

...THE BANGOR ME CLIMATE SUMMARY FOR JUNE 26 2015...

CLIMATE NORMAL PERIOD 1981 TO 2010
CLIMATE RECORD PERIOD 1925 TO 2015


WEATHER ITEM   OBSERVED TIME   RECORD YEAR NORMAL DEPARTURE LAST
                VALUE   (LST)  VALUE       VALUE  FROM      YEAR
                                                  NORMAL
..................................................................
TEMPERATURE (F)
 YESTERDAY
  MAXIMUM         74    338 PM  93    2003  77     -3       63
                                      1930
  MINIMUM         50    310 AM  42    1979  55     -5       52
  AVERAGE         62                        66     -4       58

PRECIPITATION (IN)
  YESTERDAY        0.00          1.67 2012   0.12  -0.12     0.68
  MONTH TO DATE    3.99                      3.31   0.68     3.59
  SINCE JUN 1      3.99                      3.31   0.68     3.59
  SINCE JAN 1     15.04                     19.36  -4.32    18.00

SNOWFALL (IN)
  YESTERDAY        0.0           0.0  2002   0.0             0.0
                                      2001
  MONTH TO DATE    0.0                       0.0             0.0
  SINCE JUN 1      0.0                       0.0             0.0
  SINCE JUL 1    139.0                      66.1            80.0
  SNOW DEPTH       0

DEGREE DAYS
 HEATING
  YESTERDAY        3                         2      1        7
  MONTH TO DATE  162                       102     60       70
  SINCE JUN 1    162                       102     60       70
  SINCE JUL 1   8278                      7855    423     8133

 COOLING
  YESTERDAY        0                         3     -3        0
  MONTH TO DATE   22                        40    -18       27
  SINCE JUN 1     22                        40    -18       27
  SINCE JAN 1     45                        46     -1       27
..................................................................


WIND (MPH)
  RESULTANT WIND SPEED   3   RESULTANT WIND DIRECTION   S (180)
  HIGHEST WIND SPEED    14   HIGHEST WIND DIRECTION     S (180)
  HIGHEST GUST SPEED    17   HIGHEST GUST DIRECTION    SE (130)


SKY COVER
  POSSIBLE SUNSHINE  MM
  AVERAGE SKY COVER 0.7


WEATHER CONDITIONS
 THE FOLLOWING WEATHER WAS RECORDED YESTERDAY.
  THUNDERSTORM


RELATIVE HUMIDITY (PERCENT)
 HIGHEST    83
 LOWEST     41
 AVERAGE    62

..........................................................


THE BANGOR ME CLIMATE NORMALS FOR TODAY
                         NORMAL    RECORD    YEAR
 MAXIMUM TEMPERATURE (F)   77        98      1941
 MINIMUM TEMPERATURE (F)   55        43      1939


SUNRISE AND SUNSET
JUNE 27 2015..........SUNRISE   451 AM EDT   SUNSET   825 PM EDT
JUNE 28 2015..........SUNRISE   452 AM EDT   SUNSET   825 PM EDT


-  INDICATES NEGATIVE NUMBERS.
R  INDICATES RECORD WAS SET OR TIED.
MM INDICATES DATA IS MISSING.
T  INDICATES TRACE AMOUNT.




$$
