000
CDUS41 KCAR 212026
CLIBGR


CLIMATE REPORT
NATIONAL WEATHER SERVICE CARIBOU, ME
426 PM EDT THU JUL 21 2016


...................................

...THE BANGOR ME CLIMATE SUMMARY FOR JULY 21 2016...
VALID TODAY AS OF 0400 PM LOCAL TIME.

CLIMATE NORMAL PERIOD 1981 TO 2010
CLIMATE RECORD PERIOD 1925 TO 2016


WEATHER ITEM   OBSERVED TIME   RECORD YEAR NORMAL DEPARTURE LAST
                VALUE   (LST)  VALUE       VALUE  FROM      YEAR
                                                  NORMAL
..................................................................
TEMPERATURE (F)
 TODAY
  MAXIMUM         87    248 PM  95    1994  80      7       75
  MINIMUM         59    444 AM  44    1929  58      1       63
  AVERAGE         73                        69      4       69

PRECIPITATION (IN)
  TODAY            0.00          2.81 1953   0.12  -0.12     0.06
  MONTH TO DATE    2.65                      2.29   0.36     0.87
  SINCE JUN 1      5.50                      6.05  -0.55     5.77
  SINCE JAN 1     19.71                     22.10  -2.39    16.82

SNOWFALL (IN)
  TODAY            0.0           0.0  2002   0.0    0.0      0.0
                                      2001
  MONTH TO DATE    0.0                       0.0    0.0      0.0
  SINCE JUN 1      0.0                       0.0    0.0      0.0
  SINCE JUL 1      0.0                       0.0    0.0      0.0
  SNOW DEPTH       0

DEGREE DAYS
 HEATING
  TODAY            0                         1     -1        0
  MONTH TO DATE   11                        21    -10       17
  SINCE JUN 1     58                       128    -70      193
  SINCE JUL 1     11                        21    -10       17

 COOLING
  TODAY            8                         5      3        4
  MONTH TO DATE  149                        86     63       60
  SINCE JUN 1    205                       138     67       84
  SINCE JAN 1    230                       144     86      107
..................................................................


WIND (MPH)
  HIGHEST WIND SPEED    16   HIGHEST WIND DIRECTION    SW (220)
  HIGHEST GUST SPEED    33   HIGHEST GUST DIRECTION    SW (210)
  AVERAGE WIND SPEED     6.8


SKY COVER
  POSSIBLE SUNSHINE  MM
  AVERAGE SKY COVER 0.2


WEATHER CONDITIONS
 THE FOLLOWING WEATHER WAS RECORDED TODAY.
  NO SIGNIFICANT WEATHER WAS OBSERVED.


RELATIVE HUMIDITY (PERCENT)
 HIGHEST    84           500 AM
 LOWEST     35           100 PM
 AVERAGE    60

..........................................................


THE BANGOR ME CLIMATE NORMALS FOR TOMORROW
                         NORMAL    RECORD    YEAR
 MAXIMUM TEMPERATURE (F)   80        97      2011
 MINIMUM TEMPERATURE (F)   58        46      1944


SUNRISE AND SUNSET
JULY 21 2016..........SUNRISE   510 AM EDT   SUNSET   813 PM EDT
JULY 22 2016..........SUNRISE   511 AM EDT   SUNSET   812 PM EDT


-  INDICATES NEGATIVE NUMBERS.
R  INDICATES RECORD WAS SET OR TIED.
MM INDICATES DATA IS MISSING.
T  INDICATES TRACE AMOUNT.




$$
