000
CDUS41 KCAR 180528
CLIBGR


CLIMATE REPORT
NATIONAL WEATHER SERVICE CARIBOU, ME
127 AM EDT MON AUG 18 2014


...................................

...THE BANGOR ME CLIMATE SUMMARY FOR AUGUST 17 2014...

CLIMATE NORMAL PERIOD 1981 TO 2010
CLIMATE RECORD PERIOD 1925 TO 2014


WEATHER ITEM   OBSERVED TIME   RECORD YEAR NORMAL DEPARTURE LAST
                VALUE   (LST)  VALUE       VALUE  FROM      YEAR
                                                  NORMAL
..................................................................
TEMPERATURE (F)
 YESTERDAY
  MAXIMUM         68    412 PM 100    1935  78    -10       77
  MINIMUM         58   1131 PM  44    1979  56      2       52
                                      1963
                                      1945
  AVERAGE         63                        67     -4       65

PRECIPITATION (IN)
  YESTERDAY        0.10          1.87 1977   0.09   0.01     0.00
  MONTH TO DATE    2.81                      1.73   1.08     3.26
  SINCE JUN 1     13.18                      8.95   4.23    12.46
  SINCE JAN 1     27.59                     25.00   2.59    23.75

SNOWFALL (IN)
  YESTERDAY        0.0           0.0  2002   0.0             0.0
                                      2001
  MONTH TO DATE    0.0                       0.0             0.0
  SINCE JUN 1      0.0                       0.0             0.0
  SINCE JUL 1      0.0                       0.0             0.0
  SNOW DEPTH       0

DEGREE DAYS
 HEATING
  YESTERDAY        2                         1      1        0
  MONTH TO DATE    7                        17    -10        9
  SINCE JUN 1     83                       147    -64      117
  SINCE JUL 1     12                        40    -28       17

 COOLING
  YESTERDAY        0                         3     -3        0
  MONTH TO DATE   48                        65    -17       16
  SINCE JUN 1    267                       249     18      258
  SINCE JAN 1    267                       255     12      266
..................................................................


WIND (MPH)
  RESULTANT WIND SPEED   1   RESULTANT WIND DIRECTION   W (250)
  HIGHEST WIND SPEED     9   HIGHEST WIND DIRECTION     S (170)
  HIGHEST GUST SPEED    11   HIGHEST GUST DIRECTION     S (180)


SKY COVER
  POSSIBLE SUNSHINE  MM
  AVERAGE SKY COVER 0.8


WEATHER CONDITIONS
 THE FOLLOWING WEATHER WAS RECORDED YESTERDAY.
  LIGHT RAIN
  FOG


RELATIVE HUMIDITY (PERCENT)
 HIGHEST    93
 LOWEST     73
 AVERAGE    83

..........................................................


THE BANGOR ME CLIMATE NORMALS FOR TODAY
                         NORMAL    RECORD    YEAR
 MAXIMUM TEMPERATURE (F)   78       103      1935
 MINIMUM TEMPERATURE (F)   56        45      1957
                                             1941
                                             1927


SUNRISE AND SUNSET
AUGUST 18 2014........SUNRISE   541 AM EDT   SUNSET   736 PM EDT
AUGUST 19 2014........SUNRISE   542 AM EDT   SUNSET   735 PM EDT


-  INDICATES NEGATIVE NUMBERS.
R  INDICATES RECORD WAS SET OR TIED.
MM INDICATES DATA IS MISSING.
T  INDICATES TRACE AMOUNT.




$$
