000
CDUS41 KCAR 090527
CLIBGR


CLIMATE REPORT
NATIONAL WEATHER SERVICE CARIBOU, ME
127 AM EDT WED JUL 9 2014


...................................

...THE BANGOR ME CLIMATE SUMMARY FOR JULY 8 2014...

CLIMATE NORMAL PERIOD 1981 TO 2010
CLIMATE RECORD PERIOD 1925 TO 2014


WEATHER ITEM   OBSERVED TIME   RECORD YEAR NORMAL DEPARTURE LAST
                VALUE   (LST)  VALUE       VALUE  FROM      YEAR
                                                  NORMAL
..................................................................
TEMPERATURE (F)
 YESTERDAY
  MAXIMUM         86   1237 PM  97    1937  79      7       76
  MINIMUM         64    344 AM  44    1969  57      7       57
  AVERAGE         75                        68      7       67

PRECIPITATION (IN)
  YESTERDAY        0.05          2.09 1931   0.11  -0.06     0.30
  MONTH TO DATE    3.70                      0.84   2.86     0.86
  SINCE JUN 1      7.29                      4.60   2.69     6.32
  SINCE JAN 1     21.70                     20.65   1.05    17.61

SNOWFALL (IN)
  YESTERDAY        0.0           0.0  2002   0.0             0.0
                                      2001
  MONTH TO DATE    0.0                       0.0             0.0
  SINCE JUN 1      0.0                       0.0             0.0
  SINCE JUL 1      0.0                       0.0             0.0
  SNOW DEPTH       0

DEGREE DAYS
 HEATING
  YESTERDAY        0                         1     -1        0
  MONTH TO DATE    5                         8     -3        3
  SINCE JUN 1     76                       115    -39      103
  SINCE JUL 1      5                         8     -3        3

 COOLING
  YESTERDAY       10                         4      6        2
  MONTH TO DATE   64                        30     34       60
  SINCE JUN 1    110                        82     28      117
  SINCE JAN 1    110                        88     22      125
..................................................................


WIND (MPH)
  RESULTANT WIND SPEED   8   RESULTANT WIND DIRECTION   S (180)
  HIGHEST WIND SPEED    16   HIGHEST WIND DIRECTION     S (200)
  HIGHEST GUST SPEED    22   HIGHEST GUST DIRECTION     S (200)


SKY COVER
  POSSIBLE SUNSHINE  MM
  AVERAGE SKY COVER 0.6


WEATHER CONDITIONS
 THE FOLLOWING WEATHER WAS RECORDED YESTERDAY.
  RAIN
  LIGHT RAIN
  FOG
  FOG W/VISIBILITY <= 1/4 MILE


RELATIVE HUMIDITY (PERCENT)
 HIGHEST   100
 LOWEST     51
 AVERAGE    76

..........................................................


THE BANGOR ME CLIMATE NORMALS FOR TODAY
                         NORMAL    RECORD    YEAR
 MAXIMUM TEMPERATURE (F)   79        96      1937
 MINIMUM TEMPERATURE (F)   57        41      1969


SUNRISE AND SUNSET
JULY  9 2014..........SUNRISE   459 AM EDT   SUNSET   822 PM EDT
JULY 10 2014..........SUNRISE   459 AM EDT   SUNSET   822 PM EDT


-  INDICATES NEGATIVE NUMBERS.
R  INDICATES RECORD WAS SET OR TIED.
MM INDICATES DATA IS MISSING.
T  INDICATES TRACE AMOUNT.




$$
