000
CDUS41 KCAR 220534
CLIBGR


CLIMATE REPORT
NATIONAL WEATHER SERVICE CARIBOU, ME
131 AM EDT THU JUN 22 2017


...................................

...THE BANGOR ME CLIMATE SUMMARY FOR JUNE 21 2017...

CLIMATE NORMAL PERIOD 1981 TO 2010
CLIMATE RECORD PERIOD 1925 TO 2017


WEATHER ITEM   OBSERVED TIME   RECORD YEAR NORMAL DEPARTURE LAST
                VALUE   (LST)  VALUE       VALUE  FROM      YEAR
                                                  NORMAL
..................................................................
TEMPERATURE (F)
 YESTERDAY
  MAXIMUM         78   1140 AM  96    1938  76      2       82
  MINIMUM         56    349 AM  38    1926  54      2       54
  AVERAGE         67                        65      2       68

PRECIPITATION (IN)
  YESTERDAY        T             1.46 2015   0.12  -0.12      T
  MONTH TO DATE    3.03                      2.73   0.30     2.27
  SINCE JUN 1      3.03                      2.73   0.30     2.27
  SINCE JAN 1     21.33                     18.78   2.55    16.48

SNOWFALL (IN)
  YESTERDAY        0.0           0.0  2002   0.0             0.0
                                      2001
  MONTH TO DATE    T                         0.0             0.0
  SINCE JUN 1      T                         0.0             0.0
  SINCE JUL 1     82.6                      66.1            44.6
  SNOW DEPTH       0

DEGREE DAYS
 HEATING
  YESTERDAY        0                         2     -2        0
  MONTH TO DATE   85                        92     -7       93
  SINCE JUN 1     85                        92     -7       93
  SINCE JUL 1   7377                      7845   -468     7036

 COOLING
  YESTERDAY        2                         2      0        3
  MONTH TO DATE   43                        29     14        5
  SINCE JUN 1     43                        29     14        5
  SINCE JAN 1     50                        35     15       15
..................................................................


WIND (MPH)
  RESULTANT WIND SPEED   5   RESULTANT WIND DIRECTION  SW (230)
  HIGHEST WIND SPEED    22   HIGHEST WIND DIRECTION    NW (310)
  HIGHEST GUST SPEED    30   HIGHEST GUST DIRECTION    NW (310)


SKY COVER
  POSSIBLE SUNSHINE  MM
  AVERAGE SKY COVER 0.6


WEATHER CONDITIONS
 THE FOLLOWING WEATHER WAS RECORDED YESTERDAY.
  LIGHT RAIN


RELATIVE HUMIDITY (PERCENT)
 HIGHEST    93
 LOWEST     38
 AVERAGE    66

..........................................................


THE BANGOR ME CLIMATE NORMALS FOR TODAY
                         NORMAL    RECORD    YEAR
 MAXIMUM TEMPERATURE (F)   76        97      1938
 MINIMUM TEMPERATURE (F)   54        36      1940


SUNRISE AND SUNSET
JUNE 22 2017..........SUNRISE   450 AM EDT   SUNSET   825 PM EDT
JUNE 23 2017..........SUNRISE   450 AM EDT   SUNSET   825 PM EDT


-  INDICATES NEGATIVE NUMBERS.
R  INDICATES RECORD WAS SET OR TIED.
MM INDICATES DATA IS MISSING.
T  INDICATES TRACE AMOUNT.




$$
