000
CDUS41 KCAR 171555
CLIBGR


CLIMATE REPORT
NATIONAL WEATHER SERVICE CARIBOU, ME
1046 AM EST FRI NOV 17 2017


...................................

...THE BANGOR ME CLIMATE SUMMARY FOR NOVEMBER 16 2017...

CLIMATE NORMAL PERIOD 1981 TO 2010
CLIMATE RECORD PERIOD 1925 TO 2017


WEATHER ITEM   OBSERVED TIME   RECORD YEAR NORMAL DEPARTURE LAST
                VALUE   (LST)  VALUE       VALUE  FROM      YEAR
                                                  NORMAL
..................................................................
TEMPERATURE (F)
 YESTERDAY
  MAXIMUM         45    239 PM  67    1990  45      0       57
  MINIMUM         30    608 AM   8    1933  29      1       47
  AVERAGE         38                        37      1       52

PRECIPITATION (IN)
  YESTERDAY        0.53          1.36 1983   0.15   0.38     1.23
  MONTH TO DATE    1.40                      2.21  -0.81     1.98
  SINCE SEP 1      9.68                     10.21  -0.53     6.41
  SINCE JAN 1     35.85                     36.46  -0.61    28.40

SNOWFALL (IN)
  YESTERDAY       MM             2.4  1983   0.0             0.0
  MONTH TO DATE    T                         0.4             0.0
  SINCE SEP 1      T                         0.5             0.0
  SINCE JUL 1      T                         0.5             0.0
  SNOW DEPTH       0

DEGREE DAYS
 HEATING
  YESTERDAY       27                        28     -1       13
  MONTH TO DATE  421                       408     13      369
  SINCE SEP 1    783                      1171   -388     1008
  SINCE JUL 1    830                      1234   -404     1035

 COOLING
  YESTERDAY        0                         0      0        0
  MONTH TO DATE    0                         0      0        0
  SINCE SEP 1     86                        24     62       59
  SINCE JAN 1    368                       318     50      448
..................................................................


WIND (MPH)
  RESULTANT WIND SPEED   1   RESULTANT WIND DIRECTION  NE (60)
  HIGHEST WIND SPEED    10   HIGHEST WIND DIRECTION    NW (310)
  HIGHEST GUST SPEED    15   HIGHEST GUST DIRECTION    NE (50)


SKY COVER
  POSSIBLE SUNSHINE  MM
  AVERAGE SKY COVER 1.0


WEATHER CONDITIONS
 THE FOLLOWING WEATHER WAS RECORDED YESTERDAY.
  RAIN
  LIGHT RAIN
  LIGHT SNOW
  FOG


RELATIVE HUMIDITY (PERCENT)
 HIGHEST    92
 LOWEST     70
 AVERAGE    81

..........................................................


THE BANGOR ME CLIMATE NORMALS FOR TODAY
                         NORMAL    RECORD    YEAR
 MAXIMUM TEMPERATURE (F)   45        64      2006
 MINIMUM TEMPERATURE (F)   28         8      1933


SUNRISE AND SUNSET
NOVEMBER 17 2017......SUNRISE   635 AM EST   SUNSET   405 PM EST
NOVEMBER 18 2017......SUNRISE   637 AM EST   SUNSET   404 PM EST


-  INDICATES NEGATIVE NUMBERS.
R  INDICATES RECORD WAS SET OR TIED.
MM INDICATES DATA IS MISSING.
T  INDICATES TRACE AMOUNT.




$$
