000
CDUS41 KCAR 170529
CLIBGR


CLIMATE REPORT
NATIONAL WEATHER SERVICE CARIBOU, ME
1229 AM EST WED DEC 17 2014


...................................

...THE BANGOR ME CLIMATE SUMMARY FOR DECEMBER 16 2014...

CLIMATE NORMAL PERIOD 1981 TO 2010
CLIMATE RECORD PERIOD 1925 TO 2014


WEATHER ITEM   OBSERVED TIME   RECORD YEAR NORMAL DEPARTURE LAST
                VALUE   (LST)  VALUE       VALUE  FROM      YEAR
                                                  NORMAL
..................................................................
TEMPERATURE (F)
 YESTERDAY
  MAXIMUM         37    249 PM  55    2008  34      3       20
  MINIMUM         28    817 AM -27    1943  15     13       -6
  AVERAGE         33                        24      9        7

PRECIPITATION (IN)
  YESTERDAY        0.01          3.51 1960   0.11  -0.10      T
  MONTH TO DATE    3.27                      2.00   1.27     1.05
  SINCE DEC 1      3.27                      2.00   1.27     1.05
  SINCE JAN 1     41.96                     40.45   1.51    38.18

SNOWFALL (IN)
  YESTERDAY        T             8.5  1989   0.5              T
  MONTH TO DATE    4.6                       6.6            11.3
  SINCE DEC 1      4.6                       6.6            11.3
  SINCE JUL 1     30.5                       9.0            12.0
  SNOW DEPTH       0

DEGREE DAYS
 HEATING
  YESTERDAY       32                        41     -9       58
  MONTH TO DATE  585                       597    -12      685
  SINCE DEC 1    585                       597    -12      685
  SINCE JUL 1   2169                      2266    -97     2270

 COOLING
  YESTERDAY        0                         0      0        0
  MONTH TO DATE    0                         0      0        0
  SINCE DEC 1      0                         0      0        0
  SINCE JAN 1    363                       318     45      355
..................................................................


WIND (MPH)
  RESULTANT WIND SPEED   3   RESULTANT WIND DIRECTION  SE (140)
  HIGHEST WIND SPEED    10   HIGHEST WIND DIRECTION    SE (150)
  HIGHEST GUST SPEED    19   HIGHEST GUST DIRECTION    NE (50)


SKY COVER
  POSSIBLE SUNSHINE  MM
  AVERAGE SKY COVER 1.0


WEATHER CONDITIONS
 THE FOLLOWING WEATHER WAS RECORDED YESTERDAY.
  LIGHT RAIN
  LIGHT SNOW
  FOG


RELATIVE HUMIDITY (PERCENT)
 HIGHEST   100
 LOWEST     78
 AVERAGE    89

..........................................................


THE BANGOR ME CLIMATE NORMALS FOR TODAY
                         NORMAL    RECORD    YEAR
 MAXIMUM TEMPERATURE (F)   33        60      2000
 MINIMUM TEMPERATURE (F)   15       -21      1943


SUNRISE AND SUNSET
DECEMBER 17 2014......SUNRISE   707 AM EST   SUNSET   356 PM EST
DECEMBER 18 2014......SUNRISE   708 AM EST   SUNSET   356 PM EST


-  INDICATES NEGATIVE NUMBERS.
R  INDICATES RECORD WAS SET OR TIED.
MM INDICATES DATA IS MISSING.
T  INDICATES TRACE AMOUNT.




$$
