000
CDUS41 KCAR 172032
CLIBGR


CLIMATE REPORT
NATIONAL WEATHER SERVICE CARIBOU, ME
432 PM EDT WED MAY 17 2017


...................................

...THE BANGOR ME CLIMATE SUMMARY FOR MAY 17 2017...
VALID TODAY AS OF 0400 PM LOCAL TIME.

CLIMATE NORMAL PERIOD 1981 TO 2010
CLIMATE RECORD PERIOD 1925 TO 2017


WEATHER ITEM   OBSERVED TIME   RECORD YEAR NORMAL DEPARTURE LAST
                VALUE   (LST)  VALUE       VALUE  FROM      YEAR
                                                  NORMAL
..................................................................
TEMPERATURE (F)
 TODAY
  MAXIMUM         77   1228 PM  90    1932  66     11       61
  MINIMUM         44    404 AM  28    1939  43      1       41
  AVERAGE         61                        54      7       51

PRECIPITATION (IN)
  TODAY            0.00          1.14 1970   0.11  -0.11      T
  MONTH TO DATE    4.92                      1.91   3.01     1.90
  SINCE MAR 1     10.97                      8.91   2.06     7.75
  SINCE JAN 1     16.86                     14.32   2.54    14.02

SNOWFALL (IN)
  TODAY            0.0          MM      MM   0.0    0.0      0.0
  MONTH TO DATE    0.0                       0.1   -0.1       T
  SINCE MAR 1     19.3                      15.5    3.8      6.0
  SINCE JUL 1     82.6                      66.2   16.4     44.6
  SNOW DEPTH       0

DEGREE DAYS
 HEATING
  TODAY            4                        11     -7       14
  MONTH TO DATE  256                       232     24      246
  SINCE MAR 1   2040                      1984     56     1967
  SINCE JUL 1   7168                      7630   -462     6882

 COOLING
  TODAY            0                         0      0        0
  MONTH TO DATE    0                         0      0        0
  SINCE MAR 1      0                         0      0        0
  SINCE JAN 1      0                         0      0        0
..................................................................


WIND (MPH)
  HIGHEST WIND SPEED    24   HIGHEST WIND DIRECTION     S (170)
  HIGHEST GUST SPEED    31   HIGHEST GUST DIRECTION     S (180)
  AVERAGE WIND SPEED     7.2


SKY COVER
  POSSIBLE SUNSHINE  MM
  AVERAGE SKY COVER 0.3


WEATHER CONDITIONS
 THE FOLLOWING WEATHER WAS RECORDED TODAY.
  NO SIGNIFICANT WEATHER WAS OBSERVED.


RELATIVE HUMIDITY (PERCENT)
 HIGHEST    86           400 AM
 LOWEST     33          1100 AM
 AVERAGE    60

..........................................................


THE BANGOR ME CLIMATE NORMALS FOR TOMORROW
                         NORMAL    RECORD    YEAR
 MAXIMUM TEMPERATURE (F)   66        87      1936
 MINIMUM TEMPERATURE (F)   43        31      1983


SUNRISE AND SUNSET
MAY 17 2017...........SUNRISE   504 AM EDT   SUNSET   800 PM EDT
MAY 18 2017...........SUNRISE   503 AM EDT   SUNSET   801 PM EDT


-  INDICATES NEGATIVE NUMBERS.
R  INDICATES RECORD WAS SET OR TIED.
MM INDICATES DATA IS MISSING.
T  INDICATES TRACE AMOUNT.




$$
