000
CXUS55 KBYZ 011000
CF6BHK
PRELIMINARY LOCAL CLIMATOLOGICAL DATA (WS FORM: F-6)
STATION: BAKER MT
MONTH: AUGUST
YEAR: 2023
LATITUDE: 46 20 N
LONGITUDE: 104 15 W
TEMPERATURE IN F: :PCPN: SNOW: WIND :SUNSHINE: SKY :PK WND
================================================================================
1 2 3 4 5 6A 6B 7 8 9 10 11 12 13 14 15 16 17 18
12Z AVG MX 2MIN
DY MAX MIN AVG DEP HDD CDD WTR SNW DPTH SPD SPD DIR MIN PSBL S-S WX SPD DR
================================================================================
1 97 61 79 7 0 14 0.00 M M 11.7 29 70 M M 1 35 70
2 91 62 77 5 0 12 0.00 M M 9.0 21 130 M M 1 27 140
3 93 62 78 6 0 13 1.10 M M 12.8 31 340 M M 4 13 38 350
4 68 60 64 -8 1 0 1.31 M M 14.9 23 70 M M 10 1 30 70
5 75 58 67 -5 0 2 0.52 M M 6.5 29 350 M M 7 138 35 350
6 81 53 67 -5 0 2 0.00 M M 3.4 10 340 M M 2 1 14 340
7 76 60 68 -3 0 3 0.06 M M 5.7 13 200 M M 7 16 10
8 83 52 68 -3 0 3 0.00 M M 4.6 13 210 M M 0 16 210
9 88 57 73 2 0 8 0.00 M M 7.2 16 260 M M 1 20 240
10 83 61 72 1 0 7 0.00 M M 10.0 29 310 M M 2 39 310
11 81 54 68 -3 0 3 0.00 M M 8.7 23 270 M M 1 27 260
12 85 51 68 -2 0 3 0.22 M M 7.3 28 360 M M 2 13 47 30
13 72 53 63 -7 2 0 0.01 M M 12.3 25 330 M M 7 29 310
14 82 49 66 -4 0 1 0.00 M M 3.9 12 280 M M 0 14 260
15 92 52 72 2 0 7 0.00 M M 5.2 13 190 M M 0 16 190
16 83 56 70 0 0 5 0.00 M M 15.0 30 320 M M 0 37 320
17 87 48 68 -1 0 3 0.00 M M 11.5 24 140 M M 0 30 150
18 96 58 77 8 0 12 T M M 8.3 26 290 M M 0 3 36 300
19 76 59 68 -1 0 3 0.01 M M 11.5 21 330 M M 0 26 330
20 65 52 59 -9 6 0 0.80 M M 16.1 29 120 M M 8 1 37 110
21 73 58 66 -2 0 1 0.08 M M 15.1 25 120 M M 8 13 31 110
22 94 63 79 11 0 14 0.04 M M 6.1 25 140 M M 4 123 32 140
23 87 62 75 7 0 10 T M M 9.5 22 270 M M 0 8 27 280
24 91 58 75 8 0 10 0.00 M M 7.4 18 310 M M 0 23 320
25 77 53 65 -2 0 0 0.00 M M 7.7 16 340 M M 0 20 340
26 87 53 70 3 0 5 0.00 M M 13.4 24 140 M M 1 30 140
27 87 57 72 6 0 7 0.00 M M 5.8 18 330 M M 1 24 320
28 85 52 69 3 0 4 0.00 M M 4.1 16 310 M M 0 19 310
29 89 50 70 4 0 5 0.00 M M 7.8 24 150 M M 0 8 33 140
30 89 53 71 6 0 6 T M M 13.8 37 310 M M 0 38 51 310
31 81 50 66 1 0 1 0.00 M M 10.6 29 270 M M 0 36 270
================================================================================
SM 2594 1727 9 164 4.15 M 286.9 M 67
================================================================================
AV 83.7 55.7 9.3 FASTST M M 2 MAX(MPH)
MISC ----> 37 310 51 310
================================================================================
NOTES:
# LAST OF SEVERAL OCCURRENCES
COLUMN 17 PEAK WIND IN M.P.H.
PRELIMINARY LOCAL CLIMATOLOGICAL DATA (WS FORM: F-6) , PAGE 2
STATION: BAKER MT
MONTH: AUGUST
YEAR: 2023
LATITUDE: 46 20 N
LONGITUDE: 104 15 W
[TEMPERATURE DATA] [PRECIPITATION DATA] SYMBOLS USED IN COLUMN 16
AVERAGE MONTHLY: 69.7 TOTAL FOR MONTH: 4.15 1 = FOG OR MIST
DPTR FM NORMAL: 0.6 DPTR FM NORMAL: 2.66 2 = FOG REDUCING VISIBILITY
HIGHEST: 97 ON 1 GRTST 24HR 1.86 ON 3- 4 TO 1/4 MILE OR LESS
LOWEST: 48 ON 17 3 = THUNDER
SNOW, ICE PELLETS, HAIL 4 = ICE PELLETS
TOTAL MONTH: M 5 = HAIL
GRTST 24HR M ON M 6 = FREEZING RAIN OR DRIZZLE
GRTST DEPTH: M ON M 7 = DUSTSTORM OR SANDSTORM:
VSBY 1/2 MILE OR LESS
8 = SMOKE OR HAZE
[NO. OF DAYS WITH] [WEATHER - DAYS WITH] 9 = BLOWING SNOW
X = TORNADO
MAX 32 OR BELOW: 0 0.01 INCH OR MORE: 10
MAX 90 OR ABOVE: 7 0.10 INCH OR MORE: 5
MIN 32 OR BELOW: 0 0.50 INCH OR MORE: 4
MIN 0 OR BELOW: 0 1.00 INCH OR MORE: 2
[HDD (BASE 65) ]
TOTAL THIS MO. 9 CLEAR (SCALE 0-3) 23
DPTR FM NORMAL -31 PTCLDY (SCALE 4-7) 5
TOTAL FM JUL 1 32 CLOUDY (SCALE 8-10) 3
DPTR FM NORMAL -27
[CDD (BASE 65) ]
TOTAL THIS MO. 164
DPTR FM NORMAL -5 [PRESSURE DATA]
TOTAL FM JAN 1 451 HIGHEST SLP 30.29 ON 20
DPTR FM NORMAL 24 LOWEST SLP 29.54 ON 18
[REMARKS]
#FINAL-08-23#