000
CXUS55 KVEF 010910
CF6BIH
PRELIMINARY LOCAL CLIMATOLOGICAL DATA (WS FORM: F-6)
STATION: BISHOP CA
MONTH: NOVEMBER
YEAR: 2021
LATITUDE: 37 22 N
LONGITUDE: 118 22 W
TEMPERATURE IN F: :PCPN: SNOW: WIND :SUNSHINE: SKY :PK WND
================================================================================
1 2 3 4 5 6A 6B 7 8 9 10 11 12 13 14 15 16 17 18
12Z AVG MX 2MIN
DY MAX MIN AVG DEP HDD CDD WTR SNW DPTH SPD SPD DIR MIN PSBL S-S WX SPD DR
================================================================================
1 69 42 56 5 9 0 0.00 0.0 0 4.6 9 330 M M 1 11 200
2 75 38 57 6 8 0 0.00 0.0 0 3.0 9 40 M M 0 10 290
3 76 36 56 6 9 0 0.00 0.0 0 5.7 15 150 M M 0 19 150
4 76 36 56 6 9 0 0.00 0.0 0 5.0 10 30 M M 0 13 290
5 76 31 54 4 11 0 0.00 0.0 0 7.8 22 160 M M 0 28 170
6 80 33 57 8 8 0 0.00 0.0 0 6.8 23 270 M M 0 34 280
7 76 41 59 10 6 0 0.00 0.0 0 7.3 21 260 M M 0 24 260
8 67 31 49 1 16 0 0.00 0.0 0 4.4 13 160 M M 0 17 160
9 66 39 53 5 12 0 0.13 0.0 0 5.1 15 280 M M 3 17 280
10 74 33 54 6 11 0 0.00 0.0 0 6.9 20 330 M M 1 25 330
11 77 43 60 13 5 0 0.00 0.0 0 5.2 12 310 M M 0 16 330
12 78 36 57 10 8 0 0.00 0.0 0 5.7 12 300 M M 0 12 300
13 80 36 58 12 7 0 0.00 0.0 0 5.3 10 320 M M 0 11 290
14 78 33 56 10 9 0 0.00 0.0 0 4.9 10 310 M M 0 11 300
15 68 37 53 7 12 0 0.00 0.0 0 3.5 10 330 M M 0 12 340
16 78 38 58 13 7 0 0.00 0.0 0 7.4 17 330 M M 0 23 340
17 65 41 53 8 12 0 0.00 0.0 0 8.4 13 330 M M 0 M M
18 M M M M M M 0.00 0.0 0 M M M M M M M M
19 M M M M M M M M M M M M M M M M M
20 M M M M M M 0.00 0.0 M M M M M M M M M
21 M M M M M M M M M M M M M M M M M
22 62 22 42 -1 23 0 0.00 0.0 0 5.0 10 290 M M 0 12 150
23 66 21 44 1 21 0 0.00 0.0 0 8.0 31 360 M M 0 39 360
24 59 21 40 -2 25 0 0.00 0.0 0 15.1 30 350 M M 0 37 350
25 63 17 40 -2 25 0 0.00 0.0 0 6.0 12 320 M M 0 12 290
26 69 21 45 3 20 0 0.00 0.0 0 4.7 10 320 M M 0 11 310
27 73 25 49 8 16 0 0.00 0.0 0 4.7 10 320 M M 0 12 150
28 72 28 50 9 15 0 0.00 0.0 0 4.7 10 310 M M 0 11 310
29 74 28 51 10 14 0 0.00 0.0 0 5.2 12 340 M M 0 13 350
30 77 33 55 15 10 0 0.00 0.0 M 5.6 12 320 M M 0 14 320
================================================================================
SM 1874 840 328 0 0.13 0.0 156.0 M 5
================================================================================
AV 72.1 32.3 6.0 FASTST M M 0 MAX(MPH)
MISC ----> 31 360 39 360
================================================================================
NOTES:
# LAST OF SEVERAL OCCURRENCES
COLUMN 17 PEAK WIND IN M.P.H.
PRELIMINARY LOCAL CLIMATOLOGICAL DATA (WS FORM: F-6) , PAGE 2
STATION: BISHOP CA
MONTH: NOVEMBER
YEAR: 2021
LATITUDE: 37 22 N
LONGITUDE: 118 22 W
[TEMPERATURE DATA] [PRECIPITATION DATA] SYMBOLS USED IN COLUMN 16
AVERAGE MONTHLY: 52.2 TOTAL FOR MONTH: 0.13 1 = FOG OR MIST
DPTR FM NORMAL: 6.6 DPTR FM NORMAL: -0.18 2 = FOG REDUCING VISIBILITY
HIGHEST: 80 ON 13, 6 GRTST 24HR 0.13 ON 9- 9 TO 1/4 MILE OR LESS
LOWEST: 17 ON 25 3 = THUNDER
SNOW, ICE PELLETS, HAIL 4 = ICE PELLETS
TOTAL MONTH: 0.0 INCH 5 = HAIL
GRTST 24HR 0.0 6 = FREEZING RAIN OR DRIZZLE
GRTST DEPTH: 0 7 = DUSTSTORM OR SANDSTORM:
VSBY 1/2 MILE OR LESS
8 = SMOKE OR HAZE
[NO. OF DAYS WITH] [WEATHER - DAYS WITH] 9 = BLOWING SNOW
X = TORNADO
MAX 32 OR BELOW: 0 0.01 INCH OR MORE: 1
MAX 90 OR ABOVE: 0 0.10 INCH OR MORE: 1
MIN 32 OR BELOW: 10 0.50 INCH OR MORE: 0
MIN 0 OR BELOW: 0 1.00 INCH OR MORE: 0
[HDD (BASE 65) ]
TOTAL THIS MO. 328 CLEAR (SCALE 0-3) 26
DPTR FM NORMAL -254 PTCLDY (SCALE 4-7) 0
TOTAL FM JUL 1 649 CLOUDY (SCALE 8-10) 4
DPTR FM NORMAL -207
[CDD (BASE 65) ]
TOTAL THIS MO. 0
DPTR FM NORMAL 0 [PRESSURE DATA]
TOTAL FM JAN 1 1597 HIGHEST SLP M ON M
DPTR FM NORMAL 386 LOWEST SLP 29.78 ON 7
[REMARKS]
#FINAL-11-21#