000
CXUS55 KVEF 281257
CF6BIH
PRELIMINARY LOCAL CLIMATOLOGICAL DATA (WS FORM: F-6)
STATION: BISHOP CA
MONTH: OCTOBER
YEAR: 2021
LATITUDE: 37 22 N
LONGITUDE: 118 22 W
TEMPERATURE IN F: :PCPN: SNOW: WIND :SUNSHINE: SKY :PK WND
================================================================================
1 2 3 4 5 6A 6B 7 8 9 10 11 12 13 14 15 16 17 18
12Z AVG MX 2MIN
DY MAX MIN AVG DEP HDD CDD WTR SNW DPTH SPD SPD DIR MIN PSBL S-S WX SPD DR
================================================================================
1 83 33 58 -5 7 0 0.00 0.0 0 7.9 20 160 M M 0 23 170
2 84 36 60 -3 5 0 0.00 0.0 0 5.5 12 150 M M 0 M M
3 87 36 62 0 3 0 0.00 0.0 0 7.9 16 160 M M 0 20 150
4 80 40 60 -2 5 0 0.00 0.0 0 4.5 9 320 M M 0 10 280
5 82 41 62 0 3 0 0.00 0.0 0 8.7 21 160 M M 1 28 140
6 78 45 62 1 3 0 0.00 0.0 0 8.2 22 160 M M 2 8 28 160
7 78 39 59 -2 6 0 0.00 0.0 0 13.1 26 150 M M 1 8 35 160
8 69 41 55 -5 10 0 T 0.0 0 7.5 23 300 M M 2 30 290
9 70 32 51 -9 14 0 0.00 0.0 0 10.2 18 350 M M 0 26 340
10 76 33 55 -5 10 0 0.00 0.0 0 6.9 15 160 M M 0 18 160
11 65 32 49 -10 16 0 0.00 0.0 0 18.9 44 350 M M 4 8 58 340
12 58 36 47 -12 18 0 0.00 0.0 0 14.4 25 10 M M 2 32 10
13 66 24 45 -14 20 0 0.00 0.0 0 5.6 18 160 M M 1 23 150
14 73 27 50 -8 15 0 0.00 0.0 0 6.6 14 340 M M 0 19 350
15 75 30 53 -5 12 0 0.00 0.0 0 5.2 14 160 M M 0 19 170
16 80 31 56 -2 9 0 0.00 0.0 0 9.9 22 150 M M 0 30 140
17 77 29 53 -4 12 0 0.00 0.0 0 8.3 25 150 M M 0 32 150
18 62 39 51 -6 14 0 T 0.0 0 15.2 31 360 M M 2 40 350
19 67 26 47 -9 18 0 0.00 0.0 0 10.5 24 160 M M 0 31 160
20 69 31 50 -6 15 0 0.00 0.0 0 5.4 16 160 M M 0 19 140
21 71 42 57 1 8 0 0.00 0.0 0 4.4 10 140 M M 0 14 150
22 80 32 56 1 9 0 0.00 0.0 0 8.1 28 250 M M 0 38 260
23 78 42 60 5 5 0 0.00 0.0 0 6.1 23 360 M M 2 29 350
24 75 44 60 6 5 0 T 0.0 0 8.8 28 180 M M 5 37 130
25 70 38 54 0 11 0 0.65 0.0 0 14.0 26 180 M M 6 1 36 180
26 65 31 48 -6 17 0 0.00 0.0 0 2.8 9 280 M M 1 11 280
27 77 35 56 3 9 0 0.00 0.0 0 6.2 15 350 M M 0 8 19 340
28 78 43 61 8 4 0 0.00 0.0 0 4.6 12 290 M M 0 13 290
29 77 39 58 6 7 0 0.00 0.0 0 5.3 10 190 M M 0 14 150
30 75 38 57 5 8 0 0.00 0.0 0 5.2 14 170 M M 0 17 160
31 73 35 54 2 11 0 0.00 0.0 0 5.6 15 150 M M 0 17 160
================================================================================
SM 2298 1100 309 0 0.65 0.0 251.5 M 29
================================================================================
AV 74.1 35.5 8.1 FASTST M M 1 MAX(MPH)
MISC ----> 44 350 58 340
================================================================================
NOTES:
# LAST OF SEVERAL OCCURRENCES
COLUMN 17 PEAK WIND IN M.P.H.
PRELIMINARY LOCAL CLIMATOLOGICAL DATA (WS FORM: F-6) , PAGE 2
STATION: BISHOP CA
MONTH: OCTOBER
YEAR: 2021
LATITUDE: 37 22 N
LONGITUDE: 118 22 W
[TEMPERATURE DATA] [PRECIPITATION DATA] SYMBOLS USED IN COLUMN 16
AVERAGE MONTHLY: 54.8 TOTAL FOR MONTH: 0.65 1 = FOG OR MIST
DPTR FM NORMAL: -2.7 DPTR FM NORMAL: 0.30 2 = FOG REDUCING VISIBILITY
HIGHEST: 87 ON 3 GRTST 24HR 0.65 ON 25-25 TO 1/4 MILE OR LESS
LOWEST: 24 ON 13 3 = THUNDER
SNOW, ICE PELLETS, HAIL 4 = ICE PELLETS
TOTAL MONTH: 0.0 INCH 5 = HAIL
GRTST 24HR 0.0 6 = FREEZING RAIN OR DRIZZLE
GRTST DEPTH: 0 7 = DUSTSTORM OR SANDSTORM:
VSBY 1/2 MILE OR LESS
8 = SMOKE OR HAZE
[NO. OF DAYS WITH] [WEATHER - DAYS WITH] 9 = BLOWING SNOW
X = TORNADO
MAX 32 OR BELOW: 0 0.01 INCH OR MORE: 1
MAX 90 OR ABOVE: 0 0.10 INCH OR MORE: 1
MIN 32 OR BELOW: 11 0.50 INCH OR MORE: 1
MIN 0 OR BELOW: 0 1.00 INCH OR MORE: 0
[HDD (BASE 65) ]
TOTAL THIS MO. 309 CLEAR (SCALE 0-3) 28
DPTR FM NORMAL 64 PTCLDY (SCALE 4-7) 3
TOTAL FM JUL 1 321 CLOUDY (SCALE 8-10) 0
DPTR FM NORMAL 46
[CDD (BASE 65) ]
TOTAL THIS MO. 0
DPTR FM NORMAL -12 [PRESSURE DATA]
TOTAL FM JAN 1 1597 HIGHEST SLP 30.34 ON 27
DPTR FM NORMAL 386 LOWEST SLP 29.38 ON 25
[REMARKS]
#FINAL-10-21#