000
CXUS53 KBIS 021240
CF6BIS
PRELIMINARY LOCAL CLIMATOLOGICAL DATA (WS FORM: F-6)
STATION: BISMARCK ND
MONTH: SEPTEMBER
YEAR: 2023
LATITUDE: 46 46 N
LONGITUDE: 100 45 W
TEMPERATURE IN F: :PCPN: SNOW: WIND :SUNSHINE: SKY :PK WND
================================================================================
1 2 3 4 5 6A 6B 7 8 9 10 11 12 13 14 15 16 17 18
12Z AVG MX 2MIN
DY MAX MIN AVG DEP HDD CDD WTR SNW DPTH SPD SPD DIR MIN PSBL S-S WX SPD DR
================================================================================
1 89 51 70 5 0 5 0.00 0.0 0 4.0 12 310 M M 0 18 310
2 99 57 78 13 0 13 0.00 0.0 0 5.8 20 220 M M 0 1 30 230
3 94 58 76 11 0 11 0.00 0.0 0 6.6 15 80 M M 0 8 20 90
4 93 64 79 15 0 14 0.68 0.0 0 8.5 46 290 M M 2 13 64 280
5 65 48 57 -7 8 0 0.23 0.0 0 12.0 28 350 M M 8 18 43 350
6 71 44 58 -6 7 0 0.00 0.0 0 4.4 12 160 M M 0 18 16 160
7 79 51 65 2 0 0 0.00 0.0 0 7.8 20 150 M M 0 18 24 170
8 78 54 66 3 0 1 0.03 0.0 0 6.8 17 340 M M 4 18 26 340
9 72 51 62 0 3 0 0.09 0.0 0 4.0 22 300 M M 8 1 30 290
10 73 48 61 -1 4 0 0.00 0.0 0 2.6 10 150 M M 3 15 150
11 73 52 63 1 2 0 0.24 0.0 0 5.8 21 60 M M 7 13 26 70
12 70 47 59 -2 6 0 0.00 0.0 0 9.0 16 130 M M 3 12 22 90
13 78 47 63 2 2 0 0.00 0.0 0 9.2 20 160 M M 0 24 170
14 78 54 66 6 0 1 T 0.0 0 6.9 18 320 M M 1 18 24 320
15 70 50 60 0 5 0 T 0.0 0 8.4 22 320 M M 5 18 31 290
16 71 43 57 -3 8 0 0.00 0.0 0 3.8 10 80 M M 4 18 15 70
17 80 44 62 3 3 0 0.00 0.0 0 11.0 20 160 M M 0 26 160
18 89 49 69 10 0 4 0.00 0.0 0 4.6 15 150 M M 0 1 19 120
19 90 46 68 10 0 3 0.00 0.0 0 4.7 20 290 M M 0 8 25 280
20 73 41 57 -1 8 0 0.01 0.0 0 7.4 21 30 M M 2 18 26 60
21 74 58 66 8 0 1 0.06 0.0 0 11.8 21 60 M M 5 1 27 60
22 64 58 61 4 4 0 0.46 0.0 0 10.0 14 90 M M 10 1 19 80
23 64 59 62 5 3 0 0.95 0.0 0 6.1 17 320 M M 10 1 23 310
24 63 60 62 6 3 0 0.13 0.0 0 11.3 22 320 M M 10 1 31 320
25 69 57 63 7 2 0 0.00 0.0 0 5.8 12 330 M M 10 15 310
26 67 49 58 3 7 0 T 0.0 0 6.1 13 130 M M 7 12 17 110
27 72 50 61 6 4 0 T 0.0 0 10.8 25 140 M M 3 1 32 160
28 75 51 63 9 2 0 0.00 0.0 0 6.2 15 330 M M 2 20 340
29 73 49 61 7 4 0 0.11 0.0 0 3.2 17 80 M M 1 1 23 70
30 77 44 61 8 4 0 0.00 0.0 0 11.1 22 100 M M 0 30 110
================================================================================
SM 2283 1534 89 53 2.99 0.0 215.7 M 105
================================================================================
AV 76.1 51.1 7.2 FASTST M M 4 MAX(MPH)
MISC ----> 46 290 64 280
================================================================================
NOTES:
# LAST OF SEVERAL OCCURRENCES
COLUMN 17 PEAK WIND IN M.P.H.
PRELIMINARY LOCAL CLIMATOLOGICAL DATA (WS FORM: F-6) , PAGE 2
STATION: BISMARCK ND
MONTH: SEPTEMBER
YEAR: 2023
LATITUDE: 46 46 N
LONGITUDE: 100 45 W
[TEMPERATURE DATA] [PRECIPITATION DATA] SYMBOLS USED IN COLUMN 16
AVERAGE MONTHLY: 63.6 TOTAL FOR MONTH: 2.99 1 = FOG OR MIST
DPTR FM NORMAL: 3.9 DPTR FM NORMAL: 1.27 2 = FOG REDUCING VISIBILITY
HIGHEST: 99 ON 2 GRTST 24HR 1.05 ON 23-24 TO 1/4 MILE OR LESS
LOWEST: 41 ON 20 3 = THUNDER
SNOW, ICE PELLETS, HAIL 4 = ICE PELLETS
TOTAL MONTH: 0.0 INCH 5 = HAIL
GRTST 24HR 0.0 6 = FREEZING RAIN OR DRIZZLE
GRTST DEPTH: 0 7 = DUSTSTORM OR SANDSTORM:
VSBY 1/2 MILE OR LESS
8 = SMOKE OR HAZE
[NO. OF DAYS WITH] [WEATHER - DAYS WITH] 9 = BLOWING SNOW
X = TORNADO
MAX 32 OR BELOW: 0 0.01 INCH OR MORE: 11
MAX 90 OR ABOVE: 4 0.10 INCH OR MORE: 7
MIN 32 OR BELOW: 0 0.50 INCH OR MORE: 2
MIN 0 OR BELOW: 0 1.00 INCH OR MORE: 0
[HDD (BASE 65) ]
TOTAL THIS MO. 89 CLEAR (SCALE 0-3) 18
DPTR FM NORMAL -115 PTCLDY (SCALE 4-7) 8
TOTAL FM JUL 1 124 CLOUDY (SCALE 8-10) 4
DPTR FM NORMAL -130
[CDD (BASE 65) ]
TOTAL THIS MO. 53
DPTR FM NORMAL 9 [PRESSURE DATA]
TOTAL FM JAN 1 673 HIGHEST SLP 30.36 ON 10
DPTR FM NORMAL 139 LOWEST SLP 29.47 ON 4
[REMARKS]
#FINAL-09-23#