000
CXUS55 KSEW 010930
CF6BLI
PRELIMINARY LOCAL CLIMATOLOGICAL DATA (WS FORM: F-6)
STATION: BELLINGHAM WA AIRPORT
MONTH: JUNE
YEAR: 2021
LATITUDE: 48 47 N
LONGITUDE: 122 32 W
TEMPERATURE IN F: :PCPN: SNOW: WIND :SUNSHINE: SKY :PK WND
================================================================================
1 2 3 4 5 6A 6B 7 8 9 10 11 12 13 14 15 16 17 18
12Z AVG MX 2MIN
DY MAX MIN AVG DEP HDD CDD WTR SNW DPTH SPD SPD DIR MIN PSBL S-S WX SPD DR
================================================================================
1 82 52 67 9 0 2 0.00 M M 3.5 12 290 M M 0 1 17 290
2 76 55 66 8 0 1 0.00 M M 8.0 16 190 M M 0 1 27 180
3 70 55 63 5 2 0 0.00 M M 10.0 16 190 M M 1 26 180
4 64 54 59 1 6 0 0.05 M M 7.8 18 180 M M 6 31 170
5 65 51 58 -1 7 0 0.29 M M 8.1 18 170 M M 8 25 170
6 55 49 52 -7 13 0 0.12 M M 6.3 16 160 M M 9 1 22 160
7 61 45 53 -6 12 0 T M M 4.3 14 180 M M 4 1 21 190
8 66 41 54 -5 11 0 0.00 M M 4.0 13 190 M M 3 19 190
9 66 49 58 -1 7 0 T M M 6.4 13 180 M M 4 20 180
10 65 50 58 -1 7 0 0.01 M M 4.9 14 170 M M 5 19 170
11 64 50 57 -2 8 0 0.01 M M 7.0 21 150 M M 7 30 170
12 74 54 64 5 1 0 0.05 M M 4.6 12 180 M M 6 18 210
13 68 58 63 4 2 0 0.45 M M 3.0 10 40 M M 9 18 16 70
14 64 58 61 1 4 0 0.25 M M 4.8 10 190 M M 8 16 180
15 70 55 63 3 2 0 T M M 6.6 15 170 M M 5 22 200
16 71 52 62 2 3 0 0.00 M M 6.1 12 340 M M 4 18 340
17 77 48 63 3 2 0 0.00 M M 3.6 10 310 M M 0 17 280
18 70 52 61 1 4 0 0.00 M M 7.4 14 200 M M 0 20 190
19 68 54 61 1 4 0 0.00 M M 7.0 17 190 M M 6 26 200
20 83 51 67 7 0 2 0.00 M M 5.4 17 20 M M 0 8 28 20
21 83 55 69 9 0 4 0.00 M M 3.0 12 290 M M 0 8 17 280
22 74 60 67 7 0 2 0.00 M M 9.1 16 190 M M 0 25 200
23 72 55 64 3 1 0 0.00 M M 8.9 17 180 M M 2 1 27 160
24 77 57 67 6 0 2 0.00 M M 4.7 10 180 M M 0 15 280
25 86 58 72 11 0 7 0.00 M M 3.6 13 330 M M 0 18 320
26 95 62 79 18 0 14 0.00 M M 1.8 9 290 M M 0 12 290
27 95 66 81 20 0 16 0.00 M M 3.2 9 290 M M 0 14 280
28 99 66 83 22 0 18 0.00 M M 2.3 9 310 M M 0 13 280
29 79 65 72 10 0 7 0.00 M M 11.2 26 160 M M 0 37 150
30 71 62 67 5 0 2 0.00 M M 11.0 18 180 M M 3 29 180
================================================================================
SM 2210 1639 96 77 1.23 M 177.6 M 90
================================================================================
AV 73.7 54.6 5.9 FASTST M M 3 MAX(MPH)
MISC ----> 26 160 37 150
================================================================================
NOTES:
# LAST OF SEVERAL OCCURRENCES
COLUMN 17 PEAK WIND IN M.P.H.
PRELIMINARY LOCAL CLIMATOLOGICAL DATA (WS FORM: F-6) , PAGE 2
STATION: BELLINGHAM WA AIRPORT
MONTH: JUNE
YEAR: 2021
LATITUDE: 48 47 N
LONGITUDE: 122 32 W
[TEMPERATURE DATA] [PRECIPITATION DATA] SYMBOLS USED IN COLUMN 16
AVERAGE MONTHLY: 64.2 TOTAL FOR MONTH: 1.23 1 = FOG OR MIST
DPTR FM NORMAL: 4.4 DPTR FM NORMAL: -0.38 2 = FOG REDUCING VISIBILITY
HIGHEST: 99 ON 28 GRTST 24HR 0.50 ON 12-13 TO 1/4 MILE OR LESS
LOWEST: 41 ON 8 3 = THUNDER
SNOW, ICE PELLETS, HAIL 4 = ICE PELLETS
TOTAL MONTH: M 5 = HAIL
GRTST 24HR M ON M 6 = FREEZING RAIN OR DRIZZLE
GRTST DEPTH: M ON M 7 = DUSTSTORM OR SANDSTORM:
VSBY 1/2 MILE OR LESS
8 = SMOKE OR HAZE
[NO. OF DAYS WITH] [WEATHER - DAYS WITH] 9 = BLOWING SNOW
X = TORNADO
MAX 32 OR BELOW: 0 0.01 INCH OR MORE: 8
MAX 90 OR ABOVE: 3 0.10 INCH OR MORE: 4
MIN 32 OR BELOW: 0 0.50 INCH OR MORE: 0
MIN 0 OR BELOW: 0 1.00 INCH OR MORE: 0
[HDD (BASE 65) ]
TOTAL THIS MO. 96 CLEAR (SCALE 0-3) 16
DPTR FM NORMAL -68 PTCLDY (SCALE 4-7) 12
TOTAL FM JUL 1 4793 CLOUDY (SCALE 8-10) 2
DPTR FM NORMAL -315
[CDD (BASE 65) ]
TOTAL THIS MO. 77
DPTR FM NORMAL 69 [PRESSURE DATA]
TOTAL FM JAN 1 77 HIGHEST SLP M ON M
DPTR FM NORMAL 68 LOWEST SLP 29.66 ON 28
[REMARKS]
#FINAL-06-21#