765
CDUS44 KOHX 290107
CLIBNA


CLIMATE REPORT
NATIONAL WEATHER SERVICE NASHVILLE TN
807 PM CDT TUE JUN 28 2016


...................................

...THE NASHVILLE CLIMATE SUMMARY FOR JUNE 28 2016...
VALID TODAY AS OF 0700 PM LOCAL TIME.

CLIMATE NORMAL PERIOD 1981 TO 2010
CLIMATE RECORD PERIOD 1871 TO 2016


WEATHER ITEM   OBSERVED TIME   RECORD YEAR NORMAL DEPARTURE
                VALUE   (LST)  VALUE       VALUE  FROM
                                                  NORMAL
...............................................................
TEMPERATURE (F)
 TODAY
  MAXIMUM         94    306 PM 105    2012  89      5
  MINIMUM         69    444 PM  52    1968  68      1
  AVERAGE         82                        78      4

PRECIPITATION (IN)
  TODAY            0.47          1.66 2011   0.12   0.35
  MONTH TO DATE    4.45                      3.88   0.57
  SINCE JAN 1     18.90                     25.18  -6.28

SNOWFALL (IN)
  TODAY            0.0           0.0  2002
                                      2001
  MONTH TO DATE    0.0
  SINCE JUN 1      0.0
  SINCE JUL 1     11.3

DEGREE DAYS
 HEATING
  TODAY            0                                0
  MONTH TO DATE    0                                0
  SINCE JUN 1      0                                0
  SINCE JUL 1   2736                             -949

 COOLING
  TODAY           17                                4
  MONTH TO DATE  420                              123
  SINCE JUN 1    420                              123
  SINCE JAN 1    657                              181
...............................................................


WIND (MPH)
  HIGHEST WIND SPEED    36   HIGHEST WIND DIRECTION     N (350)
  HIGHEST GUST SPEED    51   HIGHEST GUST DIRECTION     N (350)
  AVERAGE WIND SPEED     3.8



WEATHER CONDITIONS
 THE FOLLOWING WEATHER WAS RECORDED TODAY.
  THUNDERSTORM
  HEAVY RAIN
  RAIN
  FOG
  FOG W/VISIBILITY <= 1/4 MILE
  HAZE


RELATIVE HUMIDITY (PERCENT)
 HIGHEST    93
 LOWEST     36
 AVERAGE    65

..........................................................


THE NASHVILLE CLIMATE NORMALS FOR TOMORROW
                         NORMAL    RECORD    YEAR
 MAXIMUM TEMPERATURE (F)   89       109      2012
 MINIMUM TEMPERATURE (F)   68        54      1974


SUNRISE AND SUNSET
JUNE 28 2016..........SUNRISE   532 AM CDT   SUNSET   808 PM CDT
JUNE 29 2016..........SUNRISE   533 AM CDT   SUNSET   808 PM CDT


-  INDICATES NEGATIVE NUMBERS.
R  INDICATES RECORD WAS SET OR TIED.
MM INDICATES DATA IS MISSING.
T  INDICATES TRACE AMOUNT.




$$
