000
CDUS44 KOHX 260714
CLIBNA


CLIMATE REPORT
NATIONAL WEATHER SERVICE NASHVILLE TN
214 AM CDT TUE SEP 26 2017


...................................

...THE NASHVILLE CLIMATE SUMMARY FOR SEPTEMBER 25 2017...

CLIMATE NORMAL PERIOD 1981 TO 2010
CLIMATE RECORD PERIOD 1871 TO 2017


WEATHER ITEM   OBSERVED TIME   RECORD YEAR NORMAL DEPARTURE
                VALUE   (LST)  VALUE       VALUE  FROM
                                                  NORMAL
...............................................................
TEMPERATURE (F)
 YESTERDAY
  MAXIMUM         91    215 PM  95    1931  79     12
  MINIMUM         66    609 AM  41    1965  57      9
  AVERAGE         79                        68     11

PRECIPITATION (IN)
  YESTERDAY        0.00          1.98 1926   0.12  -0.12
  MONTH TO DATE    3.58                      2.81   0.77
  SINCE JAN 1     40.42                     35.06   5.36

SNOWFALL (IN)
  YESTERDAY        0.0           0.0  2002
                                      2001
                                      2000
  MONTH TO DATE    0.0
  SINCE SEP 1      0.0
  SINCE JUL 1      0.0

DEGREE DAYS
 HEATING
  YESTERDAY        0                               -2
  MONTH TO DATE   12                                0
  SINCE SEP 1     12                                0
  SINCE JUL 1     12                                0

 COOLING
  YESTERDAY       14                                9
  MONTH TO DATE  184                              -17
  SINCE SEP 1    184                              -17
  SINCE JAN 1   1764                              189
...............................................................


WIND (MPH)
  HIGHEST WIND SPEED    10   HIGHEST WIND DIRECTION     E (80)
  HIGHEST GUST SPEED    13   HIGHEST GUST DIRECTION    NE (60)
  AVERAGE WIND SPEED     1.6




RELATIVE HUMIDITY (PERCENT)
 HIGHEST    93
 LOWEST     38

..........................................................


THE NASHVILLE CLIMATE NORMALS FOR TODAY
                         NORMAL    RECORD    YEAR
 MAXIMUM TEMPERATURE (F)   79        92      1891
 MINIMUM TEMPERATURE (F)   56        38      2001


SUNRISE AND SUNSET
SEPTEMBER 26 2017.....SUNRISE   638 AM CDT   SUNSET   637 PM CDT
SEPTEMBER 27 2017.....SUNRISE   639 AM CDT   SUNSET   636 PM CDT


-  INDICATES NEGATIVE NUMBERS.
R  INDICATES RECORD WAS SET OR TIED.
MM INDICATES DATA IS MISSING.
T  INDICATES TRACE AMOUNT.




$$
