000
CDUS44 KOHX 011257
CLIBNA

CLIMATE REPORT
NATIONAL WEATHER SERVICE NASHVILLE TN
754 AM CDT MON SEP 1 2014


...................................

...THE NASHVILLE CLIMATE SUMMARY FOR AUGUST 31 2014...

CLIMATE NORMAL PERIOD 1981 TO 2010
CLIMATE RECORD PERIOD 1871 TO 2014


WEATHER ITEM   OBSERVED TIME   RECORD YEAR NORMAL DEPARTURE LAST
                VALUE   (LST)  VALUE       VALUE  FROM      YEAR
                                                  NORMAL
..................................................................
TEMPERATURE (F)
 YESTERDAY
  MAXIMUM         84    147 PM 101    1951  87     -3       95
  MINIMUM         71    613 AM  47    1946  66      5       72
  AVERAGE         78                        77      1       84

PRECIPITATION (IN)
  YESTERDAY        0.13          2.27 1944   0.09   0.04     0.05
  MONTH TO DATE    5.47                      3.17   2.30     1.99
  SINCE JUN 1     13.58                     10.95   2.63    13.07
  SINCE JAN 1     35.40                     32.25   3.15    37.51

SNOWFALL (IN)
  YESTERDAY        0.0           0.0  2002   0.0    0.0      0.0
                                      2001
                                      2000
  MONTH TO DATE    0.0                       0.0    0.0      0.0
  SINCE JUN 1      0.0                       0.0    0.0      0.0
  SINCE JUL 1      0.0                       0.0    0.0      0.0
  SNOW DEPTH       0

DEGREE DAYS
 HEATING
  YESTERDAY        0                         0      0        0
  MONTH TO DATE    0                         0      0        0
  SINCE JUN 1      0                         3     -3        0
  SINCE JUL 1      0                         0      0        0

 COOLING
  YESTERDAY       13                        12      1       19
  MONTH TO DATE  460                       425     35      408
  SINCE JUN 1   1225                      1195     30     1184
  SINCE JAN 1   1489                      1374    115     1391
..................................................................


WIND (MPH)
  HIGHEST WIND SPEED    20   HIGHEST WIND DIRECTION     S (200)
  HIGHEST GUST SPEED    26   HIGHEST GUST DIRECTION     S (190)
  AVERAGE WIND SPEED     7.7


SKY COVER
  POSSIBLE SUNSHINE  MM
  AVERAGE SKY COVER 0.8


WEATHER CONDITIONS
 THE FOLLOWING WEATHER WAS RECORDED YESTERDAY.
  RAIN
  LIGHT RAIN
  FOG


RELATIVE HUMIDITY (PERCENT)
 HIGHEST    94
 LOWEST     61
 AVERAGE    78

LOW SINCE MIDNIGHT...................................73
PRECIPITATION SINCE MIDNIGHT.........................0.00

THE NATIONAL HIGH TEMPERATURE YESTERDAY WAS 115 AT DEATH VALLEY,
CALIFORNIA. THE NATIONAL LOW TEMPERATURE YESTERDAY WAS 28 IN
STANLEY, IDAHO.

..........................................................


THE NASHVILLE CLIMATE NORMALS FOR TODAY
                         NORMAL    RECORD    YEAR
 MAXIMUM TEMPERATURE (F)   87       102      1953
 MINIMUM TEMPERATURE (F)   66        50      1946


SUNRISE AND SUNSET
SEPTEMBER  1 2014.....SUNRISE   618 AM CDT   SUNSET   714 PM CDT
SEPTEMBER  2 2014.....SUNRISE   619 AM CDT   SUNSET   713 PM CDT


-  INDICATES NEGATIVE NUMBERS.
R  INDICATES RECORD WAS SET OR TIED.
MM INDICATES DATA IS MISSING.
T  INDICATES TRACE AMOUNT.




$$
