000
CDUS44 KOHX 250621
CLIBNA


CLIMATE REPORT
NATIONAL WEATHER SERVICE NASHVILLE TN
1221 AM CST SUN FEB 25 2018


...................................

...THE NASHVILLE CLIMATE SUMMARY FOR FEBRUARY 24 2018...

CLIMATE NORMAL PERIOD 1981 TO 2010
CLIMATE RECORD PERIOD 1871 TO 2018


WEATHER ITEM   OBSERVED TIME   RECORD YEAR NORMAL DEPARTURE
                VALUE   (LST)  VALUE       VALUE  FROM
                                                  NORMAL
...............................................................
TEMPERATURE (F)
 YESTERDAY
  MAXIMUM         79    318 PM  81    2017  55     24
  MINIMUM         57   1159 PM  10    1967  34     23
  AVERAGE         68                        44     24

PRECIPITATION (IN)
  YESTERDAY        0.79          2.10 2011   0.15   0.64
  MONTH TO DATE    9.43                      3.38   6.05
  SINCE JAN 1     11.06                      7.13   3.93

SNOWFALL (IN)
  YESTERDAY        0.0           1.0  1934
  MONTH TO DATE    0.0
  SINCE DEC 1      2.4
  SINCE JUL 1      2.4

DEGREE DAYS
 HEATING
  YESTERDAY        0                              -21
  MONTH TO DATE  386                             -186
  SINCE DEC 1   2030                             -153
  SINCE JUL 1   2604                             -253

 COOLING
  YESTERDAY        3                                3
  MONTH TO DATE   21                               21
  SINCE DEC 1     21                               20
  SINCE JAN 1     21                               21
...............................................................


WIND (MPH)
  HIGHEST WIND SPEED    28   HIGHEST WIND DIRECTION    NW (310)
  HIGHEST GUST SPEED    43   HIGHEST GUST DIRECTION     W (290)
  AVERAGE WIND SPEED    12.0




RELATIVE HUMIDITY (PERCENT)
 HIGHEST    97
 LOWEST     56

..........................................................


THE NASHVILLE CLIMATE NORMALS FOR TODAY
                         NORMAL    RECORD    YEAR
 MAXIMUM TEMPERATURE (F)   55        78      1918
 MINIMUM TEMPERATURE (F)   34         5      1967


SUNRISE AND SUNSET
FEBRUARY 25 2018......SUNRISE   622 AM CST   SUNSET   538 PM CST
FEBRUARY 26 2018......SUNRISE   621 AM CST   SUNSET   539 PM CST


-  INDICATES NEGATIVE NUMBERS.
R  INDICATES RECORD WAS SET OR TIED.
MM INDICATES DATA IS MISSING.
T  INDICATES TRACE AMOUNT.




$$
