000
CDUS44 KOHX 190127
CLIBNA


CLIMATE REPORT
NATIONAL WEATHER SERVICE NASHVILLE TN
727 PM CST WED JAN 18 2017


...................................

...THE NASHVILLE CLIMATE SUMMARY FOR JANUARY 18 2017...
VALID TODAY AS OF 0400 PM LOCAL TIME.

CLIMATE NORMAL PERIOD 1981 TO 2010
CLIMATE RECORD PERIOD 1871 TO 2017


WEATHER ITEM   OBSERVED TIME   RECORD YEAR NORMAL DEPARTURE
                VALUE   (LST)  VALUE       VALUE  FROM
                                                  NORMAL
...............................................................
TEMPERATURE (F)
 TODAY
  MAXIMUM         51   1200 AM  76    1907  47      4
  MINIMUM         45    809 AM  -2    1930  28     17
  AVERAGE         48                        37     11

PRECIPITATION (IN)
  TODAY            0.00          1.24 1882   0.12  -0.12
  MONTH TO DATE    1.97                      2.12  -0.15
  SINCE JAN 1      1.97                      2.12  -0.15

SNOWFALL (IN)
  TODAY            0.0           3.5  1984
  MONTH TO DATE    0.4
  SINCE DEC 1      0.7
  SINCE JUL 1      0.7

DEGREE DAYS
 HEATING
  TODAY           17                              -11
  MONTH TO DATE  349                             -150
  SINCE DEC 1   1032                             -230
  SINCE JUL 1   1386                             -550

 COOLING
  TODAY            0                                0
  MONTH TO DATE    0                                0
  SINCE DEC 1      4                                3
  SINCE JAN 1      0                                0
...............................................................


WIND (MPH)
  HIGHEST WIND SPEED     8   HIGHEST WIND DIRECTION     N (350)
  HIGHEST GUST SPEED    21   HIGHEST GUST DIRECTION    NW (320)
  AVERAGE WIND SPEED     5.5




RELATIVE HUMIDITY (PERCENT)
 HIGHEST    83
 LOWEST     71
 AVERAGE    77

..........................................................


THE NASHVILLE CLIMATE NORMALS FOR TOMORROW
                         NORMAL    RECORD    YEAR
 MAXIMUM TEMPERATURE (F)   47        72      1974
                                             1907
 MINIMUM TEMPERATURE (F)   28        -5      1940


SUNRISE AND SUNSET
JANUARY 18 2017.......SUNRISE   656 AM CST   SUNSET   459 PM CST
JANUARY 19 2017.......SUNRISE   655 AM CST   SUNSET   500 PM CST


-  INDICATES NEGATIVE NUMBERS.
R  INDICATES RECORD WAS SET OR TIED.
MM INDICATES DATA IS MISSING.
T  INDICATES TRACE AMOUNT.




$$
