000
CDUS44 KOHX 031512
CLIBNA

CLIMATE REPORT
NATIONAL WEATHER SERVICE NASHVILLE TN
0912 AM CST TUE MAR 3 2015


...................................

...THE NASHVILLE CLIMATE SUMMARY FOR MARCH 2 2015...

CLIMATE NORMAL PERIOD 1981 TO 2010
CLIMATE RECORD PERIOD 1871 TO 2015


WEATHER ITEM   OBSERVED TIME   RECORD YEAR NORMAL DEPARTURE
                VALUE   (LST)  VALUE       VALUE  FROM
                                                  NORMAL
...............................................................
TEMPERATURE (F)
 YESTERDAY
  MAXIMUM         50    312 PM  81    2012  56     -6
  MINIMUM         32    656 AM   9    1980  35     -3
  AVERAGE         41                        46     -5

PRECIPITATION (IN)
  YESTERDAY        0.01          2.94 1997   0.13  -0.12
  MONTH TO DATE    0.24                      0.26  -0.02
  SINCE MAR 1      0.24                      0.26  -0.02
  SINCE JAN 1      7.06                      7.95  -0.89

SNOWFALL (IN)
  YESTERDAY        0.0           3.4  1960   0.1   -0.1
  MONTH TO DATE    0.0                       0.1   -0.1
  SINCE MAR 1      0.0                       0.1   -0.1
  SINCE JUL 1      3.2                       5.5   -2.3
  SNOW DEPTH       0

DEGREE DAYS
 HEATING
  YESTERDAY       24                                5
  MONTH TO DATE   44                                6
  SINCE MAR 1     44                                6
  SINCE JUL 1   3234                              258

 COOLING
  YESTERDAY        0                                0
  MONTH TO DATE    0                                0
  SINCE MAR 1      0                                0
  SINCE JAN 1      0                                0
...............................................................


WIND (MPH)
  HIGHEST WIND SPEED    15   HIGHEST WIND DIRECTION     N (20)
  HIGHEST GUST SPEED    20   HIGHEST GUST DIRECTION     N (360)
  AVERAGE WIND SPEED     7.1




RELATIVE HUMIDITY (PERCENT)
 HIGHEST    96
 LOWEST     42
 AVERAGE    69

..........................................................


THE NASHVILLE CLIMATE NORMALS FOR TODAY
                         NORMAL    RECORD    YEAR
 MAXIMUM TEMPERATURE (F)   57        80      1983
                                             1901
 MINIMUM TEMPERATURE (F)   36         2      1980


SUNRISE AND SUNSET
MARCH  3 2015.........SUNRISE   615 AM CST   SUNSET   543 PM CST
MARCH  4 2015.........SUNRISE   613 AM CST   SUNSET   544 PM CST


-  INDICATES NEGATIVE NUMBERS.
R  INDICATES RECORD WAS SET OR TIED.
MM INDICATES DATA IS MISSING.
T  INDICATES TRACE AMOUNT.

&&

THE LOW THIS MORNING WAS 43 DEGREES.
THERE HAS BEEN NO RAINFALL SINCE MIDNIGHT.


$$
