000
CDUS44 KOHX 281255
CLIBNA

CLIMATE REPORT
NATIONAL WEATHER SERVICE NASHVILLE TN
753 AM CDT TUE JUL 28 2015


...................................

...THE NASHVILLE CLIMATE SUMMARY FOR JULY 27 2015...

CLIMATE NORMAL PERIOD 1981 TO 2010
CLIMATE RECORD PERIOD 1871 TO 2015


WEATHER ITEM   OBSERVED TIME   RECORD YEAR NORMAL DEPARTURE
                VALUE   (LST)  VALUE       VALUE  FROM
                                                  NORMAL
...............................................................
TEMPERATURE (F)
 YESTERDAY
  MAXIMUM         94    223 PM 107    1952  89      5
  MINIMUM         74    512 AM  57    1962  70      4
                                      1911
                                      1891
  AVERAGE         84                        80      4

PRECIPITATION (IN)
  YESTERDAY        0.00          2.49 1878   0.11  -0.11
  MONTH TO DATE    5.71                      3.22   2.49
  SINCE JUN 1      9.09                      7.36   1.73
  SINCE JAN 1     30.09                     28.66   1.43

SNOWFALL (IN)
  YESTERDAY        0.0                       0.0    0.0
  MONTH TO DATE    0.0                       0.0    0.0
  SINCE JUN 1      0.0                       0.0    0.0
  SINCE JUL 1      0.0                       0.0    0.0
  SNOW DEPTH       0

DEGREE DAYS
 HEATING
  YESTERDAY        0                                0
  MONTH TO DATE    0                                0
  SINCE JUN 1      0                               -3
  SINCE JUL 1      0                                0

 COOLING
  YESTERDAY       19                                4
  MONTH TO DATE  431                               38
  SINCE JUN 1    824                              107
  SINCE JAN 1   1080                              184
...............................................................


WIND (MPH)
  HIGHEST WIND SPEED    10   HIGHEST WIND DIRECTION     W (250)
  HIGHEST GUST SPEED    16   HIGHEST GUST DIRECTION     W (280)
  AVERAGE WIND SPEED     2.5




RELATIVE HUMIDITY (PERCENT)
 HIGHEST   100
 LOWEST     46
 AVERAGE    73

LOW SINCE MIDNIGHT....................................77
PRECIPITATION SINCE MIDNIGHT..........................0.00

THE NATIONAL HIGH TEMPERATURE YESTERDAY WAS 112 AT BULLHEAD CITY,
AZ. THE NATIONAL LOW TEMPERATURE YESTERDAY WAS 29 AT BIG PINEY, WY.

..........................................................


THE NASHVILLE CLIMATE NORMALS FOR TODAY
                         NORMAL    RECORD    YEAR
 MAXIMUM TEMPERATURE (F)   89       107      1952
 MINIMUM TEMPERATURE (F)   70        55      1962


SUNRISE AND SUNSET
JULY 28 2015..........SUNRISE   551 AM CDT   SUNSET   755 PM CDT
JULY 29 2015..........SUNRISE   551 AM CDT   SUNSET   755 PM CDT


-  INDICATES NEGATIVE NUMBERS.
R  INDICATES RECORD WAS SET OR TIED.
MM INDICATES DATA IS MISSING.
T  INDICATES TRACE AMOUNT.




$$
