000
CDUS44 KOHX 050723
CLIBNA


CLIMATE REPORT
NATIONAL WEATHER SERVICE NASHVILLE TN
123 AM CST MON DEC 5 2016


...................................

...THE NASHVILLE CLIMATE SUMMARY FOR DECEMBER 4 2016...

CLIMATE NORMAL PERIOD 1981 TO 2010
CLIMATE RECORD PERIOD 1871 TO 2016


WEATHER ITEM   OBSERVED TIME   RECORD YEAR NORMAL DEPARTURE
                VALUE   (LST)  VALUE       VALUE  FROM
                                                  NORMAL
...............................................................
TEMPERATURE (F)
 YESTERDAY
  MAXIMUM         48   1016 PM  77    1998  53     -5
  MINIMUM         40    238 AM  10    1942  34      6
  AVERAGE         44                        43      1

PRECIPITATION (IN)
  YESTERDAY        0.26          2.38 1993   0.15   0.11
  MONTH TO DATE    0.42                      0.61  -0.19
  SINCE JAN 1     36.21                     43.62  -7.41

SNOWFALL (IN)
  YESTERDAY        0.0           2.5  1945
  MONTH TO DATE    0.0
  SINCE DEC 1      0.0
  SINCE JUL 1      0.0

DEGREE DAYS
 HEATING
  YESTERDAY       21                               -1
  MONTH TO DATE   86                                0
  SINCE DEC 1     86                                0
  SINCE JUL 1    440                             -320

 COOLING
  YESTERDAY        0                                0
  MONTH TO DATE    0                                0
  SINCE DEC 1      0                                0
  SINCE JAN 1   2244                              599
...............................................................


WIND (MPH)
  HIGHEST WIND SPEED    14   HIGHEST WIND DIRECTION     S (180)
  HIGHEST GUST SPEED    17   HIGHEST GUST DIRECTION     S (170)
  AVERAGE WIND SPEED     5.7




RELATIVE HUMIDITY (PERCENT)
 HIGHEST    96
 LOWEST     86

..........................................................


THE NASHVILLE CLIMATE NORMALS FOR TODAY
                         NORMAL    RECORD    YEAR
 MAXIMUM TEMPERATURE (F)   52        72      2001
                                             1953
 MINIMUM TEMPERATURE (F)   34        14      1886


SUNRISE AND SUNSET
DECEMBER  5 2016......SUNRISE   643 AM CST   SUNSET   432 PM CST
DECEMBER  6 2016......SUNRISE   644 AM CST   SUNSET   432 PM CST


-  INDICATES NEGATIVE NUMBERS.
R  INDICATES RECORD WAS SET OR TIED.
MM INDICATES DATA IS MISSING.
T  INDICATES TRACE AMOUNT.




$$
