000
CDUS44 KOHX 251307
CLIBNA

CLIMATE REPORT
NATIONAL WEATHER SERVICE NASHVILLE TN
700 AM CST TUE NOV 25 2014


...................................

...THE NASHVILLE CLIMATE SUMMARY FOR NOVEMBER 24 2014...

CLIMATE NORMAL PERIOD 1981 TO 2010
CLIMATE RECORD PERIOD 1871 TO 2014


WEATHER ITEM   OBSERVED TIME   RECORD YEAR NORMAL DEPARTURE
                VALUE   (LST)  VALUE       VALUE  FROM
                                                  NORMAL
...............................................................
TEMPERATURE (F)
 YESTERDAY
  MAXIMUM         63    430 AM  74    1931  57      6
  MINIMUM         38   1159 PM   3    1950  37      1
  AVERAGE         51                        47      4

PRECIPITATION (IN)
  YESTERDAY        0.00          1.31 1902   0.15  -0.15
  MONTH TO DATE    3.28                      3.31  -0.03
  SINCE SEP 1     11.92                      9.76   2.16
  SINCE JAN 1     47.32                     42.01   5.31

SNOWFALL (IN)
  YESTERDAY        0.0           7.2  1950   0.0    0.0
  MONTH TO DATE    0.2                       0.0    0.2
  SINCE SEP 1      0.2                       T      0.2
  SINCE JUL 1      0.2                       T      0.2
  SNOW DEPTH       0

DEGREE DAYS
 HEATING
  YESTERDAY       14                               -4
  MONTH TO DATE  496                              154
  SINCE SEP 1    649                               92
  SINCE JUL 1    649                               92

 COOLING
  YESTERDAY        0                                0
  MONTH TO DATE    0                                0
  SINCE SEP 1    314                               48
  SINCE JAN 1   1803                              163
...............................................................


WIND (MPH)
  HIGHEST WIND SPEED    29   HIGHEST WIND DIRECTION     S (190)
  HIGHEST GUST SPEED    40   HIGHEST GUST DIRECTION     S (180)
  AVERAGE WIND SPEED    11.4




RELATIVE HUMIDITY (PERCENT)
 HIGHEST    84
 LOWEST     38
 AVERAGE    61

LOW SINCE MIDNIGHT.......................................34
PRECIPITATION SINCE MIDNIGHT.............................0.00

THE NATIONAL HIGH TEMPERATURE YESTERDAY WAS 89 AT FORT PIERCE,
FLORIDA AND PUNTA GORDA, FLORIDA. THE NATIONAL LOW TEMPERATURE
YESTERDAY WAS -4 AT FOSSTON, MINNESOTA AND GUNNISON, COLORADO.

..........................................................


THE NASHVILLE CLIMATE NORMALS FOR TODAY
                         NORMAL    RECORD    YEAR
 MAXIMUM TEMPERATURE (F)   56        74      1990
                                             1958
 MINIMUM TEMPERATURE (F)   36        -1      1950


SUNRISE AND SUNSET
NOVEMBER 25 2014......SUNRISE   633 AM CST   SUNSET   434 PM CST
NOVEMBER 26 2014......SUNRISE   634 AM CST   SUNSET   434 PM CST


-  INDICATES NEGATIVE NUMBERS.
R  INDICATES RECORD WAS SET OR TIED.
MM INDICATES DATA IS MISSING.
T  INDICATES TRACE AMOUNT.




$$
