000
CDUS44 KOHX 221259
CLIBNA

CLIMATE REPORT
NATIONAL WEATHER SERVICE NASHVILLE TN
800 AM CDT WED OCT 22 2014


...................................

...THE NASHVILLE CLIMATE SUMMARY FOR OCTOBER 21 2014...

CLIMATE NORMAL PERIOD 1981 TO 2010
CLIMATE RECORD PERIOD 1871 TO 2014


WEATHER ITEM   OBSERVED TIME   RECORD YEAR NORMAL DEPARTURE
                VALUE   (LST)  VALUE       VALUE  FROM
                                                  NORMAL
...............................................................
TEMPERATURE (F)
 YESTERDAY
  MAXIMUM         73    312 PM  88    1947  70      3
  MINIMUM         46    550 AM  29    1952  47     -1
  AVERAGE         60                        59      1

PRECIPITATION (IN)
  YESTERDAY        0.00          2.14 1929   0.10  -0.10
  MONTH TO DATE    7.60                      2.02   5.58
  SINCE SEP 1      7.81                      5.43   2.38
  SINCE JAN 1     43.21                     37.68   5.53

SNOWFALL (IN)
  YESTERDAY        0.0           0.0  2002   0.0    0.0
                                      2001
                                      2000
  MONTH TO DATE    0.0                       0.0    0.0
  SINCE SEP 1      0.0                       0.0    0.0
  SINCE JUL 1      0.0                       0.0    0.0
  SNOW DEPTH       0

DEGREE DAYS
 HEATING
  YESTERDAY        5                               -2
  MONTH TO DATE   81                              -23
  SINCE SEP 1     84                              -44
  SINCE JUL 1     84                              -44

 COOLING
  YESTERDAY        0                               -1
  MONTH TO DATE   53                               14
  SINCE SEP 1    305                               46
  SINCE JAN 1   1794                              161
...............................................................


WIND (MPH)
  HIGHEST WIND SPEED    16   HIGHEST WIND DIRECTION    NW (320)
  HIGHEST GUST SPEED    21   HIGHEST GUST DIRECTION    NW (310)
  AVERAGE WIND SPEED     5.5




RELATIVE HUMIDITY (PERCENT)
 HIGHEST   100
 LOWEST     37
 AVERAGE    69

LOW SINCE MIDNIGHT.......................................44
PRECIPITATION SINCE MIDNIGHT.............................0.00

THE NATIONAL HIGH TEMPERATURE YESTERDAY WAS 95 AT BULLHEAD CITY,
ARIZONA, EL CENTRO NAS, CALIFORNIA, AND PALM SPRINGS, CALIFORNIA.
THE NATIONAL LOW TEMPERATURE YESTERDAY WAS 17 AT DOE LAKE, MICHIGAN.

..........................................................


THE NASHVILLE CLIMATE NORMALS FOR TODAY
                         NORMAL    RECORD    YEAR
 MAXIMUM TEMPERATURE (F)   70        88      1947
 MINIMUM TEMPERATURE (F)   47        26      1987


SUNRISE AND SUNSET
OCTOBER 22 2014.......SUNRISE   700 AM CDT   SUNSET   602 PM CDT
OCTOBER 23 2014.......SUNRISE   701 AM CDT   SUNSET   601 PM CDT


-  INDICATES NEGATIVE NUMBERS.
R  INDICATES RECORD WAS SET OR TIED.
MM INDICATES DATA IS MISSING.
T  INDICATES TRACE AMOUNT.




$$
