000
CDUS44 KOHX 300710
CLIBNA


CLIMATE REPORT
NATIONAL WEATHER SERVICE NASHVILLE TN
210 AM CDT TUE MAY 30 2017


...................................

...THE NASHVILLE CLIMATE SUMMARY FOR MAY 29 2017...

CLIMATE NORMAL PERIOD 1981 TO 2010
CLIMATE RECORD PERIOD 1871 TO 2017


WEATHER ITEM   OBSERVED TIME   RECORD YEAR NORMAL DEPARTURE
                VALUE   (LST)  VALUE       VALUE  FROM
                                                  NORMAL
...............................................................
TEMPERATURE (F)
 YESTERDAY
  MAXIMUM         83    249 PM  95    1941  82      1
                                      1914
                                      1911
  MINIMUM         65    514 AM  42    1984  61      4
  AVERAGE         74                        71      3

PRECIPITATION (IN)
  YESTERDAY        0.00          2.32 1924   0.17  -0.17
  MONTH TO DATE    3.81                      5.17  -1.36
  SINCE JAN 1     20.13                     20.97  -0.84

SNOWFALL (IN)
  YESTERDAY        0.0           0.0  2002
                                      2001
  MONTH TO DATE    0.0
  SINCE MAR 1      1.5
  SINCE JUL 1      2.2

DEGREE DAYS
 HEATING
  YESTERDAY        0                               -1
  MONTH TO DATE   41                              -15
  SINCE MAR 1    482                             -264
  SINCE JUL 1   2450                            -1234

 COOLING
  YESTERDAY        9                                2
  MONTH TO DATE  168                               49
  SINCE MAR 1    293                              129
  SINCE JAN 1    300                              136
...............................................................


WIND (MPH)
  HIGHEST WIND SPEED     9   HIGHEST WIND DIRECTION     S (180)
  HIGHEST GUST SPEED    13   HIGHEST GUST DIRECTION     S (180)
  AVERAGE WIND SPEED     3.7




RELATIVE HUMIDITY (PERCENT)
 HIGHEST    93
 LOWEST     43

..........................................................


THE NASHVILLE CLIMATE NORMALS FOR TODAY
                         NORMAL    RECORD    YEAR
 MAXIMUM TEMPERATURE (F)   82        95      1911
 MINIMUM TEMPERATURE (F)   61        38      1984


SUNRISE AND SUNSET
MAY 30 2017...........SUNRISE   532 AM CDT   SUNSET   757 PM CDT
MAY 31 2017...........SUNRISE   531 AM CDT   SUNSET   758 PM CDT


-  INDICATES NEGATIVE NUMBERS.
R  INDICATES RECORD WAS SET OR TIED.
MM INDICATES DATA IS MISSING.
T  INDICATES TRACE AMOUNT.




$$
