000
CDUS44 KOHX 011342
CLIBNA


CLIMATE REPORT
NATIONAL WEATHER SERVICE NASHVILLE TN
842 AM CDT SUN MAY 1 2016


...................................

...THE NASHVILLE CLIMATE SUMMARY FOR MAY 1 2016...
VALID AS OF 0800 AM LOCAL TIME.

CLIMATE NORMAL PERIOD 1981 TO 2010
CLIMATE RECORD PERIOD 1871 TO 2016


WEATHER ITEM   OBSERVED TIME   RECORD YEAR NORMAL DEPARTURE
                VALUE   (LST)  VALUE       VALUE  FROM
                                                  NORMAL
...............................................................
TEMPERATURE (F)
 TODAY
  MAXIMUM         68    710 AM  90    1942  75     -7
  MINIMUM         63    307 AM  34    1963  52     11
  AVERAGE         66                        64      2

PRECIPITATION (IN)
  TODAY            0.00          6.32 2010   0.19  -0.19
  MONTH TO DATE    0.00                      0.19  -0.19
  SINCE JAN 1     12.08                     15.99  -3.91

SNOWFALL (IN)
  TODAY            0.0           0.0  2002
                                      2001
  MONTH TO DATE    0.0
  SINCE MAR 1      0.0
  SINCE JUL 1     11.3

DEGREE DAYS
 HEATING
  TODAY            0                               -4
  MONTH TO DATE    0                               -4
  SINCE MAR 1    426                             -268
  SINCE JUL 1   2669                             -963

 COOLING
  TODAY            1                               -1
  MONTH TO DATE    1                               -1
  SINCE MAR 1     80                               33
  SINCE JAN 1     80                               33
...............................................................


WIND (MPH)
  HIGHEST WIND SPEED     7   HIGHEST WIND DIRECTION     S (190)
  HIGHEST GUST SPEED     9   HIGHEST GUST DIRECTION     S (170)
  AVERAGE WIND SPEED     3.0



WEATHER CONDITIONS
 THE FOLLOWING WEATHER WAS RECORDED TODAY.
  FOG


RELATIVE HUMIDITY (PERCENT)
 HIGHEST    93
 LOWEST     81
 AVERAGE    87

..........................................................


THE NASHVILLE CLIMATE NORMALS FOR TOMORROW
                         NORMAL    RECORD    YEAR
 MAXIMUM TEMPERATURE (F)   75        90      1901
 MINIMUM TEMPERATURE (F)   53        34      1963


SUNRISE AND SUNSET
MAY  1 2016...........SUNRISE   553 AM CDT   SUNSET   735 PM CDT
MAY  2 2016...........SUNRISE   552 AM CDT   SUNSET   735 PM CDT


-  INDICATES NEGATIVE NUMBERS.
R  INDICATES RECORD WAS SET OR TIED.
MM INDICATES DATA IS MISSING.
T  INDICATES TRACE AMOUNT.




$$
