000
CDUS44 KOHX 261235 RRA
CLIBNA

CLIMATE REPORT
NATIONAL WEATHER SERVICE NASHVILLE TN
635 AM CST MON JAN 26 2015

.....................................

UPDATED FOR MORNING CLIMATE AT BOTTOM

.....................................

...THE NASHVILLE CLIMATE SUMMARY FOR JANUARY 25 2015...

CLIMATE NORMAL PERIOD 1981 TO 2010
CLIMATE RECORD PERIOD 1871 TO 2015


WEATHER ITEM   OBSERVED TIME   RECORD YEAR NORMAL DEPARTURE
                VALUE   (LST)  VALUE       VALUE  FROM
                                                  NORMAL
...............................................................
TEMPERATURE (F)
 YESTERDAY
  MAXIMUM         57   1255 PM  78    1950  47     10
  MINIMUM         31    703 AM  -6    1963  28      3
  AVERAGE         44                        38      6

PRECIPITATION (IN)
  YESTERDAY        0.07          1.38 2004   0.12  -0.05
  MONTH TO DATE    2.21                      2.99  -0.78
  SINCE DEC 1      5.42                      7.23  -1.81
  SINCE JAN 1      2.21                      2.99  -0.78

SNOWFALL (IN)
  YESTERDAY        0.0           4.0  1978   0.1   -0.1
  MONTH TO DATE    0.9                       2.0   -1.1
  SINCE DEC 1      0.9                       2.5   -1.6
  SINCE JUL 1      1.1                       2.5   -1.4
  SNOW DEPTH       0

DEGREE DAYS
 HEATING
  YESTERDAY       21                               -6
  MONTH TO DATE  695                                6
  SINCE DEC 1   1366                              -86
  SINCE JUL 1   2140                               14

 COOLING
  YESTERDAY        0                                0
  MONTH TO DATE    0                                0
  SINCE DEC 1      0                               -1
  SINCE JAN 1      0                                0
...............................................................


WIND (MPH)
  HIGHEST WIND SPEED    23   HIGHEST WIND DIRECTION     S (180)
  HIGHEST GUST SPEED    28   HIGHEST GUST DIRECTION     S (190)
  AVERAGE WIND SPEED     9.5




RELATIVE HUMIDITY (PERCENT)
 HIGHEST    92
 LOWEST     47
 AVERAGE    70

..........................................................


THE NASHVILLE CLIMATE NORMALS FOR TODAY
                         NORMAL    RECORD    YEAR
 MAXIMUM TEMPERATURE (F)   48        73      1962
 MINIMUM TEMPERATURE (F)   28        -4      1940


SUNRISE AND SUNSET
JANUARY 26 2015.......SUNRISE   652 AM CST   SUNSET   507 PM CST
JANUARY 27 2015.......SUNRISE   651 AM CST   SUNSET   508 PM CST


-  INDICATES NEGATIVE NUMBERS.
R  INDICATES RECORD WAS SET OR TIED.
MM INDICATES DATA IS MISSING.
T  INDICATES TRACE AMOUNT.

&&

THE LOW TEMPERATURE SINCE MIDNIGHT HAS BEEN 33 DEGREES.
NO PRECIPITATION HAS OCCURRED SINCE MIDNIGHT.

$$
