000
CDUS44 KOHX 012128
CLIBNA

CLIMATE REPORT
NATIONAL WEATHER SERVICE NASHVILLE TN
428 PM CDT WED APR 1 2015


...................................

...THE NASHVILLE CLIMATE SUMMARY FOR APRIL 1 2015...
VALID AS OF 0400 PM LOCAL TIME.

CLIMATE NORMAL PERIOD 1981 TO 2010
CLIMATE RECORD PERIOD 1871 TO 2015


WEATHER ITEM   OBSERVED TIME   RECORD YEAR NORMAL DEPARTURE
                VALUE   (LST)  VALUE       VALUE  FROM
                                                  NORMAL
...............................................................
TEMPERATURE (F)
 TODAY
  MAXIMUM         76    314 PM  86    1963  66     10
                                      1940
  MINIMUM         49    343 AM  25    1923  43      6
  AVERAGE         63                        55      8

PRECIPITATION (IN)
  TODAY            0.00          2.53 1912   0.12  -0.12
  MONTH TO DATE    0.00                      0.12  -0.12
  SINCE MAR 1      4.29                      4.23   0.06
  SINCE JAN 1     11.11                     11.92  -0.81

SNOWFALL (IN)
  TODAY            0.0           0.0  2002   0.0    0.0
                                      2001
  MONTH TO DATE    0.0                       0.0    0.0
  SINCE MAR 1      2.9                       0.9    2.0
  SINCE JUL 1      6.1                       6.3   -0.2
  SNOW DEPTH       0

DEGREE DAYS
 HEATING
  TODAY            2                               -9
  MONTH TO DATE    2                               -9
  SINCE MAR 1    443                              -41
  SINCE JUL 1   3633                              211

 COOLING
  TODAY            0                               -1
  MONTH TO DATE    0                               -1
  SINCE MAR 1      2                               -7
  SINCE JAN 1      2                               -7
...............................................................


WIND (MPH)
  HIGHEST WIND SPEED    10   HIGHEST WIND DIRECTION     E (100)
  HIGHEST GUST SPEED    18   HIGHEST GUST DIRECTION     E (90)
  AVERAGE WIND SPEED     6.8




RELATIVE HUMIDITY (PERCENT)
 HIGHEST    56
 LOWEST     18

..........................................................


THE NASHVILLE CLIMATE NORMALS FOR TOMORROW
                         NORMAL    RECORD    YEAR
 MAXIMUM TEMPERATURE (F)   67        87      2012
                                             1946
 MINIMUM TEMPERATURE (F)   43        25      1924


SUNRISE AND SUNSET
APRIL  1 2015.........SUNRISE   633 AM CDT   SUNSET   708 PM CDT
APRIL  2 2015.........SUNRISE   632 AM CDT   SUNSET   709 PM CDT


-  INDICATES NEGATIVE NUMBERS.
R  INDICATES RECORD WAS SET OR TIED.
MM INDICATES DATA IS MISSING.
T  INDICATES TRACE AMOUNT.




$$
