000
CXUS54 KOHX 010939
CLMBNA

CLIMATE REPORT
NATIONAL WEATHER SERVICE NASHVILLE TN
337 AM CST MON FEB 1 2016

...................................

...THE NASHVILLE CLIMATE SUMMARY FOR THE MONTH OF JANUARY 2016...

CLIMATE NORMAL PERIOD 1981 TO 2010
CLIMATE RECORD PERIOD 1871 TO 2016

WEATHER         OBSERVED          NORMAL  DEPART  LAST YEAR`S
                 VALUE   DATE(S)  VALUE   FROM    VALUE
                                          NORMAL
.............................................................
TEMPERATURE (F)
RECORD
 HIGH              78   01/24/1972
                        01/25/1950
                        01/29/1911
 LOW              -17   01/21/1985
HIGHEST            72   01/31
LOWEST             12   01/24
                        01/18
AVG. MAXIMUM     47.2              46.9     0.3
AVG. MINIMUM     27.4              28.4    -1.0
MEAN             37.3              37.7    -0.4     37.6
DAYS MAX >= 90      0
DAYS MAX <= 32      3
DAYS MIN <= 32     24
DAYS MIN <= 0       0

PRECIPITATION (INCHES)
RECORD
 MAXIMUM        14.75   1937
 MINIMUM         0.19   1986
TOTALS           2.17              3.75   -1.58
DAYS >= .01         8
DAYS >= .10         5
DAYS >= .50         1
DAYS >= 1.00        0
GREATEST
 24 HR. TOTAL    1.16   01/21 TO 01/22

SNOWFALL (INCHES)
TOTALS            8.2R              2.6     5.6
SINCE 7/1         8.2                       5.1
DAYS >= TRACE       4
DAYS >= 1.0         1

DEGREE_DAYS
HEATING TOTAL     850               848       2
 SINCE 7/1       1643              2285    -642
COOLING TOTAL       0                 0       0
 SINCE 1/1          0                 0       0
..............................................................

WIND (MPH)
AVERAGE WIND SPEED              7.3
HIGHEST GUST SPEED/DIRECTION    40/200    DATE  01/31

SKY COVER
POSSIBLE SUNSHINE (PERCENT)   MM
AVERAGE SKY COVER           0.60
NUMBER OF DAYS CLEAR           8
NUMBER OF DAYS PARTLY CLOUDY  13
NUMBER OF DAYS CLOUDY         10

AVERAGE RH (PERCENT)     62

WEATHER CONDITIONS. NUMBER OF DAYS WITH
THUNDERSTORM              0     MIXED PRECIP               0
HEAVY RAIN                1     RAIN                       3
LIGHT RAIN                7     FREEZING RAIN              1
LT FREEZING RAIN          1     HAIL                       0
HEAVY SNOW                1     SNOW                       1
LIGHT SNOW                4     SLEET                      1
FOG                      11     FOG W/VIS <= 1/4 MILE      1
HAZE                      9

-  INDICATES NEGATIVE NUMBERS.
R  INDICATES RECORD WAS SET OR TIED.
MM INDICATES DATA IS MISSING.
T  INDICATES TRACE AMOUNT.

$$
BOYD
