000
CXUS54 KOHX 012157
CLMBNA

CLIMATE REPORT
NATIONAL WEATHER SERVICE NASHVILLE TN
413 PM CDT WED JUN 1 2016

...................................

...THE NASHVILLE CLIMATE SUMMARY FOR THE MONTH OF MAY 2016...

CLIMATE NORMAL PERIOD 1981 TO 2010
CLIMATE RECORD PERIOD 1871 TO 2016

WEATHER         OBSERVED          NORMAL  DEPART  LAST YEAR`S
                 VALUE   DATE(S)  VALUE   FROM    VALUE
                                          NORMAL
.............................................................
TEMPERATURE (F)
RECORD
 HIGH              96   05/31/1937
                        05/28/1911
 LOW               34   05/04/1976
                        05/02/1963
                        05/01/1963
HIGHEST            91   05/26
LOWEST             40   05/15
AVG. MAXIMUM     78.6              78.2     0.4
AVG. MINIMUM     56.8              56.8     0.0
MEAN             67.7              67.5     0.2     70.9
DAYS MAX >= 90      5
DAYS MAX <= 32      0
DAYS MIN <= 32      0
DAYS MIN <= 0       0

PRECIPITATION (INCHES)
RECORD
 MAXIMUM        16.43   2010
 MINIMUM         0.83   1951
TOTALS           2.37              5.50   -3.13
DAYS >= .01         9
DAYS >= .10         4
DAYS >= .50         1
DAYS >= 1.00        1
GREATEST
 24 HR. TOTAL    1.26   05/19 TO 05/20
                        05/20 TO 05/20
                        05/20 TO 05/21

SNOWFALL (INCHES)
TOTALS            0.0               0.0     0.0
SINCE 7/1        11.3                       5.0
DAYS >= TRACE       0
DAYS >= 1.0         0

DEGREE_DAYS
HEATING TOTAL      67                57      10
 SINCE 7/1       2736              3685    -949
COOLING TOTAL     158               134      24
 SINCE 1/1        237               179      58
..............................................................

WIND (MPH)
AVERAGE WIND SPEED              6.2
HIGHEST GUST SPEED/DIRECTION    45/340    DATE  05/04

SKY COVER
POSSIBLE SUNSHINE (PERCENT)   MM
AVERAGE SKY COVER           0.60
NUMBER OF DAYS CLEAR           6
NUMBER OF DAYS PC             20
NUMBER OF DAYS CLOUDY          5

AVERAGE RH (PERCENT)     64

WEATHER CONDITIONS. NUMBER OF DAYS WITH
THUNDERSTORM              9     MIXED PRECIP               0
HEAVY RAIN                2     RAIN                       4
LIGHT RAIN               12     FREEZING RAIN              0
LT FREEZING RAIN          0     HAIL                       0
HEAVY SNOW                0     SNOW                       0
LIGHT SNOW                0     SLEET                      0
FOG                      16     FOG W/VIS <= 1/4 MILE      1
HAZE                      5

-  INDICATES NEGATIVE NUMBERS.
R  INDICATES RECORD WAS SET OR TIED.
MM INDICATES DATA IS MISSING.
T  INDICATES TRACE AMOUNT.

$$
BOYD
01
