000
CXUS54 KOHX 092039
CLMBNA


CLIMATE REPORT
NATIONAL WEATHER SERVICE NASHVILLE TN
338 PM CDT SUN JUL 9 2017

...................................

...THE NASHVILLE CLIMATE SUMMARY FOR THE MONTH OF JUNE 2017...

CLIMATE NORMAL PERIOD 1981 TO 2010
CLIMATE RECORD PERIOD 1871 TO 2017

WEATHER         OBSERVED          NORMAL  DEPART  LAST YEAR`S
                 VALUE   DATE(S)  VALUE   FROM    VALUE
                                          NORMAL
.............................................................
TEMPERATURE (F)
RECORD
 HIGH             109   06/29/2012
 LOW               42   06/01/1966
                        06/01/1894
HIGHEST            94   06/14
LOWEST             53   06/09
AVG. MAXIMUM     86.7              86.0     0.7
AVG. MINIMUM     65.7              65.4     0.3
MEAN             76.2              75.7     0.5     79.4
DAYS MAX >= 90      8
DAYS MAX <= 32      0
DAYS MIN <= 32      0
DAYS MIN <= 0       0

PRECIPITATION (INCHES)
RECORD
 MAXIMUM        11.95   1998
 MINIMUM         0.21   1936
TOTALS           4.03              4.14   -0.11
DAYS >= .01         9
DAYS >= .10         6
DAYS >= .50         3
DAYS >= 1.00        1
GREATEST
 24 HR. TOTAL    1.30   06/18 TO 06/18
                        06/17 TO 06/18
                        06/18 TO 06/18

SNOWFALL (INCHES)
TOTALS            0.0               0.0     0.0
SINCE 7/1         2.2                      -4.1
DAYS >= TRACE       0
DAYS >= 1.0         0

DEGREE_DAYS
HEATING TOTAL       0                 3      -3
 SINCE 7/1       2450              3688   -1238
COOLING TOTAL     344               324      20
 SINCE 1/1        663               503     160
..............................................................

WIND (MPH)
AVERAGE WIND SPEED              5.8
HIGHEST GUST SPEED/DIRECTION    40/240    DATE  06/23

SKY COVER
POSSIBLE SUNSHINE (PERCENT)   MM
AVERAGE SKY COVER           0.60
NUMBER OF DAYS FAIR            6
NUMBER OF DAYS PC             15
NUMBER OF DAYS CLOUDY          9

AVERAGE RH (PERCENT)     68

WEATHER CONDITIONS. NUMBER OF DAYS WITH
THUNDERSTORM              0     MIXED PRECIP               0
HEAVY RAIN                5     RAIN                       5
LIGHT RAIN               10     FREEZING RAIN              0
LT FREEZING RAIN          0     HAIL                       0
HEAVY SNOW                0     SNOW                       0
LIGHT SNOW                0     SLEET                      0
FOG                       9     FOG W/VIS <= 1/4 MILE      1
HAZE                      4

-  INDICATES NEGATIVE NUMBERS.
R  INDICATES RECORD WAS SET OR TIED.
MM INDICATES DATA IS MISSING.
T  INDICATES TRACE AMOUNT.

$$
