000
CXUS54 KOHX 020655
CLMBNA

CLIMATE REPORT
NATIONAL WEATHER SERVICE NASHVILLE TN
1253 AM CST TUE DEC 2 2014

...................................

...THE NASHVILLE CLIMATE SUMMARY FOR THE MONTH OF NOVEMBER 2014...

CLIMATE NORMAL PERIOD 1981 TO 2010
CLIMATE RECORD PERIOD 1871 TO 2014

WEATHER         OBSERVED          NORMAL  DEPART  LAST YEAR`S
                 VALUE   DATE(S)  VALUE   FROM    VALUE
                                          NORMAL
.............................................................
TEMPERATURE (F)
RECORD
 HIGH              83   11/08/2005
                        11/11/1989
                        11/02/1982
 LOW                    11/25/1950
HIGHEST            73   11/04
LOWEST             18   11/19
AVG. MAXIMUM     54.4              60.3    -5.9
AVG. MINIMUM     33.8              39.4    -5.6
MEAN             44.1              49.8    -5.7     46.3
DAYS MAX >= 90      0
DAYS MAX <= 32      0
DAYS MIN <= 32     13
DAYS MIN <= 0       0

PRECIPITATION (INCHES)
RECORD
 MAXIMUM         9.04   1945
 MINIMUM         0.54   1949
TOTALS           3.34              4.31   -0.97
DAYS >= .01         7
DAYS >= .10         4
DAYS >= .50         3
DAYS >= 1.00        2
GREATEST
 24 HR. TOTAL    1.45   11/16 TO 11/17

SNOWFALL (INCHES)
TOTALS            0.2R              0.0     0.2
SINCE 7/1         0.2                       0.2
DAYS >= TRACE       3
DAYS >= 1.0         0

DEGREE_DAYS
HEATING TOTAL     621               459     162
 SINCE 7/1        774               674     100
COOLING TOTAL       0                 5      -5
 SINCE 1/1       1803              1645     158
..............................................................

WIND (MPH)
AVERAGE WIND SPEED              7.7
HIGHEST GUST SPEED/DIRECTION    40/180    DATE  11/24

SKY COVER
POSSIBLE SUNSHINE (PERCENT)   MM
AVERAGE SKY COVER           0.60
NUMBER OF DAYS FAIR            9
NUMBER OF DAYS PC             10
NUMBER OF DAYS CLOUDY         11

AVERAGE RH (PERCENT)     62

WEATHER CONDITIONS. NUMBER OF DAYS WITH
THUNDERSTORM              0     MIXED PRECIP               0
HEAVY RAIN                2     RAIN                       5
LIGHT RAIN                6     FREEZING RAIN              0
LT FREEZING RAIN          0     HAIL                       0
HEAVY SNOW                0     SNOW                       0
LIGHT SNOW                3     SLEET                      0
FOG                      11     FOG W/VIS <= 1/4 MILE      0
HAZE                      3

-  INDICATES NEGATIVE NUMBERS.
R  INDICATES RECORD WAS SET OR TIED.
MM INDICATES DATA IS MISSING.
T  INDICATES TRACE AMOUNT.

$$
BOYD
01
