000
CXUS54 KOHX 010643
CLMBNA

CLIMATE REPORT
NATIONAL WEATHER SERVICE NASHVILLE TN
142 AM CDT TUE APR 1 2014

...................................

...THE NASHVILLE CLIMATE SUMMARY FOR THE MONTH OF MARCH 2014...

CLIMATE NORMAL PERIOD 1981 TO 2010
CLIMATE RECORD PERIOD 1871 TO 2014

WEATHER         OBSERVED          NORMAL  DEPART  LAST YEAR`S
                 VALUE   DATE(S)  VALUE   FROM    VALUE
                                          NORMAL
.............................................................
TEMPERATURE (F)
RECORD
 HIGH              89   03/21/1907
 LOW                2   03/03/1980
HIGHEST            79   03/11
LOWEST             19   03/04
                        03/03
AVG. MAXIMUM     59.4              61.0    -1.6
AVG. MINIMUM     35.1              39.0    -3.9
MEAN             47.3              50.0    -2.7     44.9
DAYS MAX >= 90      0
DAYS MAX <= 32      0
DAYS MIN <= 32     11
DAYS MIN <= 0       0

PRECIPITATION (INCHES)
RECORD
 MAXIMUM        12.35   1975
 MINIMUM         0.85   1910
TOTALS           4.36              4.11    0.25
DAYS >= .01        10
DAYS >= .10         7
DAYS >= .50         2
DAYS >= 1.00        1
GREATEST
 24 HR. TOTAL    1.98   03/02 TO 03/02

SNOWFALL (INCHES)
TOTALS            0.1               0.9    -0.8
SINCE 7/1         1.5                      -4.8
DAYS >= TRACE       2
DAYS >= 1.0         0

DEGREE_DAYS
HEATING TOTAL     542               473      69
 SINCE 7/1       3727              3411     316
COOLING TOTAL       0                 8      -8
 SINCE 1/1          0                 8      -8
..............................................................

WIND (MPH)
AVERAGE WIND SPEED              8.0
HIGHEST GUST SPEED/DIRECTION    40/320    DATE  03/12

SKY COVER
POSSIBLE SUNSHINE (PERCENT)   MM
AVERAGE SKY COVER           0.60
NUMBER OF DAYS FAIR            5
NUMBER OF DAYS PC             13
NUMBER OF DAYS CLOUDY         13

AVERAGE RH (PERCENT)     62

WEATHER CONDITIONS. NUMBER OF DAYS WITH
THUNDERSTORM              0     MIXED PRECIP               0
HEAVY RAIN                2     RAIN                       6
LIGHT RAIN                9     FREEZING RAIN              2
LT FREEZING RAIN          1     HAIL                       0
HEAVY SNOW                0     SNOW                       0
LIGHT SNOW                3     SLEET                      0
FOG                      15     FOG W/VIS <= 1/4 MILE      1
HAZE                      5

-  INDICATES NEGATIVE NUMBERS.
R  INDICATES RECORD WAS SET OR TIED.
MM INDICATES DATA IS MISSING.
T  INDICATES TRACE AMOUNT.

$$
BOYD
