000
CXUS54 KOHX 130711
CLMBNA


CLIMATE REPORT...RETRANSMIT
NATIONAL WEATHER SERVICE NASHVILLE TN
208 AM CDT FRI OCT 13 2017

...................................

...THE NASHVILLE CLIMATE SUMMARY FOR THE MONTH OF JULY 2017...

CLIMATE NORMAL PERIOD 1981 TO 2010
CLIMATE RECORD PERIOD 1871 TO 2017

WEATHER         OBSERVED          NORMAL  DEPART  LAST YEAR`S
                 VALUE   DATE(S)  VALUE   FROM    VALUE
                                          NORMAL
.............................................................
TEMPERATURE (F)
RECORD
 HIGH             107   07/28/1952
                        07/27/1952
 LOW               51   07/23/1947
HIGHEST            98   07/22
                        07/21
LOWEST             63   07/30
AVG. MAXIMUM     91.6              89.3     2.3
AVG. MINIMUM     71.1              69.5     1.6
MEAN             81.4              79.4     2.0     82.5
DAYS MAX >= 90     23
DAYS MAX <= 32      0
DAYS MIN <= 32      0
DAYS MIN <= 0       0

PRECIPITATION (INCHES)
RECORD
 MAXIMUM         9.43   1878
 MINIMUM         0.46   1890
TOTALS           4.23              3.64    0.59
DAYS >= .01        10
DAYS >= .10         6
DAYS >= .50         3
DAYS >= 1.00        2
GREATEST
 24 HR. TOTAL    1.55   07/15 TO 07/15

SNOWFALL (INCHES)
TOTALS            0.0               0.0     0.0
SINCE 7/1         0.0                       0.0
DAYS >= TRACE       0
DAYS >= 1.0         0

DEGREE_DAYS
HEATING TOTAL       0                 0       0
 SINCE 7/1          0                 0       0
COOLING TOTAL     516               446      70
 SINCE 1/1       1179               949     230
..............................................................

WIND (MPH)
AVERAGE WIND SPEED              4.8
HIGHEST GUST SPEED/DIRECTION    39/360    DATE  07/01

SKY COVER
POSSIBLE SUNSHINE (PERCENT)   MM
AVERAGE SKY COVER           0.50
NUMBER OF DAYS FAIR            9
NUMBER OF DAYS PC             18
NUMBER OF DAYS CLOUDY          4

AVERAGE RH (PERCENT)     70

WEATHER CONDITIONS. NUMBER OF DAYS WITH
THUNDERSTORM              0     MIXED PRECIP               0
HEAVY RAIN                5     RAIN                       5
LIGHT RAIN               12     FREEZING RAIN              0
LT FREEZING RAIN          0     HAIL                       0
HEAVY SNOW                0     SNOW                       0
LIGHT SNOW                0     SLEET                      0
FOG                      14     FOG W/VIS <= 1/4 MILE      1
HAZE                      6

-  INDICATES NEGATIVE NUMBERS.
R  INDICATES RECORD WAS SET OR TIED.
MM INDICATES DATA IS MISSING.
T  INDICATES TRACE AMOUNT.

$$
