000
CXUS56 KBOI 011002
CF6BNO
PRELIMINARY LOCAL CLIMATOLOGICAL DATA (WS FORM: F-6)
STATION: BURNS OR
MONTH: NOVEMBER
YEAR: 2020
LATITUDE: 43 34 N
LONGITUDE: 118 57 W
TEMPERATURE IN F: :PCPN: SNOW: WIND :SUNSHINE: SKY :PK WND
================================================================================
1 2 3 4 5 6A 6B 7 8 9 10 11 12 13 14 15 16 17 18
12Z AVG MX 2MIN
DY MAX MIN AVG DEP HDD CDD WTR SNW DPTH SPD SPD DIR MIN PSBL S-S WX SPD DR
================================================================================
1 64 20 42 3 23 0 0.00 M M 6.0 15 90 M M 0 8 19 90
2 70 20 45 6 20 0 0.00 M M 3.6 10 80 M M 0 14 140
3 70 20 45 7 20 0 0.00 M M 2.2 10 270 M M 0 8 14 270
4 70 26 48 10 17 0 0.00 M M 3.6 13 220 M M 0 8 17 210
5 75 24 50 12 15 0 0.00 M M 3.6 20 230 M M 1 26 220
6 50 36 43 6 22 0 0.07 M M 10.7 21 300 M M 9 1 27 310
7 50 27 39 2 26 0 0.01 M M 12.5 24 340 M M 8 35 320
8 34 21 28 -8 37 0 T M M 10.1 22 320 M M 8 18 28 300
9 33 7 20 -16 45 0 0.00 M M 5.6 15 330 M M 5 19 330
10 45 26 36 0 29 0 0.02 M M 10.3 25 240 M M 8 18 32 270
11 41 3 22 -13 43 0 0.00 M M 7.6 17 330 M M 2 22 320
12 42 2 22 -13 43 0 0.00 M M 4.3 9 100 M M 2 8 14 200
13 43 23 33 -1 32 0 0.33 M M 11.3 33 250 M M 8 18 44 250
14 38 23 31 -3 34 0 0.25 M M 8.3 21 250 M M 9 1 29 260
15 41 34 38 4 27 0 0.22 M M 2.6 9 210 M M 10 1 12 210
16 55 32 44 11 21 0 0.10 M M 3.9 12 70 M M 4 12 14 90
17 61 31 46 13 19 0 0.00 M M 9.2 31 220 M M 5 44 220
18 49 30 40 8 25 0 0.10 M M 8.5 30 250 M M 8 1 42 250
19 44 20 32 0 33 0 T M M 7.0 21 260 M M 4 26 260
20 43 16 30 -1 35 0 0.00 M M 4.0 12 100 M M 0 15 110
21 42 15 29 -2 36 0 0.00 M M 3.2 10 320 M M 0 12 80
22 38 13 26 -5 39 0 0.00 M M 4.5 14 120 M M 1 18 16 110
23 46 23 35 5 30 0 0.01 M M 3.6 18 270 M M 7 1 24 270
24 43 15 29 -1 36 0 0.00 M M 4.4 10 70 M M 1 12 13 80
25 39 18 29 0 36 0 0.02 M M 7.2 16 250 M M 6 18 24 260
26 42 17 30 1 35 0 0.00 M M 3.4 12 230 M M 5 15 300
27 42 11 27 -1 38 0 0.00 M M 2.1 7 310 M M 0 9 70
28 40 12 26 -2 39 0 0.00 M M 3.1 9 300 M M 0 10 300
29 38 6 22 -6 43 0 0.00 M M 4.6 17 90 M M 1 128 22 80
30 46 10 28 1 37 0 0.00 M M 5.6 20 250 M M 4 1 26 250
================================================================================
SM 1434 581 935 0 1.13 M 176.6 M 116
================================================================================
AV 47.8 19.4 5.9 FASTST M M 4 MAX(MPH)
MISC ----> 33 250 # 44 250
================================================================================
NOTES:
# LAST OF SEVERAL OCCURRENCES
COLUMN 17 PEAK WIND IN M.P.H.
PRELIMINARY LOCAL CLIMATOLOGICAL DATA (WS FORM: F-6) , PAGE 2
STATION: BURNS OR
MONTH: NOVEMBER
YEAR: 2020
LATITUDE: 43 34 N
LONGITUDE: 118 57 W
[TEMPERATURE DATA] [PRECIPITATION DATA] SYMBOLS USED IN COLUMN 16
AVERAGE MONTHLY: 33.6 TOTAL FOR MONTH: 1.13 1 = FOG OR MIST
DPTR FM NORMAL: 0.3 DPTR FM NORMAL: -0.04 2 = FOG REDUCING VISIBILITY
HIGHEST: 75 ON 5 GRTST 24HR 0.45 ON 14-15 TO 1/4 MILE OR LESS
LOWEST: 2 ON 12 3 = THUNDER
SNOW, ICE PELLETS, HAIL 4 = ICE PELLETS
TOTAL MONTH: M 5 = HAIL
GRTST 24HR M ON M 6 = FREEZING RAIN OR DRIZZLE
GRTST DEPTH: M ON M 7 = DUSTSTORM OR SANDSTORM:
VSBY 1/2 MILE OR LESS
8 = SMOKE OR HAZE
[NO. OF DAYS WITH] [WEATHER - DAYS WITH] 9 = BLOWING SNOW
X = TORNADO
MAX 32 OR BELOW: 0 0.01 INCH OR MORE: 10
MAX 90 OR ABOVE: 0 0.10 INCH OR MORE: 5
MIN 32 OR BELOW: 28 0.50 INCH OR MORE: 0
MIN 0 OR BELOW: 0 1.00 INCH OR MORE: 0
[HDD (BASE 65) ]
TOTAL THIS MO. 935 CLEAR (SCALE 0-3) 14
DPTR FM NORMAL -16 PTCLDY (SCALE 4-7) 8
TOTAL FM JUL 1 1705 CLOUDY (SCALE 8-10) 8
DPTR FM NORMAL -296
[CDD (BASE 65) ]
TOTAL THIS MO. 0
DPTR FM NORMAL 0 [PRESSURE DATA]
TOTAL FM JAN 1 369 HIGHEST SLP 30.60 ON 21
DPTR FM NORMAL 154 LOWEST SLP 29.44 ON 7
[REMARKS]
#FINAL-11-20#