000
CDUS41 KBOX 300533
CLIBOS


CLIMATE REPORT
NATIONAL WEATHER SERVICE TAUNTON MA
133 AM EDT SUN APR 30 2017


...................................

...THE BOSTON MA CLIMATE SUMMARY FOR APRIL 29 2017...

CLIMATE NORMAL PERIOD 1981 TO 2010
CLIMATE RECORD PERIOD 1872 TO 2017


WEATHER ITEM   OBSERVED TIME   RECORD YEAR NORMAL DEPARTURE LAST
                VALUE   (LST)  VALUE       VALUE  FROM      YEAR
                                                  NORMAL
..................................................................
TEMPERATURE (F)
 YESTERDAY
  MAXIMUM         84    332 PM  85    1974  61     23       51
  MINIMUM         59    244 AM  31    1909  45     14       43
  AVERAGE         72                        53     19       47

PRECIPITATION (IN)
  YESTERDAY        0.00          1.52 1923   0.11  -0.11     0.00
  MONTH TO DATE    5.72                      3.62   2.10     2.91
  SINCE MAR 1      9.90                      7.94   1.96     6.07
  SINCE JAN 1     17.37                     14.55   2.82    13.51

SNOWFALL (IN)
  YESTERDAY        0.0           0.9  1987   0.0    0.0      0.0
  MONTH TO DATE    1.2                       1.9   -0.7      6.6
  SINCE MAR 1     11.3                       9.7    1.6     10.7
  SINCE JUL 1     47.6                      43.8    3.8     36.1
  SNOW DEPTH      MM

DEGREE DAYS
 HEATING
  YESTERDAY        0                        13    -13       18
  MONTH TO DATE  403                       498    -95      518
  SINCE MAR 1   1354                      1327     27     1206
  SINCE JUL 1   4893                      5369   -476     4536

 COOLING
  YESTERDAY        7                         0      7        0
  MONTH TO DATE   19                         0     19        3
  SINCE MAR 1     19                         0     19        3
  SINCE JAN 1     19                         0     19        3
..................................................................


WIND (MPH)
  RESULTANT WIND SPEED  11   RESULTANT WIND DIRECTION   W (260)
  HIGHEST WIND SPEED    32   HIGHEST WIND DIRECTION     W (270)
  HIGHEST GUST SPEED    43   HIGHEST GUST DIRECTION     W (290)
  AVERAGE WIND SPEED    13.1


SKY COVER
  POSSIBLE SUNSHINE  MM
  AVERAGE SKY COVER 0.5


WEATHER CONDITIONS
 THE FOLLOWING WEATHER WAS RECORDED YESTERDAY.
  NO SIGNIFICANT WEATHER WAS OBSERVED.


RELATIVE HUMIDITY (PERCENT)
 HIGHEST    90           300 AM
 LOWEST     39          1000 PM
 AVERAGE    65

..........................................................


THE BOSTON MA CLIMATE NORMALS FOR TODAY
                         NORMAL    RECORD    YEAR
 MAXIMUM TEMPERATURE (F)   61        86      1942
 MINIMUM TEMPERATURE (F)   45        31      1874


SUNRISE AND SUNSET
APRIL 30 2017.........SUNRISE   540 AM EDT   SUNSET   743 PM EDT
MAY  1 2017...........SUNRISE   539 AM EDT   SUNSET   744 PM EDT


-  INDICATES NEGATIVE NUMBERS.
R  INDICATES RECORD WAS SET OR TIED.
MM INDICATES DATA IS MISSING.
T  INDICATES TRACE AMOUNT.




$$
