000
CDUS41 KBOX 010548
CLIBOS


CLIMATE REPORT
NATIONAL WEATHER SERVICE TAUNTON MA
1238 AM EST SUN FEB 1 2015


...................................

...THE BOSTON MA CLIMATE SUMMARY FOR JANUARY 31 2015...

CLIMATE NORMAL PERIOD 1981 TO 2010
CLIMATE RECORD PERIOD 1872 TO 2015


WEATHER ITEM   OBSERVED TIME   RECORD YEAR NORMAL DEPARTURE LAST
                VALUE   (LST)  VALUE       VALUE  FROM      YEAR
                                                  NORMAL
..................................................................
TEMPERATURE (F)
 YESTERDAY
  MAXIMUM         21    424 PM  62    1913  36    -15       43
  MINIMUM         11    742 AM  -8    1920  23    -12       22
  AVERAGE         16                        29    -13       33

PRECIPITATION (IN)
  YESTERDAY        0.05          1.02 1914   0.11  -0.06     0.00
  MONTH TO DATE    3.57                      3.36   0.21     3.24
  SINCE DEC 1     10.13                      7.14   2.99     7.86
  SINCE JAN 1      3.57                      3.36   0.21     3.24

SNOWFALL (IN)
  YESTERDAY        1.3           7.4  1931   0.4    0.9      0.0
  MONTH TO DATE   34.3                      12.9   21.4     21.8
  SINCE DEC 1     34.6                      21.9   12.7     33.5
  SINCE JUL 1     37.2                      23.2   14.0     33.5
  SNOW DEPTH      MM

DEGREE DAYS
 HEATING
  YESTERDAY       49                        36     13       32
  MONTH TO DATE 1198                      1112     86     1157
  SINCE DEC 1   2021                      2055    -34     2130
  SINCE JUL 1   3034                      3110    -76     3146

 COOLING
  YESTERDAY        0                         0      0        0
  MONTH TO DATE    0                         0      0        0
  SINCE DEC 1      0                         0      0        0
  SINCE JAN 1      0                         0      0        0
..................................................................


WIND (MPH)
  RESULTANT WIND SPEED  22   RESULTANT WIND DIRECTION  NW (300)
  HIGHEST WIND SPEED    36   HIGHEST WIND DIRECTION    NW (320)
  HIGHEST GUST SPEED    48   HIGHEST GUST DIRECTION    NW (320)
  AVERAGE WIND SPEED    22.0


SKY COVER
  POSSIBLE SUNSHINE  MM
  AVERAGE SKY COVER 0.5


WEATHER CONDITIONS
 THE FOLLOWING WEATHER WAS RECORDED YESTERDAY.
  SNOW
  LIGHT SNOW
  FOG
  FOG W/VISIBILITY <= 1/4 MILE
  HAZE
  BLOWING SNOW


RELATIVE HUMIDITY (PERCENT)
 HIGHEST    83           700 AM
 LOWEST     28           300 PM
 AVERAGE    56

..........................................................


THE BOSTON MA CLIMATE NORMALS FOR TODAY
                         NORMAL    RECORD    YEAR
 MAXIMUM TEMPERATURE (F)   36        66      1989
 MINIMUM TEMPERATURE (F)   23        -7      1920


SUNRISE AND SUNSET
FEBRUARY  1 2015......SUNRISE   658 AM EST   SUNSET   458 PM EST
FEBRUARY  2 2015......SUNRISE   657 AM EST   SUNSET   459 PM EST


-  INDICATES NEGATIVE NUMBERS.
R  INDICATES RECORD WAS SET OR TIED.
MM INDICATES DATA IS MISSING.
T  INDICATES TRACE AMOUNT.




$$
