000
CDUS41 KBOX 200539
CLIBOS


CLIMATE REPORT
NATIONAL WEATHER SERVICE TAUNTON MA
135 AM EDT SAT SEP 20 2014


...................................

...THE BOSTON MA CLIMATE SUMMARY FOR SEPTEMBER 19 2014...

CLIMATE NORMAL PERIOD 1981 TO 2010
CLIMATE RECORD PERIOD 1872 TO 2014


WEATHER ITEM   OBSERVED TIME   RECORD YEAR NORMAL DEPARTURE LAST
                VALUE   (LST)  VALUE       VALUE  FROM      YEAR
                                                  NORMAL
..................................................................
TEMPERATURE (F)
 YESTERDAY
  MAXIMUM         56    223 PM  92    1983  71    -15       71
  MINIMUM         46    551 AM  42    1929  56    -10       54
  AVERAGE         51                        64    -13       63

PRECIPITATION (IN)
  YESTERDAY        0.00          1.21 1936   0.12  -0.12     0.00
  MONTH TO DATE    0.51                      2.07  -1.56     1.84
  SINCE SEP 1      0.51                      2.07  -1.56     1.84
  SINCE JAN 1     27.40                     30.69  -3.29    32.04

SNOWFALL (IN)
  YESTERDAY        0.0           0.0  2002   0.0    0.0      0.0
                                      2001
                                      2000
  MONTH TO DATE    0.0                       0.0    0.0      0.0
  SINCE SEP 1      0.0                       0.0    0.0      0.0
  SINCE JUL 1      0.0                       0.0    0.0      0.0
  SNOW DEPTH      MM

DEGREE DAYS
 HEATING
  YESTERDAY       14                         3     11        2
  MONTH TO DATE   43                        32     11       32
  SINCE SEP 1     43                        32     11       32
  SINCE JUL 1     43                        45     -2       34

 COOLING
  YESTERDAY        0                         2     -2        0
  MONTH TO DATE   96                        66     30       80
  SINCE SEP 1     96                        66     30       80
  SINCE JAN 1    735                       725     10      901
..................................................................


WIND (MPH)
  RESULTANT WIND SPEED   6   RESULTANT WIND DIRECTION  NE (50)
  HIGHEST WIND SPEED    16   HIGHEST WIND DIRECTION     N (10)
  HIGHEST GUST SPEED    20   HIGHEST GUST DIRECTION    NE (50)
  AVERAGE WIND SPEED    10.4


SKY COVER
  POSSIBLE SUNSHINE  MM
  AVERAGE SKY COVER 0.3


WEATHER CONDITIONS
 THE FOLLOWING WEATHER WAS RECORDED YESTERDAY.
  NO SIGNIFICANT WEATHER WAS OBSERVED.


RELATIVE HUMIDITY (PERCENT)
 HIGHEST    65           600 AM
 LOWEST     41           500 PM
 AVERAGE    53

..........................................................


THE BOSTON MA CLIMATE NORMALS FOR TODAY
                         NORMAL    RECORD    YEAR
 MAXIMUM TEMPERATURE (F)   71        97      1983
 MINIMUM TEMPERATURE (F)   56        42      1979
                                             1964
                                             1929


SUNRISE AND SUNSET
SEPTEMBER 20 2014.....SUNRISE   629 AM EDT   SUNSET   645 PM EDT
SEPTEMBER 21 2014.....SUNRISE   630 AM EDT   SUNSET   643 PM EDT


-  INDICATES NEGATIVE NUMBERS.
R  INDICATES RECORD WAS SET OR TIED.
MM INDICATES DATA IS MISSING.
T  INDICATES TRACE AMOUNT.




$$
