000
CDUS41 KBOX 282144
CLIBOS


CLIMATE REPORT
NATIONAL WEATHER SERVICE TAUNTON MA
540 PM EDT TUE JUL 28 2015


...................................

...THE BOSTON MA CLIMATE SUMMARY FOR JULY 28 2015...
VALID AS OF 0500 PM LOCAL TIME.

CLIMATE NORMAL PERIOD 1981 TO 2010
CLIMATE RECORD PERIOD 1872 TO 2015


WEATHER ITEM   OBSERVED TIME   RECORD YEAR NORMAL DEPARTURE LAST
                VALUE   (LST)  VALUE       VALUE  FROM      YEAR
                                                  NORMAL
..................................................................
TEMPERATURE (F)
 TODAY
  MAXIMUM         86    133 PM  99    1949  82      4       84
  MINIMUM         70    555 AM  54    1884  66      4       65
  AVERAGE         78                        74      4       75

PRECIPITATION (IN)
  TODAY            0.00          3.49 1911   0.13  -0.13     0.11
  MONTH TO DATE    2.07                      3.05  -0.98     4.57
  SINCE JUN 1      7.08                      6.73   0.35     7.19
  SINCE JAN 1     20.57                     24.89  -4.32    25.14

SNOWFALL (IN)
  TODAY            0.0           0.0  2002   0.0    0.0      0.0
                                      2001
                                      2000
  MONTH TO DATE    0.0                       0.0    0.0      0.0
  SINCE JUN 1      0.0                       0.0    0.0      0.0
  SINCE JUL 1      0.0                       0.0    0.0      0.0
  SNOW DEPTH      MM

DEGREE DAYS
 HEATING
  TODAY            0                         0      0        0
  MONTH TO DATE    1                         0      1        0
  SINCE JUN 1     99                        55     44       28
  SINCE JUL 1      1                         0      1        0

 COOLING
  TODAY           13                         9      4       10
  MONTH TO DATE  234                       241     -7      271
  SINCE JUN 1    331                       377    -46      409
  SINCE JAN 1    392                       407    -15      431
..................................................................


WIND (MPH)
  HIGHEST WIND SPEED    16   HIGHEST WIND DIRECTION     E (70)
  HIGHEST GUST SPEED    18   HIGHEST GUST DIRECTION     E (70)
  AVERAGE WIND SPEED     8.9


SKY COVER
  POSSIBLE SUNSHINE  MM
  AVERAGE SKY COVER 0.4


WEATHER CONDITIONS
 THE FOLLOWING WEATHER WAS RECORDED TODAY.
  NO SIGNIFICANT WEATHER WAS OBSERVED.


RELATIVE HUMIDITY (PERCENT)
 HIGHEST    97           300 AM
 LOWEST     63           100 PM
 AVERAGE    80

..........................................................


THE BOSTON MA CLIMATE NORMALS FOR TOMORROW
                         NORMAL    RECORD    YEAR
 MAXIMUM TEMPERATURE (F)   82        97      1933
                                             1931
 MINIMUM TEMPERATURE (F)   66        55      1880


SUNRISE AND SUNSET
JULY 28 2015..........SUNRISE   532 AM EDT   SUNSET   808 PM EDT
JULY 29 2015..........SUNRISE   533 AM EDT   SUNSET   807 PM EDT


-  INDICATES NEGATIVE NUMBERS.
R  INDICATES RECORD WAS SET OR TIED.
MM INDICATES DATA IS MISSING.
T  INDICATES TRACE AMOUNT.




$$
