000
CDUS41 KBOX 290539
CLIBOS


CLIMATE REPORT
NATIONAL WEATHER SERVICE TAUNTON MA
135 AM EDT MON MAY 29 2017


...................................

...THE BOSTON MA CLIMATE SUMMARY FOR MAY 28 2017...

CLIMATE NORMAL PERIOD 1981 TO 2010
CLIMATE RECORD PERIOD 1872 TO 2017


WEATHER ITEM   OBSERVED TIME   RECORD YEAR NORMAL DEPARTURE LAST
                VALUE   (LST)  VALUE       VALUE  FROM      YEAR
                                                  NORMAL
..................................................................
TEMPERATURE (F)
 YESTERDAY
  MAXIMUM         67   1027 AM  92    2016  70     -3       92
                                      1931
  MINIMUM         54   1159 PM  43    1917  54      0       67
                                      1902
  AVERAGE         61                        62     -1       80

PRECIPITATION (IN)
  YESTERDAY        0.00          2.39 1906   0.12  -0.12     0.00
  MONTH TO DATE    3.34                      3.11   0.23     1.70
  SINCE MAR 1     13.25                     11.17   2.08     7.77
  SINCE JAN 1     20.72                     17.78   2.94    15.21

SNOWFALL (IN)
  YESTERDAY        0.0           T    1953   0.0    0.0      0.0
  MONTH TO DATE    0.0                       0.1   -0.1      0.0
  SINCE MAR 1     11.3                       9.8    1.5     10.7
  SINCE JUL 1     47.6                      43.9    3.7     36.1
  SNOW DEPTH       0

DEGREE DAYS
 HEATING
  YESTERDAY        4                         5     -1        0
  MONTH TO DATE  276                       232     44      233
  SINCE MAR 1   1637                      1571     66     1456
  SINCE JUL 1   5176                      5613   -437     4786

 COOLING
  YESTERDAY        0                         2     -2       15
  MONTH TO DATE   41                        17     24       29
  SINCE MAR 1     60                        20     40       32
  SINCE JAN 1     60                        20     40       32
..................................................................


WIND (MPH)
  RESULTANT WIND SPEED   5   RESULTANT WIND DIRECTION  SE (150)
  HIGHEST WIND SPEED    17   HIGHEST WIND DIRECTION     E (80)
  HIGHEST GUST SPEED    19   HIGHEST GUST DIRECTION     E (80)
  AVERAGE WIND SPEED     8.1


SKY COVER
  POSSIBLE SUNSHINE  MM
  AVERAGE SKY COVER 0.8


WEATHER CONDITIONS
 THE FOLLOWING WEATHER WAS RECORDED YESTERDAY.
  NO SIGNIFICANT WEATHER WAS OBSERVED.


RELATIVE HUMIDITY (PERCENT)
 HIGHEST    93           100 AM
 LOWEST     64           900 PM
 AVERAGE    79

..........................................................


THE BOSTON MA CLIMATE NORMALS FOR TODAY
                         NORMAL    RECORD    YEAR
 MAXIMUM TEMPERATURE (F)   70        94      1931
                                             1929
 MINIMUM TEMPERATURE (F)   54        39      1902


SUNRISE AND SUNSET
MAY 29 2017...........SUNRISE   511 AM EDT   SUNSET   812 PM EDT
MAY 30 2017...........SUNRISE   511 AM EDT   SUNSET   813 PM EDT


-  INDICATES NEGATIVE NUMBERS.
R  INDICATES RECORD WAS SET OR TIED.
MM INDICATES DATA IS MISSING.
T  INDICATES TRACE AMOUNT.




$$
