000
CDUS41 KBOX 270557
CLIBOS


CLIMATE REPORT
NATIONAL WEATHER SERVICE TAUNTON MA
146 AM EDT WED AUG 27 2014


...................................

...THE BOSTON MA CLIMATE SUMMARY FOR AUGUST 26 2014...

CLIMATE NORMAL PERIOD 1981 TO 2010
CLIMATE RECORD PERIOD 1872 TO 2014


WEATHER ITEM   OBSERVED TIME   RECORD YEAR NORMAL DEPARTURE LAST
                VALUE   (LST)  VALUE       VALUE  FROM      YEAR
                                                  NORMAL
..................................................................
TEMPERATURE (F)
 YESTERDAY
  MAXIMUM         85    501 PM  99    1948  78      7       84
  MINIMUM         64    517 AM  50    1942  63      1       67
                                      1885
  AVERAGE         75                        71      4       76

PRECIPITATION (IN)
  YESTERDAY        0.00          4.15 1924   0.10  -0.10     0.01
  MONTH TO DATE    1.19                      2.87  -1.68     1.83
  SINCE JUN 1      8.38                      9.98  -1.60    15.94
  SINCE JAN 1     26.33                     28.14  -1.81    30.19

SNOWFALL (IN)
  YESTERDAY        0.0           0.0  2002   0.0    0.0      0.0
                                      2001
                                      2000
  MONTH TO DATE    0.0                       0.0    0.0      0.0
  SINCE JUN 1      0.0                       0.0    0.0      0.0
  SINCE JUL 1      0.0                       0.0    0.0      0.0
  SNOW DEPTH       0

DEGREE DAYS
 HEATING
  YESTERDAY        0                         0      0        0
  MONTH TO DATE    0                         0      0        0
  SINCE JUN 1     28                        61    -33       27
  SINCE JUL 1      0                         6     -6        2

 COOLING
  YESTERDAY       10                         6      4       11
  MONTH TO DATE  151                       199    -48      201
  SINCE JUN 1    580                       601    -21      755
  SINCE JAN 1    602                       631    -29      793
..................................................................


WIND (MPH)
  RESULTANT WIND SPEED   8   RESULTANT WIND DIRECTION   S (180)
  HIGHEST WIND SPEED    18   HIGHEST WIND DIRECTION    SW (220)
  HIGHEST GUST SPEED    23   HIGHEST GUST DIRECTION    SW (210)
  AVERAGE WIND SPEED    10.6


SKY COVER
  POSSIBLE SUNSHINE  MM
  AVERAGE SKY COVER 0.2


WEATHER CONDITIONS
 THE FOLLOWING WEATHER WAS RECORDED YESTERDAY.
  NO SIGNIFICANT WEATHER WAS OBSERVED.


RELATIVE HUMIDITY (PERCENT)
 HIGHEST    93           400 AM
 LOWEST     51           200 PM
 AVERAGE    72

..........................................................


THE BOSTON MA CLIMATE NORMALS FOR TODAY
                         NORMAL    RECORD    YEAR
 MAXIMUM TEMPERATURE (F)   78       100      1948
 MINIMUM TEMPERATURE (F)   63        47      1880


SUNRISE AND SUNSET
AUGUST 27 2014........SUNRISE   604 AM EDT   SUNSET   727 PM EDT
AUGUST 28 2014........SUNRISE   605 AM EDT   SUNSET   725 PM EDT


-  INDICATES NEGATIVE NUMBERS.
R  INDICATES RECORD WAS SET OR TIED.
MM INDICATES DATA IS MISSING.
T  INDICATES TRACE AMOUNT.




$$
