000
CDUS41 KBOX 120545
CLIBOS


CLIMATE REPORT
NATIONAL WEATHER SERVICE TAUNTON MA
142 AM EDT SAT APR 12 2014


...................................

...THE BOSTON MA CLIMATE SUMMARY FOR APRIL 11 2014...

CLIMATE NORMAL PERIOD 1981 TO 2010
CLIMATE RECORD PERIOD 1872 TO 2014


WEATHER ITEM   OBSERVED TIME   RECORD YEAR NORMAL DEPARTURE LAST
                VALUE   (LST)  VALUE       VALUE  FROM      YEAR
                                                  NORMAL
..................................................................
TEMPERATURE (F)
 YESTERDAY
  MAXIMUM         69    346 PM  78    1955  54     15       49
  MINIMUM         48   1228 AM  25    1909  39      9       42
  AVERAGE         59                        47     12       46

PRECIPITATION (IN)
  YESTERDAY        T             1.27 2003   0.14  -0.14     0.04
  MONTH TO DATE    1.20                      1.51  -0.31     0.41
  SINCE MAR 1      5.68                      5.83  -0.15     3.73
  SINCE JAN 1     13.05                     12.44   0.61    10.07

SNOWFALL (IN)
  YESTERDAY        0.0           2.1  1958   0.1   -0.1      0.0
  MONTH TO DATE    0.0                       1.2   -1.2       T
  SINCE MAR 1      2.2                       9.0   -6.8     20.6
  SINCE JUL 1     58.6                      43.1   15.5     63.4
  SNOW DEPTH      MM

DEGREE DAYS
 HEATING
  YESTERDAY        6                        18    -12       19
  MONTH TO DATE  195                       223    -28      205
  SINCE MAR 1   1165                      1052    113     1044
  SINCE JUL 1   5313                      5094    219     4846

 COOLING
  YESTERDAY        0                         0      0        0
  MONTH TO DATE    0                         0      0        0
  SINCE MAR 1      0                         0      0        0
  SINCE JAN 1      0                         0      0        0
..................................................................


WIND (MPH)
  RESULTANT WIND SPEED   9   RESULTANT WIND DIRECTION  SW (220)
  HIGHEST WIND SPEED    21   HIGHEST WIND DIRECTION    SW (210)
  HIGHEST GUST SPEED    25   HIGHEST GUST DIRECTION    SW (210)
  AVERAGE WIND SPEED    10.1


SKY COVER
  POSSIBLE SUNSHINE  MM
  AVERAGE SKY COVER 0.8


WEATHER CONDITIONS
 THE FOLLOWING WEATHER WAS RECORDED YESTERDAY.
  LIGHT RAIN


RELATIVE HUMIDITY (PERCENT)
 HIGHEST    72           800 PM
 LOWEST     37           400 PM
 AVERAGE    55

..........................................................


THE BOSTON MA CLIMATE NORMALS FOR TODAY
                         NORMAL    RECORD    YEAR
 MAXIMUM TEMPERATURE (F)   54        85      1977
                                             1945
 MINIMUM TEMPERATURE (F)   40        20      1874


SUNRISE AND SUNSET
APRIL 12 2014.........SUNRISE   608 AM EDT   SUNSET   722 PM EDT
APRIL 13 2014.........SUNRISE   607 AM EDT   SUNSET   723 PM EDT


-  INDICATES NEGATIVE NUMBERS.
R  INDICATES RECORD WAS SET OR TIED.
MM INDICATES DATA IS MISSING.
T  INDICATES TRACE AMOUNT.




$$
