000
CDUS41 KBOX 250555
CLIBOS


CLIMATE REPORT
NATIONAL WEATHER SERVICE TAUNTON MA
152 AM EDT WED MAR 25 2015


...................................

...THE BOSTON MA CLIMATE SUMMARY FOR MARCH 24 2015...

CLIMATE NORMAL PERIOD 1981 TO 2010
CLIMATE RECORD PERIOD 1872 TO 2015


WEATHER ITEM   OBSERVED TIME   RECORD YEAR NORMAL DEPARTURE LAST
                VALUE   (LST)  VALUE       VALUE  FROM      YEAR
                                                  NORMAL
..................................................................
TEMPERATURE (F)
 YESTERDAY
  MAXIMUM         35    215 PM  72    1920  48    -13       33
  MINIMUM         20    702 AM   6    1874  33    -13       17
  AVERAGE         28                        40    -12       25

PRECIPITATION (IN)
  YESTERDAY        0.00          1.44 1993   0.15  -0.15     0.00
  MONTH TO DATE    1.88                      3.31  -1.43     0.82
  SINCE MAR 1      1.88                      3.31  -1.43     0.82
  SINCE JAN 1      8.82                      9.92  -1.10     8.19

SNOWFALL (IN)
  YESTERDAY        0.0           8.5  1993   0.2   -0.2      0.0
  MONTH TO DATE    8.3                       6.7    1.6      2.2
  SINCE MAR 1      8.3                       6.7    1.6      2.2
  SINCE JUL 1    110.3                      40.8   69.5     58.6
  SNOW DEPTH      MM

DEGREE DAYS
 HEATING
  YESTERDAY       37                        25     12       40
  MONTH TO DATE  800                       666    134      781
  SINCE MAR 1    800                       666    134      781
  SINCE JUL 1   5115                      4708    407     4929

 COOLING
  YESTERDAY        0                         0      0        0
  MONTH TO DATE    0                         0      0        0
  SINCE MAR 1      0                         0      0        0
  SINCE JAN 1      0                         0      0        0
..................................................................


WIND (MPH)
  RESULTANT WIND SPEED   1   RESULTANT WIND DIRECTION   S (170)
  HIGHEST WIND SPEED    13   HIGHEST WIND DIRECTION     S (200)
  HIGHEST GUST SPEED    16   HIGHEST GUST DIRECTION    SW (220)
  AVERAGE WIND SPEED     7.7


SKY COVER
  POSSIBLE SUNSHINE  MM
  AVERAGE SKY COVER 0.5


WEATHER CONDITIONS
 THE FOLLOWING WEATHER WAS RECORDED YESTERDAY.
  NO SIGNIFICANT WEATHER WAS OBSERVED.


RELATIVE HUMIDITY (PERCENT)
 HIGHEST    72           700 PM
 LOWEST     46          1200 AM
 AVERAGE    59

..........................................................


THE BOSTON MA CLIMATE NORMALS FOR TODAY
                         NORMAL    RECORD    YEAR
 MAXIMUM TEMPERATURE (F)   48        78      1963
                                             1910
 MINIMUM TEMPERATURE (F)   34        10      1878


SUNRISE AND SUNSET
MARCH 25 2015.........SUNRISE   639 AM EDT   SUNSET   702 PM EDT
MARCH 26 2015.........SUNRISE   638 AM EDT   SUNSET   703 PM EDT


-  INDICATES NEGATIVE NUMBERS.
R  INDICATES RECORD WAS SET OR TIED.
MM INDICATES DATA IS MISSING.
T  INDICATES TRACE AMOUNT.




$$
