847
CDUS41 KBOX 240541
CLIBOS


CLIMATE REPORT
NATIONAL WEATHER SERVICE TAUNTON MA
140 AM EDT SUN JUL 24 2016


...................................

...THE BOSTON MA CLIMATE SUMMARY FOR JULY 23 2016...

CLIMATE NORMAL PERIOD 1981 TO 2010
CLIMATE RECORD PERIOD 1872 TO 2016


WEATHER ITEM   OBSERVED TIME   RECORD YEAR NORMAL DEPARTURE LAST
                VALUE   (LST)  VALUE       VALUE  FROM      YEAR
                                                  NORMAL
..................................................................
TEMPERATURE (F)
 YESTERDAY
  MAXIMUM         94    100 PM 100    1952  82     12       82
  MINIMUM         72   1159 PM  54    1992  66      6       67
  AVERAGE         83                        74      9       75

PRECIPITATION (IN)
  YESTERDAY        T             2.13 1876   0.12  -0.12     0.00
  MONTH TO DATE    0.66                      2.45  -1.79     2.00
  SINCE JUN 1      1.99                      6.13  -4.14     7.01
  SINCE JAN 1     18.33                     24.29  -5.96    20.50

SNOWFALL (IN)
  YESTERDAY        0.0           0.0  2002   0.0    0.0      0.0
                                      2001
                                      2000
  MONTH TO DATE    0.0                       0.0    0.0      0.0
  SINCE JUN 1      0.0                       0.0    0.0      0.0
  SINCE JUL 1      0.0                       0.0    0.0      0.0
  SNOW DEPTH      MM

DEGREE DAYS
 HEATING
  YESTERDAY        0                         0      0        0
  MONTH TO DATE    7                         0      7        1
  SINCE JUN 1     24                        55    -31       99
  SINCE JUL 1      7                         0      7        1

 COOLING
  YESTERDAY       18                         9      9       10
  MONTH TO DATE  247                       196     51      193
  SINCE JUN 1    376                       332     44      290
  SINCE JAN 1    421                       362     59      351
..................................................................


WIND (MPH)
  RESULTANT WIND SPEED   6   RESULTANT WIND DIRECTION   W (280)
  HIGHEST WIND SPEED    29   HIGHEST WIND DIRECTION    NW (330)
  HIGHEST GUST SPEED    44   HIGHEST GUST DIRECTION    NW (330)
  AVERAGE WIND SPEED    10.8


SKY COVER
  POSSIBLE SUNSHINE  MM
  AVERAGE SKY COVER 0.4


WEATHER CONDITIONS
 THE FOLLOWING WEATHER WAS RECORDED YESTERDAY.
  THUNDERSTORM
  LIGHT RAIN


RELATIVE HUMIDITY (PERCENT)
 HIGHEST    84           500 AM
 LOWEST     30          1100 AM
 AVERAGE    57

..........................................................


THE BOSTON MA CLIMATE NORMALS FOR TODAY
                         NORMAL    RECORD    YEAR
 MAXIMUM TEMPERATURE (F)   82        98      1933
 MINIMUM TEMPERATURE (F)   66        54      1893


SUNRISE AND SUNSET
JULY 24 2016..........SUNRISE   529 AM EDT   SUNSET   812 PM EDT
JULY 25 2016..........SUNRISE   530 AM EDT   SUNSET   811 PM EDT


-  INDICATES NEGATIVE NUMBERS.
R  INDICATES RECORD WAS SET OR TIED.
MM INDICATES DATA IS MISSING.
T  INDICATES TRACE AMOUNT.




$$
