000
CDUS41 KBOX 310530
CLIBOS


CLIMATE REPORT
NATIONAL WEATHER SERVICE TAUNTON MA
129 AM EDT THU JUL 31 2014


...................................

...THE BOSTON MA CLIMATE SUMMARY FOR JULY 30 2014...

CLIMATE NORMAL PERIOD 1981 TO 2010
CLIMATE RECORD PERIOD 1872 TO 2014


WEATHER ITEM   OBSERVED TIME   RECORD YEAR NORMAL DEPARTURE LAST
                VALUE   (LST)  VALUE       VALUE  FROM      YEAR
                                                  NORMAL
..................................................................
TEMPERATURE (F)
 YESTERDAY
  MAXIMUM         78    113 PM  98    1933  82     -4       84
                                      1917
  MINIMUM         63    526 AM  52    1880  66     -3       66
  AVERAGE         71                        74     -3       75

PRECIPITATION (IN)
  YESTERDAY        0.00          2.30 1926   0.13  -0.13     0.00
  MONTH TO DATE    4.57                      3.30   1.27     3.61
  SINCE JUN 1      7.19                      6.98   0.21    14.11
  SINCE JAN 1     25.14                     25.14   0.00    28.36

SNOWFALL (IN)
  YESTERDAY        0.0           0.0  2002   0.0    0.0      0.0
                                      2001
                                      2000
  MONTH TO DATE    0.0                       0.0    0.0      0.0
  SINCE JUN 1      0.0                       0.0    0.0      0.0
  SINCE JUL 1      0.0                       0.0    0.0      0.0
  SNOW DEPTH      MM

DEGREE DAYS
 HEATING
  YESTERDAY        0                         0      0        0
  MONTH TO DATE    0                         0      0        2
  SINCE JUN 1     28                        55    -27       27
  SINCE JUL 1      0                         0      0        2

 COOLING
  YESTERDAY        6                         9     -3       10
  MONTH TO DATE  284                       259     25      374
  SINCE JUN 1    422                       395     27      545
  SINCE JAN 1    444                       425     19      583
..................................................................


WIND (MPH)
  RESULTANT WIND SPEED   2   RESULTANT WIND DIRECTION   S (200)
  HIGHEST WIND SPEED    14   HIGHEST WIND DIRECTION    SW (220)
  HIGHEST GUST SPEED    23   HIGHEST GUST DIRECTION    SW (230)
  AVERAGE WIND SPEED     6.5


SKY COVER
  POSSIBLE SUNSHINE  MM
  AVERAGE SKY COVER 0.5


WEATHER CONDITIONS
 THE FOLLOWING WEATHER WAS RECORDED YESTERDAY.
  NO SIGNIFICANT WEATHER WAS OBSERVED.


RELATIVE HUMIDITY (PERCENT)
 HIGHEST    73           300 AM
 LOWEST     36          1100 AM
 AVERAGE    55

..........................................................


THE BOSTON MA CLIMATE NORMALS FOR TODAY
                         NORMAL    RECORD    YEAR
 MAXIMUM TEMPERATURE (F)   81        98      1917
 MINIMUM TEMPERATURE (F)   66        54      1895


SUNRISE AND SUNSET
JULY 31 2014..........SUNRISE   536 AM EDT   SUNSET   805 PM EDT
AUGUST  1 2014........SUNRISE   537 AM EDT   SUNSET   804 PM EDT


-  INDICATES NEGATIVE NUMBERS.
R  INDICATES RECORD WAS SET OR TIED.
MM INDICATES DATA IS MISSING.
T  INDICATES TRACE AMOUNT.




$$
