000
CDUS41 KBOX 290542
CLIBOS


CLIMATE REPORT
NATIONAL WEATHER SERVICE TAUNTON MA
141 AM EDT FRI MAY 29 2015


...................................

...THE BOSTON MA CLIMATE SUMMARY FOR MAY 28 2015...

CLIMATE NORMAL PERIOD 1981 TO 2010
CLIMATE RECORD PERIOD 1872 TO 2015


WEATHER ITEM   OBSERVED TIME   RECORD YEAR NORMAL DEPARTURE LAST
                VALUE   (LST)  VALUE       VALUE  FROM      YEAR
                                                  NORMAL
..................................................................
TEMPERATURE (F)
 YESTERDAY
  MAXIMUM         86    211 PM  92    1931  70     16       50
  MINIMUM         64    329 AM  43    1917  54     10       44
                                      1902
  AVERAGE         75                        62     13       47

PRECIPITATION (IN)
  YESTERDAY        T             2.39 1906   0.12  -0.12     0.08
  MONTH TO DATE    0.31                      3.11  -2.80     2.75
  SINCE MAR 1      5.64                     11.17  -5.53    10.47
  SINCE JAN 1     12.58                     17.78  -5.20    17.84

SNOWFALL (IN)
  YESTERDAY        0.0           T    1953   0.0    0.0      0.0
  MONTH TO DATE    0.0                       0.1   -0.1      0.0
  SINCE MAR 1      8.6                       9.8   -1.2      2.5
  SINCE JUL 1    110.6                      43.9   66.7     58.9
  SNOW DEPTH      MM

DEGREE DAYS
 HEATING
  YESTERDAY        0                         5     -5       18
  MONTH TO DATE  134                       232    -98      179
  SINCE MAR 1   1613                      1571     42     1650
  SINCE JUL 1   5928                      5613    315     5798

 COOLING
  YESTERDAY       10                         2      8        0
  MONTH TO DATE   53                        17     36       21
  SINCE MAR 1     53                        20     33       22
  SINCE JAN 1     53                        20     33       22
..................................................................


WIND (MPH)
  RESULTANT WIND SPEED  11   RESULTANT WIND DIRECTION  SW (210)
  HIGHEST WIND SPEED    23   HIGHEST WIND DIRECTION     S (200)
  HIGHEST GUST SPEED    29   HIGHEST GUST DIRECTION     W (280)
  AVERAGE WIND SPEED    13.2


SKY COVER
  POSSIBLE SUNSHINE  MM
  AVERAGE SKY COVER 0.7


WEATHER CONDITIONS
 THE FOLLOWING WEATHER WAS RECORDED YESTERDAY.
  LIGHT RAIN


RELATIVE HUMIDITY (PERCENT)
 HIGHEST    87           300 AM
 LOWEST     51           200 PM
 AVERAGE    69

..........................................................


THE BOSTON MA CLIMATE NORMALS FOR TODAY
                         NORMAL    RECORD    YEAR
 MAXIMUM TEMPERATURE (F)   70        94      1931
                                             1929
 MINIMUM TEMPERATURE (F)   54        39      1902


SUNRISE AND SUNSET
MAY 29 2015...........SUNRISE   512 AM EDT   SUNSET   812 PM EDT
MAY 30 2015...........SUNRISE   511 AM EDT   SUNSET   813 PM EDT


-  INDICATES NEGATIVE NUMBERS.
R  INDICATES RECORD WAS SET OR TIED.
MM INDICATES DATA IS MISSING.
T  INDICATES TRACE AMOUNT.




$$
