000
CDUS41 KBOX 262159
CLIBOS


CLIMATE REPORT
NATIONAL WEATHER SERVICE TAUNTON MA
556 PM EDT SUN OCT 26 2014


...................................

...THE BOSTON MA CLIMATE SUMMARY FOR OCTOBER 26 2014...
VALID AS OF 0500 PM LOCAL TIME.

CLIMATE NORMAL PERIOD 1981 TO 2010
CLIMATE RECORD PERIOD 1872 TO 2014


WEATHER ITEM   OBSERVED TIME   RECORD YEAR NORMAL DEPARTURE LAST
                VALUE   (LST)  VALUE       VALUE  FROM      YEAR
                                                  NORMAL
..................................................................
TEMPERATURE (F)
 TODAY
  MAXIMUM         59    213 PM  84    1963  58      1       57
  MINIMUM         53    736 AM  25    1879  43     10       37
  AVERAGE         56                        51      5       47

PRECIPITATION (IN)
  TODAY            T             1.74 2002   0.13  -0.13     0.00
  MONTH TO DATE    5.81                      3.31   2.50     0.50
  SINCE SEP 1      6.51                      6.75  -0.24     2.71
  SINCE JAN 1     33.40                     35.37  -1.97    32.91

SNOWFALL (IN)
  TODAY            0.0           T    1962   0.0    0.0      0.0
  MONTH TO DATE    0.0                       0.0    0.0      0.0
  SINCE SEP 1      0.0                       0.0    0.0      0.0
  SINCE JUL 1      0.0                       0.0    0.0      0.0
  SNOW DEPTH       0

DEGREE DAYS
 HEATING
  TODAY            9                        14     -5       18
  MONTH TO DATE  217                       274    -57      183
  SINCE SEP 1    293                       358    -65      266
  SINCE JUL 1    293                       371    -78      268

 COOLING
  TODAY            0                         0      0        0
  MONTH TO DATE   10                         6      4       16
  SINCE SEP 1    130                        87     43       98
  SINCE JAN 1    769                       746     23      919
..................................................................


WIND (MPH)
  HIGHEST WIND SPEED    24   HIGHEST WIND DIRECTION    NW (310)
  HIGHEST GUST SPEED    33   HIGHEST GUST DIRECTION     W (270)
  AVERAGE WIND SPEED    14.6


SKY COVER
  POSSIBLE SUNSHINE  MM
  AVERAGE SKY COVER 0.7


WEATHER CONDITIONS
 THE FOLLOWING WEATHER WAS RECORDED TODAY.
  NO SIGNIFICANT WEATHER WAS OBSERVED.


RELATIVE HUMIDITY (PERCENT)
 HIGHEST    67          1200 AM
 LOWEST     47           200 PM
 AVERAGE    57

..........................................................


THE BOSTON MA CLIMATE NORMALS FOR TOMORROW
                         NORMAL    RECORD    YEAR
 MAXIMUM TEMPERATURE (F)   58        85      1963
 MINIMUM TEMPERATURE (F)   43        25      1936


SUNRISE AND SUNSET
OCTOBER 26 2014.......SUNRISE   710 AM EDT   SUNSET   546 PM EDT
OCTOBER 27 2014.......SUNRISE   711 AM EDT   SUNSET   544 PM EDT


-  INDICATES NEGATIVE NUMBERS.
R  INDICATES RECORD WAS SET OR TIED.
MM INDICATES DATA IS MISSING.
T  INDICATES TRACE AMOUNT.




$$
