000
CDUS41 KBOX 260539
CLIBOS


CLIMATE REPORT
NATIONAL WEATHER SERVICE TAUNTON MA
1238 AM EST THU FEB 26 2015


...................................

...THE BOSTON MA CLIMATE SUMMARY FOR FEBRUARY 25 2015...

CLIMATE NORMAL PERIOD 1981 TO 2010
CLIMATE RECORD PERIOD 1872 TO 2015


WEATHER ITEM   OBSERVED TIME   RECORD YEAR NORMAL DEPARTURE LAST
                VALUE   (LST)  VALUE       VALUE  FROM      YEAR
                                                  NORMAL
..................................................................
TEMPERATURE (F)
 YESTERDAY
  MAXIMUM         35    234 PM  65    1930  41     -6       29
  MINIMUM         14    540 AM  -6    1894  27    -13       22
  AVERAGE         25                        34     -9       26

PRECIPITATION (IN)
  YESTERDAY        0.07          2.15 1981   0.13  -0.06     0.00
  MONTH TO DATE    3.35                      2.86   0.49     4.11
  SINCE DEC 1     13.48                     10.00   3.48    11.97
  SINCE JAN 1      6.92                      6.22   0.70     7.35

SNOWFALL (IN)
  YESTERDAY        1.9           9.0  1966   0.4    1.5      0.0
  MONTH TO DATE   64.6                       9.8   54.8     22.5
  SINCE DEC 1     99.2                      31.7   67.5     56.0
  SINCE JUL 1    101.8                      33.0   68.8     56.0
  SNOW DEPTH      MM

DEGREE DAYS
 HEATING
  YESTERDAY       40                        31      9       39
  MONTH TO DATE 1149                       838    311      870
  SINCE DEC 1   3170                      2893    277     3000
  SINCE JUL 1   4183                      3948    235     4016

 COOLING
  YESTERDAY        0                         0      0        0
  MONTH TO DATE    0                         0      0        0
  SINCE DEC 1      0                         0      0        0
  SINCE JAN 1      0                         0      0        0
..................................................................


WIND (MPH)
  RESULTANT WIND SPEED  10   RESULTANT WIND DIRECTION   W (280)
  HIGHEST WIND SPEED    22   HIGHEST WIND DIRECTION     W (280)
  HIGHEST GUST SPEED    29   HIGHEST GUST DIRECTION     W (270)
  AVERAGE WIND SPEED    10.7


SKY COVER
  POSSIBLE SUNSHINE  MM
  AVERAGE SKY COVER 0.5


WEATHER CONDITIONS
 THE FOLLOWING WEATHER WAS RECORDED YESTERDAY.
  LIGHT SNOW
  FOG
  HAZE


RELATIVE HUMIDITY (PERCENT)
 HIGHEST    92           300 AM
 LOWEST     33          1000 PM
 AVERAGE    63

..........................................................


THE BOSTON MA CLIMATE NORMALS FOR TODAY
                         NORMAL    RECORD    YEAR
 MAXIMUM TEMPERATURE (F)   41        68      1957
 MINIMUM TEMPERATURE (F)   27        -1      1928


SUNRISE AND SUNSET
FEBRUARY 26 2015......SUNRISE   625 AM EST   SUNSET   530 PM EST
FEBRUARY 27 2015......SUNRISE   623 AM EST   SUNSET   531 PM EST


-  INDICATES NEGATIVE NUMBERS.
R  INDICATES RECORD WAS SET OR TIED.
MM INDICATES DATA IS MISSING.
T  INDICATES TRACE AMOUNT.




$$
