472
CDUS41 KBOX 091911
CLIBOS


CLIMATE REPORT
NATIONAL WEATHER SERVICE TAUNTON MA
200 PM EST TUE FEB 9 2016


...................................

...THE BOSTON MA CLIMATE SUMMARY FOR FEBRUARY 8 2016...

CLIMATE NORMAL PERIOD 1981 TO 2010
CLIMATE RECORD PERIOD 1872 TO 2016


WEATHER ITEM   OBSERVED TIME   RECORD YEAR NORMAL DEPARTURE LAST
                VALUE   (LST)  VALUE       VALUE  FROM      YEAR
                                                  NORMAL
..................................................................
TEMPERATURE (F)
 YESTERDAY
  MAXIMUM         38    147 AM  66    1933  38      0       29
  MINIMUM         18   1234 PM -12    1934  24     -6       13
  AVERAGE         28                        31     -3       21

PRECIPITATION (IN)
  YESTERDAY        0.14          1.52 1945   0.10   0.04     0.37
  MONTH TO DATE    1.44                      0.86   0.58     1.32
  SINCE DEC 1      8.99                      8.00   0.99    11.45
  SINCE JAN 1      4.71                      4.22   0.49     4.89

SNOWFALL (IN)
  YESTERDAY       MM            12.7  1945   0.4   MM        7.4
  MONTH TO DATE    6.8                       3.1    3.7     25.3
  SINCE DEC 1     17.2                      25.0   -7.8     59.9
  SINCE JUL 1     17.2                      26.3   -9.1     62.5
  SNOW DEPTH       0

DEGREE DAYS
 HEATING
  YESTERDAY       37                        34      3       44
  MONTH TO DATE  200                       279    -79      359
  SINCE DEC 1   1804                      2334   -530     2380
  SINCE JUL 1   2659                      3389   -730     3393

 COOLING
  YESTERDAY        0                         0      0        0
  MONTH TO DATE    0                         0      0        0
  SINCE DEC 1      0                         0      0        0
  SINCE JAN 1      0                         0      0        0
..................................................................


WIND (MPH)
  RESULTANT WIND SPEED  18   RESULTANT WIND DIRECTION   N (20)
  HIGHEST WIND SPEED    38   HIGHEST WIND DIRECTION    NE (30)
  HIGHEST GUST SPEED    46   HIGHEST GUST DIRECTION    NE (30)
  AVERAGE WIND SPEED    21.2


SKY COVER
  POSSIBLE SUNSHINE  MM
  AVERAGE SKY COVER 1.0


WEATHER CONDITIONS
 THE FOLLOWING WEATHER WAS RECORDED YESTERDAY.
  SNOW
  LIGHT SNOW
  FOG
  FOG W/VISIBILITY <= 1/4 MILE


RELATIVE HUMIDITY (PERCENT)
 HIGHEST    84          1000 AM
 LOWEST     66           500 AM
 AVERAGE    75

..........................................................


THE BOSTON MA CLIMATE NORMALS FOR TODAY
                         NORMAL    RECORD    YEAR
 MAXIMUM TEMPERATURE (F)   38        61      1990
 MINIMUM TEMPERATURE (F)   24       -18      1934


SUNRISE AND SUNSET
FEBRUARY  9 2016......SUNRISE   649 AM EST   SUNSET   508 PM EST
FEBRUARY 10 2016......SUNRISE   648 AM EST   SUNSET   509 PM EST


-  INDICATES NEGATIVE NUMBERS.
R  INDICATES RECORD WAS SET OR TIED.
MM INDICATES DATA IS MISSING.
T  INDICATES TRACE AMOUNT.




$$
