000
CDUS41 KBOX 050601
CLIBOS


CLIMATE REPORT
NATIONAL WEATHER SERVICE TAUNTON MA
101 AM EST MON DEC 5 2016


...................................

...THE BOSTON MA CLIMATE SUMMARY FOR DECEMBER 4 2016...

CLIMATE NORMAL PERIOD 1981 TO 2010
CLIMATE RECORD PERIOD 1872 TO 2016


WEATHER ITEM   OBSERVED TIME   RECORD YEAR NORMAL DEPARTURE LAST
                VALUE   (LST)  VALUE       VALUE  FROM      YEAR
                                                  NORMAL
..................................................................
TEMPERATURE (F)
 YESTERDAY
  MAXIMUM         42    245 PM  70    1982  45     -3       48
  MINIMUM         31   1158 PM   2    1940  32     -1       38
  AVERAGE         37                        39     -2       43

PRECIPITATION (IN)
  YESTERDAY        0.00          2.15 1968   0.14  -0.14     0.00
  MONTH TO DATE    0.31                      0.53  -0.22     0.46
  SINCE DEC 1      0.31                      0.53  -0.22     0.46
  SINCE JAN 1     30.11                     40.52 -10.41    30.98

SNOWFALL (IN)
  YESTERDAY        0.0           6.0  1901   0.2   -0.2      0.0
  MONTH TO DATE    0.0                       0.7   -0.7      0.0
  SINCE DEC 1      0.0                       0.7   -0.7      0.0
  SINCE JUL 1      T                         2.0   -2.0       T
  SNOW DEPTH      MM

DEGREE DAYS
 HEATING
  YESTERDAY       28                        26      2       22
  MONTH TO DATE   88                       103    -15       86
  SINCE DEC 1     88                       103    -15       86
  SINCE JUL 1   1003                      1158   -155      941

 COOLING
  YESTERDAY        0                         0      0        0
  MONTH TO DATE    0                         0      0        0
  SINCE DEC 1      0                         0      0        0
  SINCE JAN 1   1035                       747    288      921
..................................................................


WIND (MPH)
  RESULTANT WIND SPEED  10   RESULTANT WIND DIRECTION  NW (320)
  HIGHEST WIND SPEED    20   HIGHEST WIND DIRECTION    NW (320)
  HIGHEST GUST SPEED    25   HIGHEST GUST DIRECTION    NW (320)
  AVERAGE WIND SPEED    10.1


SKY COVER
  POSSIBLE SUNSHINE  MM
  AVERAGE SKY COVER 0.3


WEATHER CONDITIONS
 THE FOLLOWING WEATHER WAS RECORDED YESTERDAY.
  NO SIGNIFICANT WEATHER WAS OBSERVED.


RELATIVE HUMIDITY (PERCENT)
 HIGHEST    64          1200 AM
 LOWEST     41           200 PM
 AVERAGE    53

..........................................................


THE BOSTON MA CLIMATE NORMALS FOR TODAY
                         NORMAL    RECORD    YEAR
 MAXIMUM TEMPERATURE (F)   45        66      2001
 MINIMUM TEMPERATURE (F)   32         4      1926


SUNRISE AND SUNSET
DECEMBER  5 2016......SUNRISE   658 AM EST   SUNSET   412 PM EST
DECEMBER  6 2016......SUNRISE   659 AM EST   SUNSET   411 PM EST


-  INDICATES NEGATIVE NUMBERS.
R  INDICATES RECORD WAS SET OR TIED.
MM INDICATES DATA IS MISSING.
T  INDICATES TRACE AMOUNT.




$$
