000
CDUS41 KBOX 180615
CLIBOS


CLIMATE REPORT
NATIONAL WEATHER SERVICE TAUNTON MA
210 AM EDT MON JUL 18 2016


...................................

...THE BOSTON MA CLIMATE SUMMARY FOR JULY 17 2016...

CLIMATE NORMAL PERIOD 1981 TO 2010
CLIMATE RECORD PERIOD 1872 TO 2016


WEATHER ITEM   OBSERVED TIME   RECORD YEAR NORMAL DEPARTURE LAST
                VALUE   (LST)  VALUE       VALUE  FROM      YEAR
                                                  NORMAL
..................................................................
TEMPERATURE (F)
 YESTERDAY
  MAXIMUM         79    150 AM  98    1999  82     -3       75
                                      1977
  MINIMUM         68   1104 PM  54    1946  66      2       60
                                      1892
  AVERAGE         74                        74      0       68

PRECIPITATION (IN)
  YESTERDAY        0.00          1.12 1989   0.12  -0.12      T
  MONTH TO DATE    0.65                      1.74  -1.09     1.86
  SINCE JUN 1      1.98                      5.42  -3.44     6.87
  SINCE JAN 1     18.32                     23.58  -5.26    20.36

SNOWFALL (IN)
  YESTERDAY        0.0           0.0  2002   0.0    0.0      0.0
                                      2001
                                      2000
  MONTH TO DATE    0.0                       0.0    0.0      0.0
  SINCE JUN 1      0.0                       0.0    0.0      0.0
  SINCE JUL 1      0.0                       0.0    0.0      0.0
  SNOW DEPTH      MM

DEGREE DAYS
 HEATING
  YESTERDAY        0                         0      0        0
  MONTH TO DATE    7                         0      7        1
  SINCE JUN 1     24                        55    -31       99
  SINCE JUL 1      7                         0      7        1

 COOLING
  YESTERDAY        9                         9      0        3
  MONTH TO DATE  157                       142     15      122
  SINCE JUN 1    286                       278      8      219
  SINCE JAN 1    331                       308     23      280
..................................................................


WIND (MPH)
  RESULTANT WIND SPEED   5   RESULTANT WIND DIRECTION   E (80)
  HIGHEST WIND SPEED    15   HIGHEST WIND DIRECTION     E (80)
  HIGHEST GUST SPEED    18   HIGHEST GUST DIRECTION     E (80)
  AVERAGE WIND SPEED     7.2


SKY COVER
  POSSIBLE SUNSHINE  MM
  AVERAGE SKY COVER 0.7


WEATHER CONDITIONS
 THE FOLLOWING WEATHER WAS RECORDED YESTERDAY.
  FOG


RELATIVE HUMIDITY (PERCENT)
 HIGHEST    93           800 PM
 LOWEST     64          1200 AM
 AVERAGE    79

..........................................................


THE BOSTON MA CLIMATE NORMALS FOR TODAY
                         NORMAL    RECORD    YEAR
 MAXIMUM TEMPERATURE (F)   82        98      1982
 MINIMUM TEMPERATURE (F)   66        54      1881


SUNRISE AND SUNSET
JULY 18 2016..........SUNRISE   524 AM EDT   SUNSET   817 PM EDT
JULY 19 2016..........SUNRISE   525 AM EDT   SUNSET   816 PM EDT


-  INDICATES NEGATIVE NUMBERS.
R  INDICATES RECORD WAS SET OR TIED.
MM INDICATES DATA IS MISSING.
T  INDICATES TRACE AMOUNT.




$$
