000
CDUS41 KBOX 270527
CLIBOS


CLIMATE REPORT
NATIONAL WEATHER SERVICE TAUNTON MA
126 AM EDT THU APR 27 2017


...................................

...THE BOSTON MA CLIMATE SUMMARY FOR APRIL 26 2017...

CLIMATE NORMAL PERIOD 1981 TO 2010
CLIMATE RECORD PERIOD 1872 TO 2017


WEATHER ITEM   OBSERVED TIME   RECORD YEAR NORMAL DEPARTURE LAST
                VALUE   (LST)  VALUE       VALUE  FROM      YEAR
                                                  NORMAL
..................................................................
TEMPERATURE (F)
 YESTERDAY
  MAXIMUM         56   1214 PM  87    2009  59     -3       51
  MINIMUM         45    947 PM  28    1919  44      1       37
  AVERAGE         51                        52     -1       44

PRECIPITATION (IN)
  YESTERDAY        0.56          1.60 1931   0.11   0.45     0.27
  MONTH TO DATE    5.71                      3.28   2.43     2.91
  SINCE MAR 1      9.89                      7.60   2.29     6.07
  SINCE JAN 1     17.36                     14.21   3.15    13.51

SNOWFALL (IN)
  YESTERDAY        0.0           0.1  1993   0.0    0.0      0.0
  MONTH TO DATE    1.2                       1.9   -0.7      6.6
  SINCE MAR 1     11.3                       9.7    1.6     10.7
  SINCE JUL 1     47.6                      43.8    3.8     36.1
  SNOW DEPTH      MM

DEGREE DAYS
 HEATING
  YESTERDAY       14                        14      0       21
  MONTH TO DATE  393                       459    -66      468
  SINCE MAR 1   1344                      1288     56     1156
  SINCE JUL 1   4883                      5330   -447     4486

 COOLING
  YESTERDAY        0                         0      0        0
  MONTH TO DATE   10                         0     10        3
  SINCE MAR 1     10                         0     10        3
  SINCE JAN 1     10                         0     10        3
..................................................................


WIND (MPH)
  RESULTANT WIND SPEED   9   RESULTANT WIND DIRECTION  NE (30)
  HIGHEST WIND SPEED    21   HIGHEST WIND DIRECTION    NE (30)
  HIGHEST GUST SPEED    24   HIGHEST GUST DIRECTION    NE (30)
  AVERAGE WIND SPEED    10.0


SKY COVER
  POSSIBLE SUNSHINE  MM
  AVERAGE SKY COVER 1.0


WEATHER CONDITIONS
 THE FOLLOWING WEATHER WAS RECORDED YESTERDAY.
  HEAVY RAIN
  RAIN
  LIGHT RAIN
  FOG
  FOG W/VISIBILITY <= 1/4 MILE


RELATIVE HUMIDITY (PERCENT)
 HIGHEST   100          1200 AM
 LOWEST    100          1200 AM
 AVERAGE   100

..........................................................


THE BOSTON MA CLIMATE NORMALS FOR TODAY
                         NORMAL    RECORD    YEAR
 MAXIMUM TEMPERATURE (F)   60        92      1990
 MINIMUM TEMPERATURE (F)   44        33      1993
                                             1909
                                             1882


SUNRISE AND SUNSET
APRIL 27 2017.........SUNRISE   545 AM EDT   SUNSET   740 PM EDT
APRIL 28 2017.........SUNRISE   543 AM EDT   SUNSET   741 PM EDT


-  INDICATES NEGATIVE NUMBERS.
R  INDICATES RECORD WAS SET OR TIED.
MM INDICATES DATA IS MISSING.
T  INDICATES TRACE AMOUNT.




$$
