000
CDUS41 KBOX 270530
CLIBOS


CLIMATE REPORT
NATIONAL WEATHER SERVICE TAUNTON MA
130 AM EDT WED APR 27 2016


...................................

...THE BOSTON MA CLIMATE SUMMARY FOR APRIL 26 2016...

CLIMATE NORMAL PERIOD 1981 TO 2010
CLIMATE RECORD PERIOD 1872 TO 2016


WEATHER ITEM   OBSERVED TIME   RECORD YEAR NORMAL DEPARTURE LAST
                VALUE   (LST)  VALUE       VALUE  FROM      YEAR
                                                  NORMAL
..................................................................
TEMPERATURE (F)
 YESTERDAY
  MAXIMUM         51   1253 AM  87    2009  59     -8       56
  MINIMUM         37    844 PM  28    1919  44     -7       43
  AVERAGE         44                        52     -8       50

PRECIPITATION (IN)
  YESTERDAY        0.27          1.60 1931   0.11   0.16     0.00
  MONTH TO DATE    2.91                      3.28  -0.37     2.11
  SINCE MAR 1      6.07                      7.60  -1.53     5.16
  SINCE JAN 1     13.51                     14.21  -0.70    12.10

SNOWFALL (IN)
  YESTERDAY        0.0           0.1  1993   0.0    0.0      0.0
  MONTH TO DATE    6.6                       1.9    4.7       T
  SINCE MAR 1     10.7                       9.7    1.0      8.6
  SINCE JUL 1     36.1                      43.8   -7.7    110.6
  SNOW DEPTH      MM

DEGREE DAYS
 HEATING
  YESTERDAY       21                        14      7       15
  MONTH TO DATE  468                       459      9      447
  SINCE MAR 1   1156                      1288   -132     1424
  SINCE JUL 1   4486                      5330   -844     5739

 COOLING
  YESTERDAY        0                         0      0        0
  MONTH TO DATE    3                         0      3        0
  SINCE MAR 1      3                         0      3        0
  SINCE JAN 1      3                         0      3        0
..................................................................


WIND (MPH)
  RESULTANT WIND SPEED  11   RESULTANT WIND DIRECTION  NE (50)
  HIGHEST WIND SPEED    22   HIGHEST WIND DIRECTION     E (70)
  HIGHEST GUST SPEED    24   HIGHEST GUST DIRECTION    NE (40)
  AVERAGE WIND SPEED    13.5


SKY COVER
  POSSIBLE SUNSHINE  MM
  AVERAGE SKY COVER 0.9


WEATHER CONDITIONS
 THE FOLLOWING WEATHER WAS RECORDED YESTERDAY.
  RAIN
  LIGHT RAIN
  FOG


RELATIVE HUMIDITY (PERCENT)
 HIGHEST    85          1200 PM
 LOWEST     54           200 AM
 AVERAGE    70

..........................................................


THE BOSTON MA CLIMATE NORMALS FOR TODAY
                         NORMAL    RECORD    YEAR
 MAXIMUM TEMPERATURE (F)   60        92      1990
 MINIMUM TEMPERATURE (F)   44        33      1993
                                             1909
                                             1882


SUNRISE AND SUNSET
APRIL 27 2016.........SUNRISE   544 AM EDT   SUNSET   740 PM EDT
APRIL 28 2016.........SUNRISE   543 AM EDT   SUNSET   741 PM EDT


-  INDICATES NEGATIVE NUMBERS.
R  INDICATES RECORD WAS SET OR TIED.
MM INDICATES DATA IS MISSING.
T  INDICATES TRACE AMOUNT.




$$
