785
CDUS41 KBOX 280609
CLIBOS


CLIMATE REPORT
NATIONAL WEATHER SERVICE TAUNTON MA
159 AM EDT SUN AUG 28 2016


...................................

...THE BOSTON MA CLIMATE SUMMARY FOR AUGUST 27 2016...

CLIMATE NORMAL PERIOD 1981 TO 2010
CLIMATE RECORD PERIOD 1872 TO 2016


WEATHER ITEM   OBSERVED TIME   RECORD YEAR NORMAL DEPARTURE LAST
                VALUE   (LST)  VALUE       VALUE  FROM      YEAR
                                                  NORMAL
..................................................................
TEMPERATURE (F)
 YESTERDAY
  MAXIMUM         83   1112 AM 100    1948  78      5       82
  MINIMUM         69   1159 PM  47    1880  63      6       65
  AVERAGE         76                        71      5       74

PRECIPITATION (IN)
  YESTERDAY        0.00          2.19 1946   0.10  -0.10     0.00
  MONTH TO DATE    1.72                      2.97  -1.25     2.19
  SINCE JUN 1      3.92                     10.08  -6.16     9.29
  SINCE JAN 1     20.26                     28.24  -7.98    22.78

SNOWFALL (IN)
  YESTERDAY        0.0           0.0  2002   0.0    0.0      0.0
                                      2001
                                      2000
  MONTH TO DATE    0.0                       0.0    0.0      0.0
  SINCE JUN 1      0.0                       0.0    0.0      0.0
  SINCE JUL 1      0.0                       0.0    0.0      0.0
  SNOW DEPTH       0

DEGREE DAYS
 HEATING
  YESTERDAY        0                         0      0        0
  MONTH TO DATE    0                         0      0        0
  SINCE JUN 1     24                        61    -37       99
  SINCE JUL 1      7                         6      1        1

 COOLING
  YESTERDAY       11                         6      5        9
  MONTH TO DATE  324                       205    119      264
  SINCE JUN 1    811                       607    204      646
  SINCE JAN 1    856                       637    219      707
..................................................................


WIND (MPH)
  RESULTANT WIND SPEED   4   RESULTANT WIND DIRECTION   E (80)
  HIGHEST WIND SPEED    17   HIGHEST WIND DIRECTION     E (100)
  HIGHEST GUST SPEED    22   HIGHEST GUST DIRECTION     E (110)
  AVERAGE WIND SPEED     9.2


SKY COVER
  POSSIBLE SUNSHINE  MM
  AVERAGE SKY COVER 0.3


WEATHER CONDITIONS
 THE FOLLOWING WEATHER WAS RECORDED YESTERDAY.
  NO SIGNIFICANT WEATHER WAS OBSERVED.


RELATIVE HUMIDITY (PERCENT)
 HIGHEST    68           700 PM
 LOWEST     43          1100 AM
 AVERAGE    56

..........................................................


THE BOSTON MA CLIMATE NORMALS FOR TODAY
                         NORMAL    RECORD    YEAR
 MAXIMUM TEMPERATURE (F)   78        99      1948
 MINIMUM TEMPERATURE (F)   63        47      1885


SUNRISE AND SUNSET
AUGUST 28 2016........SUNRISE   606 AM EDT   SUNSET   724 PM EDT
AUGUST 29 2016........SUNRISE   607 AM EDT   SUNSET   722 PM EDT


-  INDICATES NEGATIVE NUMBERS.
R  INDICATES RECORD WAS SET OR TIED.
MM INDICATES DATA IS MISSING.
T  INDICATES TRACE AMOUNT.




$$
