000
CDUS41 KBOX 010536
CLIBOS


CLIMATE REPORT
NATIONAL WEATHER SERVICE TAUNTON MA
1236 AM EST THU DEC 1 2016


...................................

...THE BOSTON MA CLIMATE SUMMARY FOR NOVEMBER 30 2016...

CLIMATE NORMAL PERIOD 1981 TO 2010
CLIMATE RECORD PERIOD 1872 TO 2016


WEATHER ITEM   OBSERVED TIME   RECORD YEAR NORMAL DEPARTURE LAST
                VALUE   (LST)  VALUE       VALUE  FROM      YEAR
                                                  NORMAL
..................................................................
TEMPERATURE (F)
 YESTERDAY
  MAXIMUM         52   1202 AM  69    2006  47      5       38
  MINIMUM         42    455 AM  -2    1875  34      8       28
  AVERAGE         47                        40      7       33

PRECIPITATION (IN)
  YESTERDAY        0.91          2.17 1944   0.14   0.77     0.00
  MONTH TO DATE    2.70                      3.99  -1.29     2.07
  SINCE SEP 1      9.54                     11.37  -1.83     7.74
  SINCE JAN 1     29.80                     39.99 -10.19    30.52

SNOWFALL (IN)
  YESTERDAY        0.0           5.3  1898   0.1   -0.1      0.0
  MONTH TO DATE    T                         1.3   -1.3      0.0
  SINCE SEP 1      T                         1.3   -1.3       T
  SINCE JUL 1      T                         1.3   -1.3       T
  SNOW DEPTH      MM

DEGREE DAYS
 HEATING
  YESTERDAY       18                        25     -7       32
  MONTH TO DATE  557                       610    -53      489
  SINCE SEP 1    908                      1042   -134      854
  SINCE JUL 1    915                      1055   -140      855

 COOLING
  YESTERDAY        0                         0      0        0
  MONTH TO DATE    0                         0      0        3
  SINCE SEP 1    141                        88     53      171
  SINCE JAN 1   1035                       747    288      921
..................................................................


WIND (MPH)
  RESULTANT WIND SPEED   5   RESULTANT WIND DIRECTION   E (90)
  HIGHEST WIND SPEED    22   HIGHEST WIND DIRECTION     E (90)
  HIGHEST GUST SPEED    28   HIGHEST GUST DIRECTION     E (110)
  AVERAGE WIND SPEED    10.0


SKY COVER
  POSSIBLE SUNSHINE  MM
  AVERAGE SKY COVER 0.8


WEATHER CONDITIONS
 THE FOLLOWING WEATHER WAS RECORDED YESTERDAY.
  HEAVY RAIN
  RAIN
  LIGHT RAIN
  FOG


RELATIVE HUMIDITY (PERCENT)
 HIGHEST   100           300 AM
 LOWEST     92           600 AM
 AVERAGE    96

..........................................................


THE BOSTON MA CLIMATE NORMALS FOR TODAY
                         NORMAL    RECORD    YEAR
 MAXIMUM TEMPERATURE (F)   46        71      2001
 MINIMUM TEMPERATURE (F)   33         0      1875


SUNRISE AND SUNSET
DECEMBER  1 2016......SUNRISE   654 AM EST   SUNSET   412 PM EST
DECEMBER  2 2016......SUNRISE   655 AM EST   SUNSET   412 PM EST


-  INDICATES NEGATIVE NUMBERS.
R  INDICATES RECORD WAS SET OR TIED.
MM INDICATES DATA IS MISSING.
T  INDICATES TRACE AMOUNT.




$$
