000
CDUS41 KBOX 102202
CLIBOS


CLIMATE REPORT
NATIONAL WEATHER SERVICE TAUNTON MA
551 PM EDT THU APR 10 2014


...................................

...THE BOSTON MA CLIMATE SUMMARY FOR APRIL 10 2014...
VALID AS OF 0500 PM LOCAL TIME.

CLIMATE NORMAL PERIOD 1981 TO 2010
CLIMATE RECORD PERIOD 1872 TO 2014


WEATHER ITEM   OBSERVED TIME   RECORD YEAR NORMAL DEPARTURE LAST
                VALUE   (LST)  VALUE       VALUE  FROM      YEAR
                                                  NORMAL
..................................................................
TEMPERATURE (F)
 TODAY
  MAXIMUM         60   1246 PM  85    1922  54      6       54
  MINIMUM         34    509 AM  26    1997  39     -5       45
                                      1985
                                      1917
  AVERAGE         47                        46      1       50

PRECIPITATION (IN)
  TODAY            0.00          2.08 1983   0.14  -0.14     0.19
  MONTH TO DATE    1.20                      1.37  -0.17     0.37
  SINCE MAR 1      5.68                      5.69  -0.01     3.69
  SINCE JAN 1     13.05                     12.30   0.75    10.03

SNOWFALL (IN)
  TODAY            0.0           5.4  1996   0.1   -0.1      0.0
  MONTH TO DATE    0.0                       1.1   -1.1       T
  SINCE MAR 1      2.2                       8.9   -6.7     20.6
  SINCE JUL 1     58.6                      43.0   15.6     63.4
  SNOW DEPTH      MM

DEGREE DAYS
 HEATING
  TODAY           18                        19     -1       15
  MONTH TO DATE  189                       205    -16      186
  SINCE MAR 1   1159                      1034    125     1025
  SINCE JUL 1   5307                      5076    231     4827

 COOLING
  TODAY            0                         0      0        0
  MONTH TO DATE    0                         0      0        0
  SINCE MAR 1      0                         0      0        0
  SINCE JAN 1      0                         0      0        0
..................................................................


WIND (MPH)
  HIGHEST WIND SPEED    28   HIGHEST WIND DIRECTION     S (190)
  HIGHEST GUST SPEED    35   HIGHEST GUST DIRECTION     S (200)
  AVERAGE WIND SPEED    11.3


SKY COVER
  POSSIBLE SUNSHINE  MM
  AVERAGE SKY COVER 0.1


WEATHER CONDITIONS
 THE FOLLOWING WEATHER WAS RECORDED TODAY.
  NO SIGNIFICANT WEATHER WAS OBSERVED.


RELATIVE HUMIDITY (PERCENT)
 HIGHEST    44           500 AM
 LOWEST     24          1200 PM
 AVERAGE    34

..........................................................


THE BOSTON MA CLIMATE NORMALS FOR TOMORROW
                         NORMAL    RECORD    YEAR
 MAXIMUM TEMPERATURE (F)   54        78      1955
 MINIMUM TEMPERATURE (F)   39        25      1909


SUNRISE AND SUNSET
APRIL 10 2014.........SUNRISE   611 AM EDT   SUNSET   720 PM EDT
APRIL 11 2014.........SUNRISE   610 AM EDT   SUNSET   721 PM EDT


-  INDICATES NEGATIVE NUMBERS.
R  INDICATES RECORD WAS SET OR TIED.
MM INDICATES DATA IS MISSING.
T  INDICATES TRACE AMOUNT.




$$
