000
CDUS41 KBOX 140544
CLIBOS


CLIMATE REPORT
NATIONAL WEATHER SERVICE TAUNTON MA
140 AM EDT SUN SEP 14 2014


...................................

...THE BOSTON MA CLIMATE SUMMARY FOR SEPTEMBER 13 2014...

CLIMATE NORMAL PERIOD 1981 TO 2010
CLIMATE RECORD PERIOD 1872 TO 2014


WEATHER ITEM   OBSERVED TIME   RECORD YEAR NORMAL DEPARTURE LAST
                VALUE   (LST)  VALUE       VALUE  FROM      YEAR
                                                  NORMAL
..................................................................
TEMPERATURE (F)
 YESTERDAY
  MAXIMUM         67   1212 PM  93    1957  74     -7       76
  MINIMUM         53    639 AM  45    1985  59     -6       61
                                      1911
  AVERAGE         60                        66     -6       69

PRECIPITATION (IN)
  YESTERDAY        0.13          2.30 1987   0.11   0.02     0.39
                                      1918
  MONTH TO DATE    0.51                      1.37  -0.86     1.84
  SINCE SEP 1      0.51                      1.37  -0.86     1.84
  SINCE JAN 1     27.40                     29.99  -2.59    32.04

SNOWFALL (IN)
  YESTERDAY        0.0           0.0  2002   0.0    0.0      0.0
                                      2001
                                      2000
  MONTH TO DATE    0.0                       0.0    0.0      0.0
  SINCE SEP 1      0.0                       0.0    0.0      0.0
  SINCE JUL 1      0.0                       0.0    0.0      0.0
  SNOW DEPTH      MM

DEGREE DAYS
 HEATING
  YESTERDAY        5                         2      3        0
  MONTH TO DATE    8                        16     -8        7
  SINCE SEP 1      8                        16     -8        7
  SINCE JUL 1      8                        29    -21        9

 COOLING
  YESTERDAY        0                         3     -3        4
  MONTH TO DATE   96                        52     44       80
  SINCE SEP 1     96                        52     44       80
  SINCE JAN 1    735                       711     24      901
..................................................................


WIND (MPH)
  RESULTANT WIND SPEED   8   RESULTANT WIND DIRECTION  NE (40)
  HIGHEST WIND SPEED    17   HIGHEST WIND DIRECTION     E (80)
  HIGHEST GUST SPEED    22   HIGHEST GUST DIRECTION     E (80)
  AVERAGE WIND SPEED    10.7


SKY COVER
  POSSIBLE SUNSHINE  MM
  AVERAGE SKY COVER 0.7


WEATHER CONDITIONS
 THE FOLLOWING WEATHER WAS RECORDED YESTERDAY.
  RAIN
  LIGHT RAIN
  FOG


RELATIVE HUMIDITY (PERCENT)
 HIGHEST    97           900 PM
 LOWEST     63          1100 AM
 AVERAGE    80

..........................................................


THE BOSTON MA CLIMATE NORMALS FOR TODAY
                         NORMAL    RECORD    YEAR
 MAXIMUM TEMPERATURE (F)   73        92      1931
                                             1915
 MINIMUM TEMPERATURE (F)   58        40      1884


SUNRISE AND SUNSET
SEPTEMBER 14 2014.....SUNRISE   623 AM EDT   SUNSET   656 PM EDT
SEPTEMBER 15 2014.....SUNRISE   624 AM EDT   SUNSET   654 PM EDT


-  INDICATES NEGATIVE NUMBERS.
R  INDICATES RECORD WAS SET OR TIED.
MM INDICATES DATA IS MISSING.
T  INDICATES TRACE AMOUNT.




$$
