000
CDUS41 KBOX 180558
CLIBOS


CLIMATE REPORT
NATIONAL WEATHER SERVICE TAUNTON MA
157 AM EDT FRI JUL 18 2014


...................................

...THE BOSTON MA CLIMATE SUMMARY FOR JULY 17 2014...

CLIMATE NORMAL PERIOD 1981 TO 2010
CLIMATE RECORD PERIOD 1872 TO 2014


WEATHER ITEM   OBSERVED TIME   RECORD YEAR NORMAL DEPARTURE LAST
                VALUE   (LST)  VALUE       VALUE  FROM      YEAR
                                                  NORMAL
..................................................................
TEMPERATURE (F)
 YESTERDAY
  MAXIMUM         81    540 PM  98    1999  82     -1       95
                                      1977
  MINIMUM         67    504 AM  54    1946  66      1       73
                                      1892
  AVERAGE         74                        74      0       84

PRECIPITATION (IN)
  YESTERDAY        0.00          1.12 1989   0.12  -0.12     0.00
  MONTH TO DATE    4.11                      1.74   2.37     0.23
  SINCE JUN 1      6.73                      5.42   1.31    10.73
  SINCE JAN 1     24.68                     23.58   1.10    24.98

SNOWFALL (IN)
  YESTERDAY        0.0           0.0  2002   0.0    0.0      0.0
  MONTH TO DATE    0.0                       0.0    0.0      0.0
  SINCE JUN 1      0.0                       0.0    0.0      0.0
  SINCE JUL 1      0.0                       0.0    0.0      0.0
  SNOW DEPTH      MM

DEGREE DAYS
 HEATING
  YESTERDAY        0                         0      0        0
  MONTH TO DATE    0                         0      0        0
  SINCE JUN 1     28                        55    -27       25
  SINCE JUL 1      0                         0      0        0

 COOLING
  YESTERDAY        9                         9      0       19
  MONTH TO DATE  190                       142     48      235
  SINCE JUN 1    328                       278     50      406
  SINCE JAN 1    350                       308     42      444
..................................................................


WIND (MPH)
  RESULTANT WIND SPEED   3   RESULTANT WIND DIRECTION   W (290)
  HIGHEST WIND SPEED    14   HIGHEST WIND DIRECTION     W (270)
  HIGHEST GUST SPEED    24   HIGHEST GUST DIRECTION     W (280)
  AVERAGE WIND SPEED     8.1


SKY COVER
  POSSIBLE SUNSHINE  MM
  AVERAGE SKY COVER 0.6


WEATHER CONDITIONS
 THE FOLLOWING WEATHER WAS RECORDED YESTERDAY.
  NO SIGNIFICANT WEATHER WAS OBSERVED.


RELATIVE HUMIDITY (PERCENT)
 HIGHEST    73          1200 AM
 LOWEST     42           600 PM
 AVERAGE    58

..........................................................


THE BOSTON MA CLIMATE NORMALS FOR TODAY
                         NORMAL    RECORD    YEAR
 MAXIMUM TEMPERATURE (F)   82        98      1982
 MINIMUM TEMPERATURE (F)   66        54      1881


SUNRISE AND SUNSET
JULY 18 2014..........SUNRISE   523 AM EDT   SUNSET   817 PM EDT
JULY 19 2014..........SUNRISE   524 AM EDT   SUNSET   816 PM EDT


-  INDICATES NEGATIVE NUMBERS.
R  INDICATES RECORD WAS SET OR TIED.
MM INDICATES DATA IS MISSING.
T  INDICATES TRACE AMOUNT.




$$
