000
CDUS41 KBOX 200538
CLIBOS


CLIMATE REPORT
NATIONAL WEATHER SERVICE TAUNTON MA
1238 AM EST MON FEB 20 2017


...................................

...THE BOSTON MA CLIMATE SUMMARY FOR FEBRUARY 19 2017...

CLIMATE NORMAL PERIOD 1981 TO 2010
CLIMATE RECORD PERIOD 1872 TO 2017


WEATHER ITEM   OBSERVED TIME   RECORD YEAR NORMAL DEPARTURE LAST
                VALUE   (LST)  VALUE       VALUE  FROM      YEAR
                                                  NORMAL
..................................................................
TEMPERATURE (F)
 YESTERDAY
  MAXIMUM         59    422 PM  65    1961  40     19       37
  MINIMUM         39    427 AM   4    1936  25     14       20
                                      1903
                                      1885
  AVERAGE         49                        32     17       29

PRECIPITATION (IN)
  YESTERDAY        0.00          2.40 1972   0.12  -0.12      T
  MONTH TO DATE    3.12                      2.14   0.98     2.76
  SINCE DEC 1     10.62                      9.28   1.34    10.31
  SINCE JAN 1      7.37                      5.50   1.87     6.03

SNOWFALL (IN)
  YESTERDAY        0.0           9.1  1964   0.4   -0.4      0.1
  MONTH TO DATE   21.5                       7.4   14.1     15.0
  SINCE DEC 1     36.3                      29.3    7.0     25.4
  SINCE JUL 1     36.3                      30.6    5.7     25.4
  SNOW DEPTH      MM

DEGREE DAYS
 HEATING
  YESTERDAY       16                        33    -17       36
  MONTH TO DATE  629                       647    -18      651
  SINCE DEC 1   2464                      2702   -238     2255
  SINCE JUL 1   3379                      3757   -378     3110

 COOLING
  YESTERDAY        0                         0      0        0
  MONTH TO DATE    0                         0      0        0
  SINCE DEC 1      0                         0      0        0
  SINCE JAN 1      0                         0      0        0
..................................................................


WIND (MPH)
  RESULTANT WIND SPEED  10   RESULTANT WIND DIRECTION   W (250)
  HIGHEST WIND SPEED    20   HIGHEST WIND DIRECTION     W (250)
  HIGHEST GUST SPEED    31   HIGHEST GUST DIRECTION     W (250)
  AVERAGE WIND SPEED    10.8


SKY COVER
  POSSIBLE SUNSHINE  MM
  AVERAGE SKY COVER 0.6


WEATHER CONDITIONS
 THE FOLLOWING WEATHER WAS RECORDED YESTERDAY.
  NO SIGNIFICANT WEATHER WAS OBSERVED.


RELATIVE HUMIDITY (PERCENT)
 HIGHEST    79           500 AM
 LOWEST     33           300 PM
 AVERAGE    56

..........................................................


THE BOSTON MA CLIMATE NORMALS FOR TODAY
                         NORMAL    RECORD    YEAR
 MAXIMUM TEMPERATURE (F)   40        68      1930
 MINIMUM TEMPERATURE (F)   26         0      1950


SUNRISE AND SUNSET
FEBRUARY 20 2017......SUNRISE   633 AM EST   SUNSET   523 PM EST
FEBRUARY 21 2017......SUNRISE   632 AM EST   SUNSET   524 PM EST


-  INDICATES NEGATIVE NUMBERS.
R  INDICATES RECORD WAS SET OR TIED.
MM INDICATES DATA IS MISSING.
T  INDICATES TRACE AMOUNT.




$$
