287
CDUS41 KBOX 170545
CLIBOS


CLIMATE REPORT
NATIONAL WEATHER SERVICE TAUNTON MA
1241 AM EST TUE JAN 17 2017


...................................

...THE BOSTON MA CLIMATE SUMMARY FOR JANUARY 16 2017...

CLIMATE NORMAL PERIOD 1981 TO 2010
CLIMATE RECORD PERIOD 1872 TO 2017


WEATHER ITEM   OBSERVED TIME   RECORD YEAR NORMAL DEPARTURE LAST
                VALUE   (LST)  VALUE       VALUE  FROM      YEAR
                                                  NORMAL
..................................................................
TEMPERATURE (F)
 YESTERDAY
  MAXIMUM         42    402 PM  64    1995  35      7       43
  MINIMUM         23    650 AM  -7    2004  22      1       34
  AVERAGE         33                        29      4       39

PRECIPITATION (IN)
  YESTERDAY        0.00          1.22 2016   0.11  -0.11     1.22
  MONTH TO DATE    2.00                      1.77   0.23     2.69
  SINCE DEC 1      5.25                      5.55  -0.30     6.97
  SINCE JAN 1      2.00                      1.77   0.23     2.69

SNOWFALL (IN)
  YESTERDAY        0.0           6.9  1965   0.5   -0.5       T
  MONTH TO DATE    8.3                       6.9    1.4      0.3
  SINCE DEC 1     14.2                      15.9   -1.7      1.2
  SINCE JUL 1     14.2                      17.2   -3.0      1.2
  SNOW DEPTH       0

DEGREE DAYS
 HEATING
  YESTERDAY       32                        36     -4       26
  MONTH TO DATE  511                       572    -61      502
  SINCE DEC 1   1427                      1511    -84     1105
  SINCE JUL 1   2342                      2566   -224     1960

 COOLING
  YESTERDAY        0                         0      0        0
  MONTH TO DATE    0                         0      0        0
  SINCE DEC 1      0                         0      0        0
  SINCE JAN 1      0                         0      0        0
..................................................................


WIND (MPH)
  RESULTANT WIND SPEED   8   RESULTANT WIND DIRECTION  SW (230)
  HIGHEST WIND SPEED    20   HIGHEST WIND DIRECTION    SW (230)
  HIGHEST GUST SPEED    28   HIGHEST GUST DIRECTION     W (250)
  AVERAGE WIND SPEED     9.6


SKY COVER
  POSSIBLE SUNSHINE  MM
  AVERAGE SKY COVER 0.4


WEATHER CONDITIONS
 THE FOLLOWING WEATHER WAS RECORDED YESTERDAY.
  NO SIGNIFICANT WEATHER WAS OBSERVED.


RELATIVE HUMIDITY (PERCENT)
 HIGHEST    74           800 AM
 LOWEST     33           400 PM
 AVERAGE    54

..........................................................


THE BOSTON MA CLIMATE NORMALS FOR TODAY
                         NORMAL    RECORD    YEAR
 MAXIMUM TEMPERATURE (F)   35        59      1913
 MINIMUM TEMPERATURE (F)   22        -4      1907


SUNRISE AND SUNSET
JANUARY 17 2017.......SUNRISE   710 AM EST   SUNSET   439 PM EST
JANUARY 18 2017.......SUNRISE   709 AM EST   SUNSET   441 PM EST


-  INDICATES NEGATIVE NUMBERS.
R  INDICATES RECORD WAS SET OR TIED.
MM INDICATES DATA IS MISSING.
T  INDICATES TRACE AMOUNT.




$$
