000
CDUS41 KBOX 050615
CLIBOS


CLIMATE REPORT
NATIONAL WEATHER SERVICE TAUNTON MA
109 AM EST FRI FEB 5 2016


...................................

...THE BOSTON MA CLIMATE SUMMARY FOR FEBRUARY 4 2016...

CLIMATE NORMAL PERIOD 1981 TO 2010
CLIMATE RECORD PERIOD 1872 TO 2016


WEATHER ITEM   OBSERVED TIME   RECORD YEAR NORMAL DEPARTURE LAST
                VALUE   (LST)  VALUE       VALUE  FROM      YEAR
                                                  NORMAL
..................................................................
TEMPERATURE (F)
 YESTERDAY
  MAXIMUM         56    253 PM  64    1991  37     19       38
  MINIMUM         43   1159 PM  -2    1886  23     20       14
  AVERAGE         50                        30     20       26

PRECIPITATION (IN)
  YESTERDAY        0.01          2.55 1961   0.11  -0.10     0.01
  MONTH TO DATE    0.34                      0.43  -0.09     0.79
  SINCE DEC 1      7.89                      7.57   0.32    10.92
  SINCE JAN 1      3.61                      3.79  -0.18     4.36

SNOWFALL (IN)
  YESTERDAY        0.0          14.4  1961   0.4   -0.4      0.0
  MONTH TO DATE    0.0                       1.6   -1.6     16.2
  SINCE DEC 1     10.4                      23.5  -13.1     50.8
  SINCE JUL 1     10.4                      24.8  -14.4     53.4
  SNOW DEPTH      MM

DEGREE DAYS
 HEATING
  YESTERDAY       15                        35    -20       39
  MONTH TO DATE   69                       140    -71      178
  SINCE DEC 1   1673                      2195   -522     2199
  SINCE JUL 1   2528                      3250   -722     3212

 COOLING
  YESTERDAY        0                         0      0        0
  MONTH TO DATE    0                         0      0        0
  SINCE DEC 1      0                         0      0        0
  SINCE JAN 1      0                         0      0        0
..................................................................


WIND (MPH)
  RESULTANT WIND SPEED   7   RESULTANT WIND DIRECTION   W (270)
  HIGHEST WIND SPEED    18   HIGHEST WIND DIRECTION     W (290)
  HIGHEST GUST SPEED    23   HIGHEST GUST DIRECTION     W (280)
  AVERAGE WIND SPEED    10.4


SKY COVER
  POSSIBLE SUNSHINE  MM
  AVERAGE SKY COVER 1.0


WEATHER CONDITIONS
 THE FOLLOWING WEATHER WAS RECORDED YESTERDAY.
  LIGHT RAIN
  FOG


RELATIVE HUMIDITY (PERCENT)
 HIGHEST    93          1200 AM
 LOWEST     35           300 PM
 AVERAGE    64

..........................................................


THE BOSTON MA CLIMATE NORMALS FOR TODAY
                         NORMAL    RECORD    YEAR
 MAXIMUM TEMPERATURE (F)   37        65      1991
 MINIMUM TEMPERATURE (F)   23       -10      1918


SUNRISE AND SUNSET
FEBRUARY  5 2016......SUNRISE   654 AM EST   SUNSET   503 PM EST
FEBRUARY  6 2016......SUNRISE   653 AM EST   SUNSET   504 PM EST


-  INDICATES NEGATIVE NUMBERS.
R  INDICATES RECORD WAS SET OR TIED.
MM INDICATES DATA IS MISSING.
T  INDICATES TRACE AMOUNT.




$$
