000
CDUS41 KBOX 190539
CLIBOS


CLIMATE REPORT
NATIONAL WEATHER SERVICE TAUNTON MA
137 AM EDT SUN OCT 19 2014


...................................

...THE BOSTON MA CLIMATE SUMMARY FOR OCTOBER 18 2014...

CLIMATE NORMAL PERIOD 1981 TO 2010
CLIMATE RECORD PERIOD 1872 TO 2014


WEATHER ITEM   OBSERVED TIME   RECORD YEAR NORMAL DEPARTURE LAST
                VALUE   (LST)  VALUE       VALUE  FROM      YEAR
                                                  NORMAL
..................................................................
TEMPERATURE (F)
 YESTERDAY
  MAXIMUM         71   1203 PM  82    1947  61     10       70
  MINIMUM         55   1159 PM  31    1939  46      9       56
                                      1883
  AVERAGE         63                        53     10       63

PRECIPITATION (IN)
  YESTERDAY        T             3.13 1932   0.12  -0.12     0.02
  MONTH TO DATE    2.64                      2.29   0.35     0.50
  SINCE SEP 1      3.34                      5.73  -2.39     2.71
  SINCE JAN 1     30.23                     34.35  -4.12    32.91

SNOWFALL (IN)
  YESTERDAY        0.0           0.1  2009   0.0    0.0      0.0
  MONTH TO DATE    0.0                       0.0    0.0      0.0
  SINCE SEP 1      0.0                       0.0    0.0      0.0
  SINCE JUL 1      0.0                       0.0    0.0      0.0
  SNOW DEPTH       0

DEGREE DAYS
 HEATING
  YESTERDAY        2                        12    -10        2
  MONTH TO DATE  116                       168    -52       89
  SINCE SEP 1    192                       252    -60      172
  SINCE JUL 1    192                       265    -73      174

 COOLING
  YESTERDAY        0                         0      0        0
  MONTH TO DATE   10                         6      4       16
  SINCE SEP 1    130                        87     43       98
  SINCE JAN 1    769                       746     23      919
..................................................................


WIND (MPH)
  RESULTANT WIND SPEED  10   RESULTANT WIND DIRECTION  SW (220)
  HIGHEST WIND SPEED    22   HIGHEST WIND DIRECTION     S (200)
  HIGHEST GUST SPEED    26   HIGHEST GUST DIRECTION    SW (210)
  AVERAGE WIND SPEED    11.5


SKY COVER
  POSSIBLE SUNSHINE  MM
  AVERAGE SKY COVER 0.7


WEATHER CONDITIONS
 THE FOLLOWING WEATHER WAS RECORDED YESTERDAY.
  NO SIGNIFICANT WEATHER WAS OBSERVED.


RELATIVE HUMIDITY (PERCENT)
 HIGHEST   100           500 AM
 LOWEST     61          1100 AM
 AVERAGE    81

..........................................................


THE BOSTON MA CLIMATE NORMALS FOR TODAY
                         NORMAL    RECORD    YEAR
 MAXIMUM TEMPERATURE (F)   60        84      1945
 MINIMUM TEMPERATURE (F)   45        28      1922


SUNRISE AND SUNSET
OCTOBER 19 2014.......SUNRISE   702 AM EDT   SUNSET   556 PM EDT
OCTOBER 20 2014.......SUNRISE   703 AM EDT   SUNSET   554 PM EDT


-  INDICATES NEGATIVE NUMBERS.
R  INDICATES RECORD WAS SET OR TIED.
MM INDICATES DATA IS MISSING.
T  INDICATES TRACE AMOUNT.




$$
