000
CDUS41 KBOX 122150
CLIBOS


CLIMATE REPORT
NATIONAL WEATHER SERVICE TAUNTON MA
439 PM EST FRI JAN 12 2018


...................................

...THE BOSTON MA CLIMATE SUMMARY FOR JANUARY 12 2018...
VALID AS OF 0400 PM LOCAL TIME.

CLIMATE NORMAL PERIOD 1981 TO 2010
CLIMATE RECORD PERIOD 1872 TO 2018


WEATHER ITEM   OBSERVED TIME   RECORD YEAR NORMAL DEPARTURE LAST
                VALUE   (LST)  VALUE       VALUE  FROM      YEAR
                                                  NORMAL
..................................................................
TEMPERATURE (F)
 TODAY
  MAXIMUM         60   1201 PM  61    2017  36     24       61
                                      1975
                                      1913
  MINIMUM         39    331 AM -10    1886  22     17       41
  AVERAGE         50                        29     21       51

PRECIPITATION (IN)
  TODAY            0.11          1.65 1900   0.11   0.00     0.15
  MONTH TO DATE    1.46                      1.32   0.14     2.00
  SINCE DEC 1      3.95                      5.10  -1.15     5.25
  SINCE JAN 1      1.46                      1.32   0.14     2.00

SNOWFALL (IN)
  TODAY            0.0          14.6  2011   0.4   -0.4      0.0
  MONTH TO DATE   13.4                       5.1    8.3      8.3
  SINCE DEC 1     22.6                      14.1    8.5     14.2
  SINCE JUL 1     22.6                      15.4    7.2     14.2
  SNOW DEPTH      MM

DEGREE DAYS
 HEATING
  TODAY           15                        36    -21       14
  MONTH TO DATE  496                       428     68      383
  SINCE DEC 1   1553                      1367    186     1299
  SINCE JUL 1   2380                      2422    -42     2214

 COOLING
  TODAY            0                         0      0        0
  MONTH TO DATE    0                         0      0        0
  SINCE DEC 1      0                         0      0        0
  SINCE JAN 1      0                         0      0        0
..................................................................


WIND (MPH)
  HIGHEST WIND SPEED    31   HIGHEST WIND DIRECTION     S (200)
  HIGHEST GUST SPEED    40   HIGHEST GUST DIRECTION     S (200)
  AVERAGE WIND SPEED    12.9


SKY COVER
  POSSIBLE SUNSHINE  MM
  AVERAGE SKY COVER 0.8


WEATHER CONDITIONS
 THE FOLLOWING WEATHER WAS RECORDED TODAY.
  RAIN
  LIGHT RAIN
  FOG
  FOG W/VISIBILITY <= 1/4 MILE


RELATIVE HUMIDITY (PERCENT)
 HIGHEST   100           300 AM
 LOWEST     84          1200 PM
 AVERAGE    92

..........................................................


THE BOSTON MA CLIMATE NORMALS FOR TOMORROW
                         NORMAL    RECORD    YEAR
 MAXIMUM TEMPERATURE (F)   36        63      1932
 MINIMUM TEMPERATURE (F)   22        -9      1914


SUNRISE AND SUNSET
JANUARY 12 2018.......SUNRISE   712 AM EST   SUNSET   433 PM EST
JANUARY 13 2018.......SUNRISE   712 AM EST   SUNSET   434 PM EST


-  INDICATES NEGATIVE NUMBERS.
R  INDICATES RECORD WAS SET OR TIED.
MM INDICATES DATA IS MISSING.
T  INDICATES TRACE AMOUNT.




$$
