139
CDUS41 KBOX 030544
CLIBOS


CLIMATE REPORT
NATIONAL WEATHER SERVICE TAUNTON MA
1241 AM EST WED FEB 3 2016


...................................

...THE BOSTON MA CLIMATE SUMMARY FOR FEBRUARY 2 2016...

CLIMATE NORMAL PERIOD 1981 TO 2010
CLIMATE RECORD PERIOD 1872 TO 2016


WEATHER ITEM   OBSERVED TIME   RECORD YEAR NORMAL DEPARTURE LAST
                VALUE   (LST)  VALUE       VALUE  FROM      YEAR
                                                  NORMAL
..................................................................
TEMPERATURE (F)
 YESTERDAY
  MAXIMUM         50    235 PM  55    2014  37     13       31
                                      1988
                                      1933
  MINIMUM         36   1145 PM  -5    1881  23     13       10
                                      1880
  AVERAGE         43                        30     13       21

PRECIPITATION (IN)
  YESTERDAY        0.00          1.29 1999   0.10  -0.10     0.78
  MONTH TO DATE    0.00                      0.21  -0.21     0.78
  SINCE DEC 1      7.55                      7.35   0.20    10.91
  SINCE JAN 1      3.27                      3.57  -0.30     4.35

SNOWFALL (IN)
  YESTERDAY        0.0          16.2  2015   0.4   -0.4     16.2
  MONTH TO DATE    0.0                       0.8   -0.8     16.2
  SINCE DEC 1     10.4                      22.7  -12.3     50.8
  SINCE JUL 1     10.4                      24.0  -13.6     53.4
  SNOW DEPTH      MM

DEGREE DAYS
 HEATING
  YESTERDAY       22                        35    -13       44
  MONTH TO DATE   35                        70    -35       88
  SINCE DEC 1   1639                      2125   -486     2109
  SINCE JUL 1   2494                      3180   -686     3122

 COOLING
  YESTERDAY        0                         0      0        0
  MONTH TO DATE    0                         0      0        0
  SINCE DEC 1      0                         0      0        0
  SINCE JAN 1      0                         0      0        0
..................................................................


WIND (MPH)
  RESULTANT WIND SPEED   2   RESULTANT WIND DIRECTION   W (290)
  HIGHEST WIND SPEED    13   HIGHEST WIND DIRECTION    NW (330)
  HIGHEST GUST SPEED    17   HIGHEST GUST DIRECTION    NW (300)
  AVERAGE WIND SPEED     6.9


SKY COVER
  POSSIBLE SUNSHINE  MM
  AVERAGE SKY COVER 0.3


WEATHER CONDITIONS
 THE FOLLOWING WEATHER WAS RECORDED YESTERDAY.
  NO SIGNIFICANT WEATHER WAS OBSERVED.


RELATIVE HUMIDITY (PERCENT)
 HIGHEST    70          1100 PM
 LOWEST     31           200 PM
 AVERAGE    51

..........................................................


THE BOSTON MA CLIMATE NORMALS FOR TODAY
                         NORMAL    RECORD    YEAR
 MAXIMUM TEMPERATURE (F)   37        59      1991
 MINIMUM TEMPERATURE (F)   23        -5      1881


SUNRISE AND SUNSET
FEBRUARY  3 2016......SUNRISE   656 AM EST   SUNSET   500 PM EST
FEBRUARY  4 2016......SUNRISE   655 AM EST   SUNSET   501 PM EST


-  INDICATES NEGATIVE NUMBERS.
R  INDICATES RECORD WAS SET OR TIED.
MM INDICATES DATA IS MISSING.
T  INDICATES TRACE AMOUNT.




$$
