000
CDUS41 KBOX 242157
CLIBOS


CLIMATE REPORT
NATIONAL WEATHER SERVICE TAUNTON MA
556 PM EDT WED AUG 24 2016


...................................

...THE BOSTON MA CLIMATE SUMMARY FOR AUGUST 24 2016...
VALID AS OF 0500 PM LOCAL TIME.

CLIMATE NORMAL PERIOD 1981 TO 2010
CLIMATE RECORD PERIOD 1872 TO 2016


WEATHER ITEM   OBSERVED TIME   RECORD YEAR NORMAL DEPARTURE LAST
                VALUE   (LST)  VALUE       VALUE  FROM      YEAR
                                                  NORMAL
..................................................................
TEMPERATURE (F)
 TODAY
  MAXIMUM         88    130 PM  96    1947  79      9       75
  MINIMUM         65    506 AM  50    1873  64      1       68
  AVERAGE         77                        71      6       72

PRECIPITATION (IN)
  TODAY            0.00          1.45 1945   0.10  -0.10      T
                                      1897
  MONTH TO DATE    1.72                      2.67  -0.95     2.19
  SINCE JUN 1      3.92                      9.78  -5.86     9.29
  SINCE JAN 1     20.26                     27.94  -7.68    22.78

SNOWFALL (IN)
  TODAY            0.0           0.0  2015   0.0    0.0      0.0
  MONTH TO DATE    0.0                       0.0    0.0      0.0
  SINCE JUN 1      0.0                       0.0    0.0      0.0
  SINCE JUL 1      0.0                       0.0    0.0      0.0
  SNOW DEPTH      MM

DEGREE DAYS
 HEATING
  TODAY            0                         0      0        0
  MONTH TO DATE    0                         0      0        0
  SINCE JUN 1     24                        61    -37       99
  SINCE JUL 1      7                         6      1        1

 COOLING
  TODAY           12                         6      6        7
  MONTH TO DATE  283                       187     96      234
  SINCE JUN 1    770                       589    181      616
  SINCE JAN 1    815                       619    196      677
..................................................................


WIND (MPH)
  HIGHEST WIND SPEED    15   HIGHEST WIND DIRECTION    SE (130)
  HIGHEST GUST SPEED    19   HIGHEST GUST DIRECTION    SE (120)
  AVERAGE WIND SPEED     8.0


SKY COVER
  POSSIBLE SUNSHINE  MM
  AVERAGE SKY COVER 0.2


WEATHER CONDITIONS
 THE FOLLOWING WEATHER WAS RECORDED TODAY.
  NO SIGNIFICANT WEATHER WAS OBSERVED.


RELATIVE HUMIDITY (PERCENT)
 HIGHEST    78           400 AM
 LOWEST     36           100 PM
 AVERAGE    57

..........................................................


THE BOSTON MA CLIMATE NORMALS FOR TOMORROW
                         NORMAL    RECORD    YEAR
 MAXIMUM TEMPERATURE (F)   78        96      2007
                                             1948
 MINIMUM TEMPERATURE (F)   64        46      1940


SUNRISE AND SUNSET
AUGUST 24 2016........SUNRISE   601 AM EDT   SUNSET   731 PM EDT
AUGUST 25 2016........SUNRISE   602 AM EDT   SUNSET   729 PM EDT


-  INDICATES NEGATIVE NUMBERS.
R  INDICATES RECORD WAS SET OR TIED.
MM INDICATES DATA IS MISSING.
T  INDICATES TRACE AMOUNT.




$$
