000
CDUS41 KBOX 230553
CLIBOS


CLIMATE REPORT
NATIONAL WEATHER SERVICE TAUNTON MA
1252 AM EST FRI JAN 23 2015


...................................

...THE BOSTON MA CLIMATE SUMMARY FOR JANUARY 22 2015...

CLIMATE NORMAL PERIOD 1981 TO 2010
CLIMATE RECORD PERIOD 1872 TO 2015


WEATHER ITEM   OBSERVED TIME   RECORD YEAR NORMAL DEPARTURE LAST
                VALUE   (LST)  VALUE       VALUE  FROM      YEAR
                                                  NORMAL
..................................................................
TEMPERATURE (F)
 YESTERDAY
  MAXIMUM         37    152 PM  66    1916  36      1       18
  MINIMUM         29    509 AM  -3    1888  22      7        7
  AVERAGE         33                        29      4       13

PRECIPITATION (IN)
  YESTERDAY        T             2.00 1881   0.11  -0.11      T
  MONTH TO DATE    1.69                      2.41  -0.72     3.21
  SINCE DEC 1      8.25                      6.19   2.06     7.83
  SINCE JAN 1      1.69                      2.41  -0.72     3.21

SNOWFALL (IN)
  YESTERDAY        T             9.1  2005   0.4   -0.4      0.3
  MONTH TO DATE    2.6                       9.4   -6.8     21.7
  SINCE DEC 1      2.9                      18.4  -15.5     33.4
  SINCE JUL 1      5.5                      19.7  -14.2     33.4
  SNOW DEPTH      MM

DEGREE DAYS
 HEATING
  YESTERDAY       32                        36     -4       52
  MONTH TO DATE  826                       788     38      775
  SINCE DEC 1   1649                      1727    -78     1748
  SINCE JUL 1   2662                      2782   -120     2764

 COOLING
  YESTERDAY        0                         0      0        0
  MONTH TO DATE    0                         0      0        0
  SINCE DEC 1      0                         0      0        0
  SINCE JAN 1      0                         0      0        0
..................................................................


WIND (MPH)
  RESULTANT WIND SPEED   3   RESULTANT WIND DIRECTION  NW (330)
  HIGHEST WIND SPEED    14   HIGHEST WIND DIRECTION     W (290)
  HIGHEST GUST SPEED    17   HIGHEST GUST DIRECTION     W (290)
  AVERAGE WIND SPEED     7.0


SKY COVER
  POSSIBLE SUNSHINE  MM
  AVERAGE SKY COVER 0.7


WEATHER CONDITIONS
 THE FOLLOWING WEATHER WAS RECORDED YESTERDAY.
  LIGHT SNOW


RELATIVE HUMIDITY (PERCENT)
 HIGHEST    78           100 AM
 LOWEST     56          1200 PM
 AVERAGE    67

..........................................................


THE BOSTON MA CLIMATE NORMALS FOR TODAY
                         NORMAL    RECORD    YEAR
 MAXIMUM TEMPERATURE (F)   36        68      1906
 MINIMUM TEMPERATURE (F)   22        -6      1882


SUNRISE AND SUNSET
JANUARY 23 2015.......SUNRISE   706 AM EST   SUNSET   446 PM EST
JANUARY 24 2015.......SUNRISE   705 AM EST   SUNSET   448 PM EST


-  INDICATES NEGATIVE NUMBERS.
R  INDICATES RECORD WAS SET OR TIED.
MM INDICATES DATA IS MISSING.
T  INDICATES TRACE AMOUNT.




$$
