000
CDUS41 KBOX 142137
CLIBOS


CLIMATE REPORT
NATIONAL WEATHER SERVICE TAUNTON MA
426 PM EST SAT JAN 14 2017


...................................

...THE BOSTON MA CLIMATE SUMMARY FOR JANUARY 14 2017...
VALID AS OF 0400 PM LOCAL TIME.

CLIMATE NORMAL PERIOD 1981 TO 2010
CLIMATE RECORD PERIOD 1872 TO 2017


WEATHER ITEM   OBSERVED TIME   RECORD YEAR NORMAL DEPARTURE LAST
                VALUE   (LST)  VALUE       VALUE  FROM      YEAR
                                                  NORMAL
..................................................................
TEMPERATURE (F)
 TODAY
  MAXIMUM         30    400 PM  69    1932  35     -5       30
  MINIMUM         18        MM  -8    1914  22     -4       21
  AVERAGE         24                        29     -5       26

PRECIPITATION (IN)
  TODAY            0.00          1.23 1874   0.11  -0.11      T
  MONTH TO DATE    2.00                      1.54   0.46     1.47
  SINCE DEC 1      5.25                      5.32  -0.07     5.75
  SINCE JAN 1      2.00                      1.54   0.46     1.47

SNOWFALL (IN)
  TODAY            0.0           7.0  2008   0.5   -0.5       T
                                      1982
  MONTH TO DATE    8.3                       6.0    2.3      0.3
  SINCE DEC 1     14.2                      15.0   -0.8      1.2
  SINCE JUL 1     14.2                      16.3   -2.1      1.2
  SNOW DEPTH      MM

DEGREE DAYS
 HEATING
  TODAY           41                        36      5       39
  MONTH TO DATE  447                       500    -53      445
  SINCE DEC 1   1363                      1439    -76     1048
  SINCE JUL 1   2278                      2494   -216     1903

 COOLING
  TODAY            0                         0      0        0
  MONTH TO DATE    0                         0      0        0
  SINCE DEC 1      0                         0      0        0
  SINCE JAN 1      0                         0      0        0
..................................................................


WIND (MPH)
  HIGHEST WIND SPEED    15   HIGHEST WIND DIRECTION    NW (330)
  HIGHEST GUST SPEED    MM   HIGHEST GUST DIRECTION    MM
  AVERAGE WIND SPEED     8.5


SKY COVER
  POSSIBLE SUNSHINE  MM
  AVERAGE SKY COVER 0.4


WEATHER CONDITIONS
 THE FOLLOWING WEATHER WAS RECORDED TODAY.
  NO SIGNIFICANT WEATHER WAS OBSERVED.


RELATIVE HUMIDITY (PERCENT)
 HIGHEST    43           800 AM
 LOWEST     31           300 PM
 AVERAGE    37

..........................................................


THE BOSTON MA CLIMATE NORMALS FOR TOMORROW
                         NORMAL    RECORD    YEAR
 MAXIMUM TEMPERATURE (F)   35        66      1995
 MINIMUM TEMPERATURE (F)   22       -12      1957


SUNRISE AND SUNSET
JANUARY 14 2017.......SUNRISE   711 AM EST   SUNSET   436 PM EST
JANUARY 15 2017.......SUNRISE   711 AM EST   SUNSET   437 PM EST


-  INDICATES NEGATIVE NUMBERS.
R  INDICATES RECORD WAS SET OR TIED.
MM INDICATES DATA IS MISSING.
T  INDICATES TRACE AMOUNT.




$$
