000
CDUS41 KBOX 052131
CLIBOS


CLIMATE REPORT
NATIONAL WEATHER SERVICE TAUNTON MA
529 PM EDT SAT JUL 5 2014


...................................

...THE BOSTON MA CLIMATE SUMMARY FOR JULY 5 2014...
VALID TODAY AS OF 0500 PM LOCAL TIME.

CLIMATE NORMAL PERIOD 1981 TO 2010
CLIMATE RECORD PERIOD 1872 TO 2014


WEATHER ITEM   OBSERVED TIME   RECORD YEAR NORMAL DEPARTURE LAST
                VALUE   (LST)  VALUE       VALUE  FROM      YEAR
                                                  NORMAL
..................................................................
TEMPERATURE (F)
 TODAY
  MAXIMUM         80    335 PM 101    1919  81     -1       95
  MINIMUM         59    443 AM  52    1933  65     -6       79
  AVERAGE         70                        73     -3       87

PRECIPITATION (IN)
  TODAY            0.35          1.12 1944   0.09   0.26     0.00
  MONTH TO DATE    2.51                      0.45   2.06     0.03
  SINCE JUN 1      5.13                      4.13   1.00    10.53
  SINCE JAN 1     23.08                     22.29   0.79    24.78

SNOWFALL (IN)
  TODAY            0.0           0.0  2002   0.0    0.0      0.0
                                      2001
                                      2000
  MONTH TO DATE    0.0                       0.0    0.0      0.0
  SINCE JUN 1      0.0                       0.0    0.0      0.0
  SINCE JUL 1      0.0                       0.0    0.0      0.0
  SNOW DEPTH      MM

DEGREE DAYS
 HEATING
  TODAY            0                         0      0        0
  MONTH TO DATE    0                         0      0        0
  SINCE JUN 1     28                        55    -27       25
  SINCE JUL 1      0                         0      0        0

 COOLING
  TODAY            5                         8     -3       22
  MONTH TO DATE   57                        39     18       74
  SINCE JUN 1    195                       175     20      245
  SINCE JAN 1    217                       205     12      283
..................................................................


WIND (MPH)
  HIGHEST WIND SPEED    30   HIGHEST WIND DIRECTION    NW (310)
  HIGHEST GUST SPEED    40   HIGHEST GUST DIRECTION    NW (330)
  AVERAGE WIND SPEED    17.0


SKY COVER
  POSSIBLE SUNSHINE  MM
  AVERAGE SKY COVER 0.7


WEATHER CONDITIONS
 THE FOLLOWING WEATHER WAS RECORDED TODAY.
  HEAVY RAIN
  RAIN
  LIGHT RAIN
  FOG


RELATIVE HUMIDITY (PERCENT)
 HIGHEST    93          1200 AM
 LOWEST     29          1100 AM
 AVERAGE    61

..........................................................


THE BOSTON MA CLIMATE NORMALS FOR TOMORROW
                         NORMAL    RECORD    YEAR
 MAXIMUM TEMPERATURE (F)   81       101      1911
 MINIMUM TEMPERATURE (F)   65        50      1879


SUNRISE AND SUNSET
JULY  5 2014..........SUNRISE   513 AM EDT   SUNSET   824 PM EDT
JULY  6 2014..........SUNRISE   514 AM EDT   SUNSET   824 PM EDT


-  INDICATES NEGATIVE NUMBERS.
R  INDICATES RECORD WAS SET OR TIED.
MM INDICATES DATA IS MISSING.
T  INDICATES TRACE AMOUNT.




$$
