000
CDUS41 KBOX 210545
CLIBOS


CLIMATE REPORT
NATIONAL WEATHER SERVICE TAUNTON MA
1244 AM EST FRI NOV 21 2014


...................................

...THE BOSTON MA CLIMATE SUMMARY FOR NOVEMBER 20 2014...

CLIMATE NORMAL PERIOD 1981 TO 2010
CLIMATE RECORD PERIOD 1872 TO 2014


WEATHER ITEM   OBSERVED TIME   RECORD YEAR NORMAL DEPARTURE LAST
                VALUE   (LST)  VALUE       VALUE  FROM      YEAR
                                                  NORMAL
..................................................................
TEMPERATURE (F)
 YESTERDAY
  MAXIMUM         48    209 PM  74    1953  50     -2       43
  MINIMUM         31    204 AM  15    1894  37     -6       29
  AVERAGE         40                        44     -4       36

PRECIPITATION (IN)
  YESTERDAY        0.00          3.85 1876   0.13  -0.13     0.00
  MONTH TO DATE    3.42                      2.63   0.79     0.58
  SINCE SEP 1      9.95                     10.01  -0.06     3.40
  SINCE JAN 1     36.84                     38.63  -1.79    33.60

SNOWFALL (IN)
  YESTERDAY        0.0           3.0  1897   0.1   -0.1      0.0
  MONTH TO DATE    T                         0.5   -0.5       T
  SINCE SEP 1      T                         0.5   -0.5       T
  SINCE JUL 1      T                         0.5   -0.5       T
  SNOW DEPTH      MM

DEGREE DAYS
 HEATING
  YESTERDAY       25                        22      3       29
  MONTH TO DATE  424                       375     49      370
  SINCE SEP 1    771                       809    -38      720
  SINCE JUL 1    771                       822    -51      722

 COOLING
  YESTERDAY        0                         0      0        0
  MONTH TO DATE    0                         0      0        1
  SINCE SEP 1    130                        88     42       99
  SINCE JAN 1    769                       747     22      920
..................................................................


WIND (MPH)
  RESULTANT WIND SPEED  12   RESULTANT WIND DIRECTION  SW (240)
  HIGHEST WIND SPEED    29   HIGHEST WIND DIRECTION    SW (240)
  HIGHEST GUST SPEED    37   HIGHEST GUST DIRECTION     W (250)
  AVERAGE WIND SPEED    13.8


SKY COVER
  POSSIBLE SUNSHINE  MM
  AVERAGE SKY COVER 0.4


WEATHER CONDITIONS
 THE FOLLOWING WEATHER WAS RECORDED YESTERDAY.
  NO SIGNIFICANT WEATHER WAS OBSERVED.


RELATIVE HUMIDITY (PERCENT)
 HIGHEST    63           700 AM
 LOWEST     31           100 PM
 AVERAGE    47

..........................................................


THE BOSTON MA CLIMATE NORMALS FOR TODAY
                         NORMAL    RECORD    YEAR
 MAXIMUM TEMPERATURE (F)   50        74      1931
 MINIMUM TEMPERATURE (F)   37        10      1879


SUNRISE AND SUNSET
NOVEMBER 21 2014......SUNRISE   642 AM EST   SUNSET   417 PM EST
NOVEMBER 22 2014......SUNRISE   643 AM EST   SUNSET   417 PM EST


-  INDICATES NEGATIVE NUMBERS.
R  INDICATES RECORD WAS SET OR TIED.
MM INDICATES DATA IS MISSING.
T  INDICATES TRACE AMOUNT.




$$
