000
CDUS41 KBOX 160559
CLIBOS


CLIMATE REPORT
NATIONAL WEATHER SERVICE TAUNTON MA
157 AM EDT SUN APR 16 2017


...................................

...THE BOSTON MA CLIMATE SUMMARY FOR APRIL 15 2017...

CLIMATE NORMAL PERIOD 1981 TO 2010
CLIMATE RECORD PERIOD 1872 TO 2017


WEATHER ITEM   OBSERVED TIME   RECORD YEAR NORMAL DEPARTURE LAST
                VALUE   (LST)  VALUE       VALUE  FROM      YEAR
                                                  NORMAL
..................................................................
TEMPERATURE (F)
 YESTERDAY
  MAXIMUM         70    138 PM  82    1896  55     15       54
  MINIMUM         42    512 AM  28    1943  41      1       38
  AVERAGE         56                        48      8       46

PRECIPITATION (IN)
  YESTERDAY        T             2.05 1903   0.12  -0.12     0.00
  MONTH TO DATE    3.62                      2.04   1.58     2.53
  SINCE MAR 1      7.80                      6.36   1.44     5.69
  SINCE JAN 1     15.27                     12.97   2.30    13.13

SNOWFALL (IN)
  YESTERDAY        0.0           0.1  1916   0.1   -0.1      0.0
  MONTH TO DATE    1.2                       1.5   -0.3      6.6
  SINCE MAR 1     11.3                       9.3    2.0     10.7
  SINCE JUL 1     47.6                      43.4    4.2     36.1
  SNOW DEPTH      MM

DEGREE DAYS
 HEATING
  YESTERDAY        9                        17     -8       19
  MONTH TO DATE  241                       293    -52      322
  SINCE MAR 1   1192                      1122     70     1010
  SINCE JUL 1   4731                      5164   -433     4340

 COOLING
  YESTERDAY        0                         0      0        0
  MONTH TO DATE    3                         0      3        0
  SINCE MAR 1      3                         0      3        0
  SINCE JAN 1      3                         0      3        0
..................................................................


WIND (MPH)
  RESULTANT WIND SPEED  14   RESULTANT WIND DIRECTION  SW (220)
  HIGHEST WIND SPEED    31   HIGHEST WIND DIRECTION    SW (220)
  HIGHEST GUST SPEED    39   HIGHEST GUST DIRECTION    SW (220)
  AVERAGE WIND SPEED    15.8


SKY COVER
  POSSIBLE SUNSHINE  MM
  AVERAGE SKY COVER 0.5


WEATHER CONDITIONS
 THE FOLLOWING WEATHER WAS RECORDED YESTERDAY.
  LIGHT RAIN


RELATIVE HUMIDITY (PERCENT)
 HIGHEST    83          1000 PM
 LOWEST     22          1100 AM
 AVERAGE    53

..........................................................


THE BOSTON MA CLIMATE NORMALS FOR TODAY
                         NORMAL    RECORD    YEAR
 MAXIMUM TEMPERATURE (F)   56        87      2012
 MINIMUM TEMPERATURE (F)   41        28      1943
                                             1928
                                             1908


SUNRISE AND SUNSET
APRIL 16 2017.........SUNRISE   601 AM EDT   SUNSET   727 PM EDT
APRIL 17 2017.........SUNRISE   600 AM EDT   SUNSET   728 PM EDT


-  INDICATES NEGATIVE NUMBERS.
R  INDICATES RECORD WAS SET OR TIED.
MM INDICATES DATA IS MISSING.
T  INDICATES TRACE AMOUNT.




$$
