348
CDUS41 KBOX 241235
CLIBOS


CLIMATE REPORT
NATIONAL WEATHER SERVICE TAUNTON MA
835 AM EDT SAT SEP 24 2016


...................................

...THE BOSTON MA CLIMATE SUMMARY FOR SEPTEMBER 23 2016...

CLIMATE NORMAL PERIOD 1981 TO 2010
CLIMATE RECORD PERIOD 1872 TO 2016


WEATHER ITEM   OBSERVED TIME   RECORD YEAR NORMAL DEPARTURE LAST
                VALUE   (LST)  VALUE       VALUE  FROM      YEAR
                                                  NORMAL
..................................................................
TEMPERATURE (F)
 YESTERDAY
  MAXIMUM         82        MM  96    1895  70     12       68
  MINIMUM         56        MM  35    1904  55      1       54
                                      1875
  AVERAGE         69                        62      7       61

PRECIPITATION (IN)
  YESTERDAY        0.34          2.64 1994   0.12   0.22     0.00
  MONTH TO DATE    1.03                      2.56  -1.53     1.43
  SINCE SEP 1      1.03                      2.56  -1.53     1.43
  SINCE JAN 1     21.29                     31.18  -9.89    24.21

SNOWFALL (IN)
  YESTERDAY        0.0           0.0  2002   0.0    0.0      0.0
                                      2001
                                      2000
  MONTH TO DATE    0.0                       0.0    0.0      0.0
  SINCE SEP 1      0.0                       0.0    0.0      0.0
  SINCE JUL 1      0.0                       0.0    0.0      0.0
  SNOW DEPTH       0

DEGREE DAYS
 HEATING
  YESTERDAY        0                         4     -4        4
  MONTH TO DATE    6                        47    -41       12
  SINCE SEP 1      6                        47    -41       12
  SINCE JUL 1     13                        60    -47       13

 COOLING
  YESTERDAY        4                         1      3        0
  MONTH TO DATE  127                        73     54      151
  SINCE SEP 1    127                        73     54      151
  SINCE JAN 1   1021                       732    289      901
..................................................................


WIND (MPH)
  RESULTANT WIND SPEED   0   RESULTANT WIND DIRECTION  SE (130)
  HIGHEST WIND SPEED    21   HIGHEST WIND DIRECTION    NE (50)
  HIGHEST GUST SPEED    29   HIGHEST GUST DIRECTION    NE (40)
  AVERAGE WIND SPEED     9.3


SKY COVER
  POSSIBLE SUNSHINE  MM
  AVERAGE SKY COVER 0.7


WEATHER CONDITIONS
 THE FOLLOWING WEATHER WAS RECORDED YESTERDAY.
  HEAVY RAIN
  RAIN
  LIGHT RAIN
  FOG


RELATIVE HUMIDITY (PERCENT)
 HIGHEST    93          1000 PM
 LOWEST     36           200 PM
 AVERAGE    65

..........................................................


THE BOSTON MA CLIMATE NORMALS FOR TODAY
                         NORMAL    RECORD    YEAR
 MAXIMUM TEMPERATURE (F)   70        90      1959
 MINIMUM TEMPERATURE (F)   54        39      1974
                                             1963
                                             1885


SUNRISE AND SUNSET
SEPTEMBER 24 2016.....SUNRISE   634 AM EDT   SUNSET   637 PM EDT
SEPTEMBER 25 2016.....SUNRISE   635 AM EDT   SUNSET   635 PM EDT


-  INDICATES NEGATIVE NUMBERS.
R  INDICATES RECORD WAS SET OR TIED.
MM INDICATES DATA IS MISSING.
T  INDICATES TRACE AMOUNT.




$$
