000
CDUS41 KBOX 180557
CLIBOS


CLIMATE REPORT
NATIONAL WEATHER SERVICE TAUNTON MA
153 AM EDT MON AUG 18 2014


...................................

...THE BOSTON MA CLIMATE SUMMARY FOR AUGUST 17 2014...

CLIMATE NORMAL PERIOD 1981 TO 2010
CLIMATE RECORD PERIOD 1872 TO 2014


WEATHER ITEM   OBSERVED TIME   RECORD YEAR NORMAL DEPARTURE LAST
                VALUE   (LST)  VALUE       VALUE  FROM      YEAR
                                                  NORMAL
..................................................................
TEMPERATURE (F)
 YESTERDAY
  MAXIMUM         81    248 PM  97    1944  80      1       74
  MINIMUM         64    516 AM  51    1934  65     -1       64
  AVERAGE         73                        72      1       69

PRECIPITATION (IN)
  YESTERDAY        T             1.92 1909   0.10  -0.10     0.00
  MONTH TO DATE    1.11                      1.95  -0.84     1.82
  SINCE JUN 1      8.30                      9.06  -0.76    15.93
  SINCE JAN 1     26.25                     27.22  -0.97    30.18

SNOWFALL (IN)
  YESTERDAY        0.0           0.0  2002   0.0    0.0      0.0
                                      2001
                                      2000
  MONTH TO DATE    0.0                       0.0    0.0      0.0
  SINCE JUN 1      0.0                       0.0    0.0      0.0
  SINCE JUL 1      0.0                       0.0    0.0      0.0
  SNOW DEPTH      MM

DEGREE DAYS
 HEATING
  YESTERDAY        0                         0      0        0
  MONTH TO DATE    0                         0      0        0
  SINCE JUN 1     28                        61    -33       27
  SINCE JUL 1      0                         6     -6        2

 COOLING
  YESTERDAY        8                         7      1        4
  MONTH TO DATE  112                       139    -27      119
  SINCE JUN 1    541                       541      0      673
  SINCE JAN 1    563                       571     -8      711
..................................................................


WIND (MPH)
  RESULTANT WIND SPEED   6   RESULTANT WIND DIRECTION   W (270)
  HIGHEST WIND SPEED    23   HIGHEST WIND DIRECTION     W (290)
  HIGHEST GUST SPEED    29   HIGHEST GUST DIRECTION     W (270)
  AVERAGE WIND SPEED     8.8


SKY COVER
  POSSIBLE SUNSHINE  MM
  AVERAGE SKY COVER 0.7


WEATHER CONDITIONS
 THE FOLLOWING WEATHER WAS RECORDED YESTERDAY.
  NO SIGNIFICANT WEATHER WAS OBSERVED.


RELATIVE HUMIDITY (PERCENT)
 HIGHEST    93           400 AM
 LOWEST     45           200 PM
 AVERAGE    69

..........................................................


THE BOSTON MA CLIMATE NORMALS FOR TODAY
                         NORMAL    RECORD    YEAR
 MAXIMUM TEMPERATURE (F)   80        95      2009
                                             2002
 MINIMUM TEMPERATURE (F)   65        53      1918


SUNRISE AND SUNSET
AUGUST 18 2014........SUNRISE   554 AM EDT   SUNSET   741 PM EDT
AUGUST 19 2014........SUNRISE   555 AM EDT   SUNSET   739 PM EDT


-  INDICATES NEGATIVE NUMBERS.
R  INDICATES RECORD WAS SET OR TIED.
MM INDICATES DATA IS MISSING.
T  INDICATES TRACE AMOUNT.




$$
