000
CDUS41 KBOX 020535
CLIBOS


CLIMATE REPORT
NATIONAL WEATHER SERVICE TAUNTON MA
129 AM EDT TUE JUN 2 2015


...................................

...THE BOSTON MA CLIMATE SUMMARY FOR JUNE 1 2015...

CLIMATE NORMAL PERIOD 1981 TO 2010
CLIMATE RECORD PERIOD 1872 TO 2015


WEATHER ITEM   OBSERVED TIME   RECORD YEAR NORMAL DEPARTURE LAST
                VALUE   (LST)  VALUE       VALUE  FROM      YEAR
                                                  NORMAL
..................................................................
TEMPERATURE (F)
 YESTERDAY
  MAXIMUM         49    146 PM  96    1879  71    -22       66
  MINIMUM         47   1159 PM  41    1945  55     -8       51
  AVERAGE         48                        63    -15       59

PRECIPITATION (IN)
  YESTERDAY        0.38          1.94 1992   0.15   0.23     0.00
  MONTH TO DATE    0.38                      0.15   0.23     0.00
  SINCE JUN 1      0.38                      0.15   0.23     0.00
  SINCE JAN 1     13.87                     18.31  -4.44    17.95

SNOWFALL (IN)
  YESTERDAY        0.0           0.0  2002   0.0    0.0      0.0
                                      2001
                                      2000
  MONTH TO DATE    0.0                       0.0    0.0      0.0
  SINCE JUN 1      0.0                       0.0    0.0      0.0
  SINCE JUL 1    110.6                      43.8   66.8     58.9
  SNOW DEPTH      MM

DEGREE DAYS
 HEATING
  YESTERDAY       17                         4     13        6
  MONTH TO DATE   17                         4     13        6
  SINCE JUN 1     17                         4     13        6
  SINCE JUL 1   5948                      5630    318     5835

 COOLING
  YESTERDAY        0                         2     -2        0
  MONTH TO DATE    0                         2     -2        0
  SINCE JUN 1      0                         2     -2        0
  SINCE JAN 1     61                        32     29       22
..................................................................


WIND (MPH)
  RESULTANT WIND SPEED  13   RESULTANT WIND DIRECTION  NE (40)
  HIGHEST WIND SPEED    21   HIGHEST WIND DIRECTION    NE (50)
  HIGHEST GUST SPEED    26   HIGHEST GUST DIRECTION    NE (40)
  AVERAGE WIND SPEED    13.7


SKY COVER
  POSSIBLE SUNSHINE  MM
  AVERAGE SKY COVER 0.9


WEATHER CONDITIONS
 THE FOLLOWING WEATHER WAS RECORDED YESTERDAY.
  RAIN
  LIGHT RAIN
  FOG


RELATIVE HUMIDITY (PERCENT)
 HIGHEST   100           500 AM
 LOWEST     93           300 AM
 AVERAGE    97

..........................................................


THE BOSTON MA CLIMATE NORMALS FOR TODAY
                         NORMAL    RECORD    YEAR
 MAXIMUM TEMPERATURE (F)   72        96      1895
 MINIMUM TEMPERATURE (F)   55        42      1884


SUNRISE AND SUNSET
JUNE  2 2015..........SUNRISE   510 AM EDT   SUNSET   815 PM EDT
JUNE  3 2015..........SUNRISE   509 AM EDT   SUNSET   816 PM EDT


-  INDICATES NEGATIVE NUMBERS.
R  INDICATES RECORD WAS SET OR TIED.
MM INDICATES DATA IS MISSING.
T  INDICATES TRACE AMOUNT.




$$
