000
CDUS41 KBOX 290027
CLIBOS


CLIMATE REPORT
NATIONAL WEATHER SERVICE TAUNTON MA
824 PM EDT SUN JUN 28 2015


...................................

...THE BOSTON MA CLIMATE SUMMARY FOR JUNE 28 2015...
VALID AS OF 0800 PM LOCAL TIME.

CLIMATE NORMAL PERIOD 1981 TO 2010
CLIMATE RECORD PERIOD 1872 TO 2015


WEATHER ITEM   OBSERVED TIME   RECORD YEAR NORMAL DEPARTURE LAST
                VALUE   (LST)  VALUE       VALUE  FROM      YEAR
                                                  NORMAL
..................................................................
TEMPERATURE (F)
 TODAY
  MAXIMUM         59    208 PM  97    1991  80    -21       80
                                      1901
  MINIMUM         53    716 PM  52    1970  63    -10       59
                                      1918
  AVERAGE         56                        71    -15       70

PRECIPITATION (IN)
  TODAY            1.43R         1.29 1968   0.09   1.34     0.00
  MONTH TO DATE    5.01                      3.49   1.52     2.62
  SINCE JUN 1      5.01                      3.49   1.52     2.62
  SINCE JAN 1     18.50                     21.65  -3.15    20.57

SNOWFALL (IN)
  TODAY            0.0           0.0  2002   0.0    0.0      0.0
                                      2001
                                      2000
  MONTH TO DATE    0.0                       0.0    0.0      0.0
  SINCE JUN 1      0.0                       0.0    0.0      0.0
  SINCE JUL 1    110.6                      43.8   66.8     58.9
  SNOW DEPTH      MM

DEGREE DAYS
 HEATING
  TODAY            9                         1      8        0
  MONTH TO DATE   97                        56     41       28
  SINCE JUN 1     97                        56     41       28
  SINCE JUL 1   6028                      5682    346     5857

 COOLING
  TODAY            0                         7     -7        5
  MONTH TO DATE   94                       122    -28      117
  SINCE JUN 1     94                       122    -28      117
  SINCE JAN 1    155                       152      3      139
..................................................................


WIND (MPH)
  HIGHEST WIND SPEED    27   HIGHEST WIND DIRECTION    NE (60)
  HIGHEST GUST SPEED    36   HIGHEST GUST DIRECTION    NE (50)
  AVERAGE WIND SPEED    21.2


SKY COVER
  POSSIBLE SUNSHINE  MM
  AVERAGE SKY COVER 1.0


WEATHER CONDITIONS
 THE FOLLOWING WEATHER WAS RECORDED TODAY.
  HEAVY RAIN
  RAIN
  LIGHT RAIN
  FOG


RELATIVE HUMIDITY (PERCENT)
 HIGHEST   100           600 AM
 LOWEST     87           100 AM
 AVERAGE    94

..........................................................


THE BOSTON MA CLIMATE NORMALS FOR TOMORROW
                         NORMAL    RECORD    YEAR
 MAXIMUM TEMPERATURE (F)   80        99      1933
 MINIMUM TEMPERATURE (F)   63        49      1919


SUNRISE AND SUNSET
JUNE 28 2015..........SUNRISE   510 AM EDT   SUNSET   825 PM EDT
JUNE 29 2015..........SUNRISE   510 AM EDT   SUNSET   825 PM EDT


-  INDICATES NEGATIVE NUMBERS.
R  INDICATES RECORD WAS SET OR TIED.
MM INDICATES DATA IS MISSING.
T  INDICATES TRACE AMOUNT.




$$
