000
CDUS41 KBOX 290532
CLIBOS


CLIMATE REPORT
NATIONAL WEATHER SERVICE TAUNTON MA
1231 AM EST TUE NOV 29 2016


...................................

...THE BOSTON MA CLIMATE SUMMARY FOR NOVEMBER 28 2016...

CLIMATE NORMAL PERIOD 1981 TO 2010
CLIMATE RECORD PERIOD 1872 TO 2016


WEATHER ITEM   OBSERVED TIME   RECORD YEAR NORMAL DEPARTURE LAST
                VALUE   (LST)  VALUE       VALUE  FROM      YEAR
                                                  NORMAL
..................................................................
TEMPERATURE (F)
 YESTERDAY
  MAXIMUM         46    624 PM  74    1990  47     -1       60
  MINIMUM         33    658 AM  11    1873  34     -1       41
  AVERAGE         40                        41     -1       51

PRECIPITATION (IN)
  YESTERDAY        0.00          1.98 1937   0.14  -0.14     0.21
  MONTH TO DATE    1.36                      3.71  -2.35     2.07
  SINCE SEP 1      8.20                     11.09  -2.89     7.74
  SINCE JAN 1     28.46                     39.71 -11.25    30.52

SNOWFALL (IN)
  YESTERDAY        0.0           2.3  2014   0.1   -0.1      0.0
  MONTH TO DATE    T                         1.1   -1.1      0.0
  SINCE SEP 1      T                         1.1   -1.1       T
  SINCE JUL 1      T                         1.1   -1.1       T
  SNOW DEPTH      MM

DEGREE DAYS
 HEATING
  YESTERDAY       25                        24      1       14
  MONTH TO DATE  520                       560    -40      430
  SINCE SEP 1    871                       994   -123      795
  SINCE JUL 1    878                      1007   -129      796

 COOLING
  YESTERDAY        0                         0      0        0
  MONTH TO DATE    0                         0      0        3
  SINCE SEP 1    141                        88     53      171
  SINCE JAN 1   1035                       747    288      921
..................................................................


WIND (MPH)
  RESULTANT WIND SPEED   8   RESULTANT WIND DIRECTION   W (290)
  HIGHEST WIND SPEED    15   HIGHEST WIND DIRECTION     W (290)
  HIGHEST GUST SPEED    22   HIGHEST GUST DIRECTION     W (280)
  AVERAGE WIND SPEED     8.0


SKY COVER
  POSSIBLE SUNSHINE  MM
  AVERAGE SKY COVER 0.3


WEATHER CONDITIONS
 THE FOLLOWING WEATHER WAS RECORDED YESTERDAY.
  NO SIGNIFICANT WEATHER WAS OBSERVED.


RELATIVE HUMIDITY (PERCENT)
 HIGHEST    75           200 AM
 LOWEST     42           200 PM
 AVERAGE    59

..........................................................


THE BOSTON MA CLIMATE NORMALS FOR TODAY
                         NORMAL    RECORD    YEAR
 MAXIMUM TEMPERATURE (F)   47        69      1990
 MINIMUM TEMPERATURE (F)   34         8      1875


SUNRISE AND SUNSET
NOVEMBER 29 2016......SUNRISE   652 AM EST   SUNSET   413 PM EST
NOVEMBER 30 2016......SUNRISE   653 AM EST   SUNSET   413 PM EST


-  INDICATES NEGATIVE NUMBERS.
R  INDICATES RECORD WAS SET OR TIED.
MM INDICATES DATA IS MISSING.
T  INDICATES TRACE AMOUNT.




$$
