000
CDUS41 KBOX 272235
CLIBOS


CLIMATE REPORT
NATIONAL WEATHER SERVICE TAUNTON MA
635 PM EDT WED MAY 27 2015


...................................

...THE BOSTON MA CLIMATE SUMMARY FOR MAY 27 2015...
VALID TODAY AS OF 0600 PM LOCAL TIME.

CLIMATE NORMAL PERIOD 1981 TO 2010
CLIMATE RECORD PERIOD 1872 TO 2015


WEATHER ITEM   OBSERVED TIME   RECORD YEAR NORMAL DEPARTURE LAST
                VALUE   (LST)  VALUE       VALUE  FROM      YEAR
                                                  NORMAL
..................................................................
TEMPERATURE (F)
 TODAY
  MAXIMUM         85        MM  96    1880  70     15       74
  MINIMUM         65        MM  39    1915  53     12       50
  AVERAGE         75                        61     14       62

PRECIPITATION (IN)
  TODAY            0.00          1.48 1961   0.13  -0.13     0.48
  MONTH TO DATE    0.31                      2.99  -2.68     2.67
  SINCE MAR 1      5.64                     11.05  -5.41    10.39
  SINCE JAN 1     12.58                     17.66  -5.08    17.76

SNOWFALL (IN)
  TODAY            0.0           0.0  2002   0.0    0.0      0.0
                                      2001
                                      2000
  MONTH TO DATE    0.0                       0.1   -0.1      0.0
  SINCE MAR 1      8.6                       9.8   -1.2      2.5
  SINCE JUL 1    110.6                      43.9   66.7     58.9
  SNOW DEPTH       0

DEGREE DAYS
 HEATING
  TODAY            0                         5     -5        3
  MONTH TO DATE  134                       227    -93      161
  SINCE MAR 1   1613                      1566     47     1632
  SINCE JUL 1   5928                      5608    320     5780

 COOLING
  TODAY           10                         2      8        0
  MONTH TO DATE   43                        15     28       21
  SINCE MAR 1     43                        18     25       22
  SINCE JAN 1     43                        18     25       22
..................................................................


WIND (MPH)
  HIGHEST WIND SPEED    27   HIGHEST WIND DIRECTION     S (200)
  HIGHEST GUST SPEED    32   HIGHEST GUST DIRECTION     S (190)
  AVERAGE WIND SPEED    16.6


SKY COVER
  POSSIBLE SUNSHINE  MM
  AVERAGE SKY COVER 0.6


WEATHER CONDITIONS
 THE FOLLOWING WEATHER WAS RECORDED TODAY.
  NO SIGNIFICANT WEATHER WAS OBSERVED.


RELATIVE HUMIDITY (PERCENT)
 HIGHEST    87           500 AM
 LOWEST     55           100 PM
 AVERAGE    71

..........................................................


THE BOSTON MA CLIMATE NORMALS FOR TOMORROW
                         NORMAL    RECORD    YEAR
 MAXIMUM TEMPERATURE (F)   70        92      1931
 MINIMUM TEMPERATURE (F)   54        43      1917
                                             1902


SUNRISE AND SUNSET
MAY 27 2015...........SUNRISE   513 AM EDT   SUNSET   810 PM EDT
MAY 28 2015...........SUNRISE   512 AM EDT   SUNSET   811 PM EDT


-  INDICATES NEGATIVE NUMBERS.
R  INDICATES RECORD WAS SET OR TIED.
MM INDICATES DATA IS MISSING.
T  INDICATES TRACE AMOUNT.




$$
