000
CDUS41 KBOX 210705
CLIBOS


CLIMATE REPORT
NATIONAL WEATHER SERVICE TAUNTON MA
304 AM EDT MON JUL 21 2014


...................................

...THE BOSTON MA CLIMATE SUMMARY FOR JULY 20 2014...

CLIMATE NORMAL PERIOD 1981 TO 2010
CLIMATE RECORD PERIOD 1872 TO 2014


WEATHER ITEM   OBSERVED TIME   RECORD YEAR NORMAL DEPARTURE LAST
                VALUE   (LST)  VALUE       VALUE  FROM      YEAR
                                                  NORMAL
..................................................................
TEMPERATURE (F)
 YESTERDAY
  MAXIMUM         72   1240 PM  99    1991  82    -10       96
  MINIMUM         61    433 AM  54    1890  66     -5       79
                                      1879
  AVERAGE         67                        74     -7       88

PRECIPITATION (IN)
  YESTERDAY        T             1.78 1982   0.11  -0.11     0.00
  MONTH TO DATE    4.11                      2.09   2.02     0.23
  SINCE JUN 1      6.73                      5.77   0.96    10.73
  SINCE JAN 1     24.68                     23.93   0.75    24.98

SNOWFALL (IN)
  YESTERDAY        0.0           0.0  2002   0.0    0.0      0.0
                                      2001
                                      2000
  MONTH TO DATE    0.0                       0.0    0.0      0.0
  SINCE JUN 1      0.0                       0.0    0.0      0.0
  SINCE JUL 1      0.0                       0.0    0.0      0.0
  SNOW DEPTH      MM

DEGREE DAYS
 HEATING
  YESTERDAY        0                         0      0        0
  MONTH TO DATE    0                         0      0        0
  SINCE JUN 1     28                        55    -27       25
  SINCE JUL 1      0                         0      0        0

 COOLING
  YESTERDAY        2                         9     -7       23
  MONTH TO DATE  201                       169     32      301
  SINCE JUN 1    339                       305     34      472
  SINCE JAN 1    361                       335     26      510
..................................................................


WIND (MPH)
  RESULTANT WIND SPEED   7   RESULTANT WIND DIRECTION  NE (60)
  HIGHEST WIND SPEED    13   HIGHEST WIND DIRECTION    NE (60)
  HIGHEST GUST SPEED    17   HIGHEST GUST DIRECTION    NE (60)
  AVERAGE WIND SPEED     6.9


SKY COVER
  POSSIBLE SUNSHINE  MM
  AVERAGE SKY COVER 0.8


WEATHER CONDITIONS
 THE FOLLOWING WEATHER WAS RECORDED YESTERDAY.
  LIGHT RAIN


RELATIVE HUMIDITY (PERCENT)
 HIGHEST    93           800 PM
 LOWEST     57          1100 AM
 AVERAGE    75

..........................................................


THE BOSTON MA CLIMATE NORMALS FOR TODAY
                         NORMAL    RECORD    YEAR
 MAXIMUM TEMPERATURE (F)   82       102      1977
 MINIMUM TEMPERATURE (F)   66        52      1890


SUNRISE AND SUNSET
JULY 21 2014..........SUNRISE   526 AM EDT   SUNSET   815 PM EDT
JULY 22 2014..........SUNRISE   527 AM EDT   SUNSET   814 PM EDT


-  INDICATES NEGATIVE NUMBERS.
R  INDICATES RECORD WAS SET OR TIED.
MM INDICATES DATA IS MISSING.
T  INDICATES TRACE AMOUNT.




$$
