363
CDUS41 KBOX 030530
CLIBOS


CLIMATE REPORT
NATIONAL WEATHER SERVICE TAUNTON MA
1230 AM EST SAT DEC 3 2016


...................................

...THE BOSTON MA CLIMATE SUMMARY FOR DECEMBER 2 2016...

CLIMATE NORMAL PERIOD 1981 TO 2010
CLIMATE RECORD PERIOD 1872 TO 2016


WEATHER ITEM   OBSERVED TIME   RECORD YEAR NORMAL DEPARTURE LAST
                VALUE   (LST)  VALUE       VALUE  FROM      YEAR
                                                  NORMAL
..................................................................
TEMPERATURE (F)
 YESTERDAY
  MAXIMUM         51    201 PM  65    1932  46      5       51
  MINIMUM         38    527 AM   4    1876  33      5       39
  AVERAGE         45                        39      6       45

PRECIPITATION (IN)
  YESTERDAY        0.00          1.63 1974   0.13  -0.13     0.32
  MONTH TO DATE    0.31                      0.26   0.05     0.46
  SINCE DEC 1      0.31                      0.26   0.05     0.46
  SINCE JAN 1     30.11                     40.25 -10.14    30.98

SNOWFALL (IN)
  YESTERDAY        0.0           6.0  1929   0.1   -0.1      0.0
  MONTH TO DATE    0.0                       0.3   -0.3      0.0
  SINCE DEC 1      0.0                       0.3   -0.3      0.0
  SINCE JUL 1      T                         1.6   -1.6       T
  SNOW DEPTH      MM

DEGREE DAYS
 HEATING
  YESTERDAY       20                        26     -6       20
  MONTH TO DATE   35                        51    -16       46
  SINCE DEC 1     35                        51    -16       46
  SINCE JUL 1    950                      1106   -156      901

 COOLING
  YESTERDAY        0                         0      0        0
  MONTH TO DATE    0                         0      0        0
  SINCE DEC 1      0                         0      0        0
  SINCE JAN 1   1035                       747    288      921
..................................................................


WIND (MPH)
  RESULTANT WIND SPEED  14   RESULTANT WIND DIRECTION   W (260)
  HIGHEST WIND SPEED    23   HIGHEST WIND DIRECTION     W (280)
  HIGHEST GUST SPEED    29   HIGHEST GUST DIRECTION     W (280)
  AVERAGE WIND SPEED    14.3


SKY COVER
  POSSIBLE SUNSHINE  MM
  AVERAGE SKY COVER 0.2


WEATHER CONDITIONS
 THE FOLLOWING WEATHER WAS RECORDED YESTERDAY.
  NO SIGNIFICANT WEATHER WAS OBSERVED.


RELATIVE HUMIDITY (PERCENT)
 HIGHEST    76           600 AM
 LOWEST     49           600 PM
 AVERAGE    63

..........................................................


THE BOSTON MA CLIMATE NORMALS FOR TODAY
                         NORMAL    RECORD    YEAR
 MAXIMUM TEMPERATURE (F)   46        69      2009
 MINIMUM TEMPERATURE (F)   33         0      1890


SUNRISE AND SUNSET
DECEMBER  3 2016......SUNRISE   656 AM EST   SUNSET   412 PM EST
DECEMBER  4 2016......SUNRISE   657 AM EST   SUNSET   412 PM EST


-  INDICATES NEGATIVE NUMBERS.
R  INDICATES RECORD WAS SET OR TIED.
MM INDICATES DATA IS MISSING.
T  INDICATES TRACE AMOUNT.




$$
