000
CDUS41 KBOX 280600
CLIBOS


CLIMATE REPORT
NATIONAL WEATHER SERVICE TAUNTON MA
200 AM EDT SUN SEP 28 2014


...................................

...THE BOSTON MA CLIMATE SUMMARY FOR SEPTEMBER 27 2014...

CLIMATE NORMAL PERIOD 1981 TO 2010
CLIMATE RECORD PERIOD 1872 TO 2014


WEATHER ITEM   OBSERVED TIME   RECORD YEAR NORMAL DEPARTURE LAST
                VALUE   (LST)  VALUE       VALUE  FROM      YEAR
                                                  NORMAL
..................................................................
TEMPERATURE (F)
 YESTERDAY
  MAXIMUM         81   1129 AM  86    1998  68     13       66
                                      1933
                                      1916
  MINIMUM         60    550 AM  37    1947  53      7       57
  AVERAGE         71                        61     10       62

PRECIPITATION (IN)
  YESTERDAY        0.00          2.37 1962   0.12  -0.12     0.00
  MONTH TO DATE    0.52                      3.06  -2.54     2.21
  SINCE SEP 1      0.52                      3.06  -2.54     2.21
  SINCE JAN 1     27.41                     31.68  -4.27    32.41

SNOWFALL (IN)
  YESTERDAY        0.0           0.0  2002   0.0    0.0      0.0
                                      2001
                                      2000
  MONTH TO DATE    0.0                       0.0    0.0      0.0
  SINCE SEP 1      0.0                       0.0    0.0      0.0
  SINCE JUL 1      0.0                       0.0    0.0      0.0
  SNOW DEPTH       0

DEGREE DAYS
 HEATING
  YESTERDAY        0                         5     -5        3
  MONTH TO DATE   68                        66      2       65
  SINCE SEP 1     68                        66      2       65
  SINCE JUL 1     68                        79    -11       67

 COOLING
  YESTERDAY        6                         1      5        0
  MONTH TO DATE  110                        77     33       82
  SINCE SEP 1    110                        77     33       82
  SINCE JAN 1    749                       736     13      903
..................................................................


WIND (MPH)
  RESULTANT WIND SPEED   2   RESULTANT WIND DIRECTION   W (270)
  HIGHEST WIND SPEED    10   HIGHEST WIND DIRECTION    NW (320)
  HIGHEST GUST SPEED    14   HIGHEST GUST DIRECTION    NW (320)
  AVERAGE WIND SPEED     5.4


SKY COVER
  POSSIBLE SUNSHINE  MM
  AVERAGE SKY COVER 0.1


WEATHER CONDITIONS
 THE FOLLOWING WEATHER WAS RECORDED YESTERDAY.
  NO SIGNIFICANT WEATHER WAS OBSERVED.


RELATIVE HUMIDITY (PERCENT)
 HIGHEST    84           300 AM
 LOWEST     39          1200 PM
 AVERAGE    62

..........................................................


THE BOSTON MA CLIMATE NORMALS FOR TODAY
                         NORMAL    RECORD    YEAR
 MAXIMUM TEMPERATURE (F)   68        90      1881
                                             1873
 MINIMUM TEMPERATURE (F)   53        37      1947


SUNRISE AND SUNSET
SEPTEMBER 28 2014.....SUNRISE   638 AM EDT   SUNSET   631 PM EDT
SEPTEMBER 29 2014.....SUNRISE   639 AM EDT   SUNSET   629 PM EDT


-  INDICATES NEGATIVE NUMBERS.
R  INDICATES RECORD WAS SET OR TIED.
MM INDICATES DATA IS MISSING.
T  INDICATES TRACE AMOUNT.




$$
