000
CDUS41 KBOX 180539
CLIBOS


CLIMATE REPORT
NATIONAL WEATHER SERVICE TAUNTON MA
137 AM EDT SAT OCT 18 2014


...................................

...THE BOSTON MA CLIMATE SUMMARY FOR OCTOBER 17 2014...

CLIMATE NORMAL PERIOD 1981 TO 2010
CLIMATE RECORD PERIOD 1872 TO 2014


WEATHER ITEM   OBSERVED TIME   RECORD YEAR NORMAL DEPARTURE LAST
                VALUE   (LST)  VALUE       VALUE  FROM      YEAR
                                                  NORMAL
..................................................................
TEMPERATURE (F)
 YESTERDAY
  MAXIMUM         71    338 PM  89    1947  61     10       73
  MINIMUM         57    540 AM  27    1886  46     11       54
  AVERAGE         64                        53     11       64

PRECIPITATION (IN)
  YESTERDAY        0.00          1.18 1989   0.13  -0.13     0.03
  MONTH TO DATE    2.64                      2.17   0.47     0.48
  SINCE SEP 1      3.34                      5.61  -2.27     2.69
  SINCE JAN 1     30.23                     34.23  -4.00    32.89

SNOWFALL (IN)
  YESTERDAY        0.0           T    1970   0.0    0.0      0.0
  MONTH TO DATE    0.0                       0.0    0.0      0.0
  SINCE SEP 1      0.0                       0.0    0.0      0.0
  SINCE JUL 1      0.0                       0.0    0.0      0.0
  SNOW DEPTH       0

DEGREE DAYS
 HEATING
  YESTERDAY        1                        12    -11        1
  MONTH TO DATE  114                       156    -42       87
  SINCE SEP 1    190                       240    -50      170
  SINCE JUL 1    190                       253    -63      172

 COOLING
  YESTERDAY        0                         0      0        0
  MONTH TO DATE   10                         6      4       16
  SINCE SEP 1    130                        87     43       98
  SINCE JAN 1    769                       746     23      919
..................................................................


WIND (MPH)
  RESULTANT WIND SPEED  11   RESULTANT WIND DIRECTION  SW (220)
  HIGHEST WIND SPEED    23   HIGHEST WIND DIRECTION    SW (230)
  HIGHEST GUST SPEED    31   HIGHEST GUST DIRECTION    SW (220)
  AVERAGE WIND SPEED    11.4


SKY COVER
  POSSIBLE SUNSHINE  MM
  AVERAGE SKY COVER 0.3


WEATHER CONDITIONS
 THE FOLLOWING WEATHER WAS RECORDED YESTERDAY.
  FOG


RELATIVE HUMIDITY (PERCENT)
 HIGHEST   100          1200 AM
 LOWEST     51           400 PM
 AVERAGE    76

..........................................................


THE BOSTON MA CLIMATE NORMALS FOR TODAY
                         NORMAL    RECORD    YEAR
 MAXIMUM TEMPERATURE (F)   61        82      1947
 MINIMUM TEMPERATURE (F)   46        31      1939
                                             1883


SUNRISE AND SUNSET
OCTOBER 18 2014.......SUNRISE   700 AM EDT   SUNSET   557 PM EDT
OCTOBER 19 2014.......SUNRISE   702 AM EDT   SUNSET   556 PM EDT


-  INDICATES NEGATIVE NUMBERS.
R  INDICATES RECORD WAS SET OR TIED.
MM INDICATES DATA IS MISSING.
T  INDICATES TRACE AMOUNT.




$$
