000
CDUS41 KBOX 132130
CLIBOS


CLIMATE REPORT
NATIONAL WEATHER SERVICE TAUNTON MA
530 PM EDT SUN APR 13 2014


...................................

...THE BOSTON MA CLIMATE SUMMARY FOR APRIL 13 2014...
VALID AS OF 0500 PM LOCAL TIME.

CLIMATE NORMAL PERIOD 1981 TO 2010
CLIMATE RECORD PERIOD 1872 TO 2014


WEATHER ITEM   OBSERVED TIME   RECORD YEAR NORMAL DEPARTURE LAST
                VALUE   (LST)  VALUE       VALUE  FROM      YEAR
                                                  NORMAL
..................................................................
TEMPERATURE (F)
 TODAY
  MAXIMUM         57    359 PM  86    1977  55      2       51
  MINIMUM         45    959 AM  20    1874  40      5       36
  AVERAGE         51                        47      4       44

PRECIPITATION (IN)
  TODAY            0.04          1.97 2004   0.14  -0.10     0.02
  MONTH TO DATE    1.28                      1.79  -0.51     0.78
  SINCE MAR 1      5.76                      6.11  -0.35     4.10
  SINCE JAN 1     13.13                     12.72   0.41    10.44

SNOWFALL (IN)
  TODAY            0.0           5.0  1933   0.1   -0.1      0.0
  MONTH TO DATE    0.0                       1.4   -1.4       T
  SINCE MAR 1      2.2                       9.2   -7.0     20.6
  SINCE JUL 1     58.6                      43.3   15.3     63.4
  SNOW DEPTH      MM

DEGREE DAYS
 HEATING
  TODAY           14                        18     -4       21
  MONTH TO DATE  215                       259    -44      250
  SINCE MAR 1   1185                      1088     97     1089
  SINCE JUL 1   5333                      5130    203     4891

 COOLING
  TODAY            0                         0      0        0
  MONTH TO DATE    0                         0      0        0
  SINCE MAR 1      0                         0      0        0
  SINCE JAN 1      0                         0      0        0
..................................................................


WIND (MPH)
  HIGHEST WIND SPEED    14   HIGHEST WIND DIRECTION    NE (60)
  HIGHEST GUST SPEED    16   HIGHEST GUST DIRECTION    NE (60)
  AVERAGE WIND SPEED     5.3


SKY COVER
  POSSIBLE SUNSHINE  MM
  AVERAGE SKY COVER 0.8


WEATHER CONDITIONS
 THE FOLLOWING WEATHER WAS RECORDED TODAY.
  RAIN
  LIGHT RAIN
  FOG


RELATIVE HUMIDITY (PERCENT)
 HIGHEST    86          1200 PM
 LOWEST     50          1200 AM
 AVERAGE    68

..........................................................


THE BOSTON MA CLIMATE NORMALS FOR TOMORROW
                         NORMAL    RECORD    YEAR
 MAXIMUM TEMPERATURE (F)   55        81      1945
 MINIMUM TEMPERATURE (F)   40        26      1940


SUNRISE AND SUNSET
APRIL 13 2014.........SUNRISE   607 AM EDT   SUNSET   723 PM EDT
APRIL 14 2014.........SUNRISE   605 AM EDT   SUNSET   725 PM EDT


-  INDICATES NEGATIVE NUMBERS.
R  INDICATES RECORD WAS SET OR TIED.
MM INDICATES DATA IS MISSING.
T  INDICATES TRACE AMOUNT.




$$
