000
CDUS41 KBOX 240959
CLIBOS


CLIMATE REPORT
NATIONAL WEATHER SERVICE TAUNTON MA
457 AM EST TUE FEB 24 2015


...................................

...THE BOSTON MA CLIMATE SUMMARY FOR FEBRUARY 23 2015...

CLIMATE NORMAL PERIOD 1981 TO 2010
CLIMATE RECORD PERIOD 1872 TO 2015


WEATHER ITEM   OBSERVED TIME   RECORD YEAR NORMAL DEPARTURE LAST
                VALUE   (LST)  VALUE       VALUE  FROM      YEAR
                                                  NORMAL
..................................................................
TEMPERATURE (F)
 YESTERDAY
  MAXIMUM         33    116 AM  65    1990  40     -7       52
  MINIMUM          4   1159 PM  -3    1876  26    -22       34
  AVERAGE         19                        33    -14       43

PRECIPITATION (IN)
  YESTERDAY        0.00          1.36 1884   0.12  -0.12     0.00
  MONTH TO DATE    3.28                      2.61   0.67     4.11
  SINCE DEC 1     13.41                      9.75   3.66    11.97
  SINCE JAN 1      6.85                      5.97   0.88     7.35

SNOWFALL (IN)
  YESTERDAY        0.0           5.5  1994   0.4   -0.4      0.0
  MONTH TO DATE   62.7                       9.0   53.7     22.5
  SINCE DEC 1     97.3                      30.9   66.4     56.0
  SINCE JUL 1     99.9                      32.2   67.7     56.0
  SNOW DEPTH       0

DEGREE DAYS
 HEATING
  YESTERDAY       46                        32     14       22
  MONTH TO DATE 1055                       775    280      801
  SINCE DEC 1   3076                      2830    246     2931
  SINCE JUL 1   4089                      3885    204     3947

 COOLING
  YESTERDAY        0                         0      0        0
  MONTH TO DATE    0                         0      0        0
  SINCE DEC 1      0                         0      0        0
  SINCE JAN 1      0                         0      0        0
..................................................................


WIND (MPH)
  RESULTANT WIND SPEED  13   RESULTANT WIND DIRECTION  NW (300)
  HIGHEST WIND SPEED    25   HIGHEST WIND DIRECTION     W (280)
  HIGHEST GUST SPEED    35   HIGHEST GUST DIRECTION     W (280)
  AVERAGE WIND SPEED    14.6


SKY COVER
  POSSIBLE SUNSHINE  MM
  AVERAGE SKY COVER 0.7


WEATHER CONDITIONS
 THE FOLLOWING WEATHER WAS RECORDED YESTERDAY.
  NO SIGNIFICANT WEATHER WAS OBSERVED.


RELATIVE HUMIDITY (PERCENT)
 HIGHEST    72          1200 AM
 LOWEST     30           200 PM
 AVERAGE    51

..........................................................


THE BOSTON MA CLIMATE NORMALS FOR TODAY
                         NORMAL    RECORD    YEAR
 MAXIMUM TEMPERATURE (F)   41        70      1985
 MINIMUM TEMPERATURE (F)   26        -7      1894


SUNRISE AND SUNSET
FEBRUARY 24 2015......SUNRISE   628 AM EST   SUNSET   527 PM EST
FEBRUARY 25 2015......SUNRISE   626 AM EST   SUNSET   529 PM EST


-  INDICATES NEGATIVE NUMBERS.
R  INDICATES RECORD WAS SET OR TIED.
MM INDICATES DATA IS MISSING.
T  INDICATES TRACE AMOUNT.




$$
