000
CDUS41 KBOX 222130
CLIBOS


CLIMATE REPORT
NATIONAL WEATHER SERVICE TAUNTON MA
428 PM EST MON DEC 22 2014


...................................

...THE BOSTON MA CLIMATE SUMMARY FOR DECEMBER 22 2014...
VALID AS OF 0400 PM LOCAL TIME.

CLIMATE NORMAL PERIOD 1981 TO 2010
CLIMATE RECORD PERIOD 1872 TO 2014


WEATHER ITEM   OBSERVED TIME   RECORD YEAR NORMAL DEPARTURE LAST
                VALUE   (LST)  VALUE       VALUE  FROM      YEAR
                                                  NORMAL
..................................................................
TEMPERATURE (F)
 TODAY
  MAXIMUM         44    151 PM  62    1990  39      5       54
  MINIMUM         33    741 AM   1    1883  26      7       35
                                      1879
  AVERAGE         39                        33      6       45

PRECIPITATION (IN)
  TODAY            0.01          1.31 1969   0.11  -0.10     0.01
  MONTH TO DATE    5.56                      2.76   2.80     2.57
  SINCE DEC 1      5.56                      2.76   2.80     2.57
  SINCE JAN 1     44.25                     42.75   1.50    38.31

SNOWFALL (IN)
  TODAY            0.0           5.3  1975   0.3   -0.3      0.0
  MONTH TO DATE    0.3                       5.6   -5.3     11.4
  SINCE DEC 1      0.3                       5.6   -5.3     11.4
  SINCE JUL 1      2.9                       6.9   -4.0     11.4
  SNOW DEPTH      MM

DEGREE DAYS
 HEATING
  TODAY           26                        32     -6       20
  MONTH TO DATE  601                       634    -33      671
  SINCE DEC 1    601                       634    -33      671
  SINCE JUL 1   1614                      1689    -75     1687

 COOLING
  TODAY            0                         0      0        0
  MONTH TO DATE    0                         0      0        0
  SINCE DEC 1      0                         0      0        0
  SINCE JAN 1    769                       747     22      920
..................................................................


WIND (MPH)
  HIGHEST WIND SPEED    15   HIGHEST WIND DIRECTION     N (20)
  HIGHEST GUST SPEED    17   HIGHEST GUST DIRECTION    NE (30)
  AVERAGE WIND SPEED     6.4


SKY COVER
  POSSIBLE SUNSHINE  MM
  AVERAGE SKY COVER 0.9


WEATHER CONDITIONS
 THE FOLLOWING WEATHER WAS RECORDED TODAY.
  LIGHT RAIN
  FOG


RELATIVE HUMIDITY (PERCENT)
 HIGHEST    89           300 PM
 LOWEST     69           100 AM
 AVERAGE    79

..........................................................


THE BOSTON MA CLIMATE NORMALS FOR TOMORROW
                         NORMAL    RECORD    YEAR
 MAXIMUM TEMPERATURE (F)   39        67      1990
 MINIMUM TEMPERATURE (F)   26       -12      1883


SUNRISE AND SUNSET
DECEMBER 22 2014......SUNRISE   710 AM EST   SUNSET   415 PM EST
DECEMBER 23 2014......SUNRISE   711 AM EST   SUNSET   416 PM EST


-  INDICATES NEGATIVE NUMBERS.
R  INDICATES RECORD WAS SET OR TIED.
MM INDICATES DATA IS MISSING.
T  INDICATES TRACE AMOUNT.




$$
