000
CDUS41 KBOX 210616
CLIBOS


CLIMATE REPORT
NATIONAL WEATHER SERVICE TAUNTON MA
106 AM EST SUN JAN 21 2018


...................................

...THE BOSTON MA CLIMATE SUMMARY FOR JANUARY 20 2018...

CLIMATE NORMAL PERIOD 1981 TO 2010
CLIMATE RECORD PERIOD 1872 TO 2018


WEATHER ITEM   OBSERVED TIME   RECORD YEAR NORMAL DEPARTURE LAST
                VALUE   (LST)  VALUE       VALUE  FROM      YEAR
                                                  NORMAL
..................................................................
TEMPERATURE (F)
 YESTERDAY
  MAXIMUM         47    423 PM  60    1951  35     12       40
  MINIMUM         29   1231 AM  -3    1946  22      7       34
                                      1901
  AVERAGE         38                        29      9       37

PRECIPITATION (IN)
  YESTERDAY        0.00          2.05 1978   0.10  -0.10     0.00
  MONTH TO DATE    3.42                      2.19   1.23     2.66
  SINCE DEC 1      5.91                      5.97  -0.06     5.91
  SINCE JAN 1      3.42                      2.19   1.23     2.66

SNOWFALL (IN)
  YESTERDAY        0.0          21.0  1978   0.4   -0.4      0.0
  MONTH TO DATE   15.4                       8.5    6.9      8.3
  SINCE DEC 1     24.6                      17.5    7.1     14.2
  SINCE JUL 1     24.6                      18.8    5.8     14.2
  SNOW DEPTH      MM

DEGREE DAYS
 HEATING
  YESTERDAY       27                        36     -9       28
  MONTH TO DATE  786                       716     70      622
  SINCE DEC 1   1843                      1655    188     1538
  SINCE JUL 1   2670                      2710    -40     2453

 COOLING
  YESTERDAY        0                         0      0        0
  MONTH TO DATE    0                         0      0        0
  SINCE DEC 1      0                         0      0        0
  SINCE JAN 1      0                         0      0        0
..................................................................


WIND (MPH)
  RESULTANT WIND SPEED  14   RESULTANT WIND DIRECTION  SW (240)
  HIGHEST WIND SPEED    24   HIGHEST WIND DIRECTION     W (260)
  HIGHEST GUST SPEED    33   HIGHEST GUST DIRECTION     W (250)
  AVERAGE WIND SPEED    14.3


SKY COVER
  POSSIBLE SUNSHINE  MM
  AVERAGE SKY COVER 0.7


WEATHER CONDITIONS
 THE FOLLOWING WEATHER WAS RECORDED YESTERDAY.
  NO SIGNIFICANT WEATHER WAS OBSERVED.


RELATIVE HUMIDITY (PERCENT)
 HIGHEST    64           700 AM
 LOWEST     41          1100 AM
 AVERAGE    53

..........................................................


THE BOSTON MA CLIMATE NORMALS FOR TODAY
                         NORMAL    RECORD    YEAR
 MAXIMUM TEMPERATURE (F)   35        68      1906
 MINIMUM TEMPERATURE (F)   22         0      1888
                                             1879


SUNRISE AND SUNSET
JANUARY 21 2018.......SUNRISE   707 AM EST   SUNSET   444 PM EST
JANUARY 22 2018.......SUNRISE   707 AM EST   SUNSET   445 PM EST


-  INDICATES NEGATIVE NUMBERS.
R  INDICATES RECORD WAS SET OR TIED.
MM INDICATES DATA IS MISSING.
T  INDICATES TRACE AMOUNT.




$$
