000
CDUS41 KBOX 190614
CLIBOS


CLIMATE REPORT
NATIONAL WEATHER SERVICE TAUNTON MA
203 AM EDT SAT JUL 19 2014


...................................

...THE BOSTON MA CLIMATE SUMMARY FOR JULY 18 2014...

CLIMATE NORMAL PERIOD 1981 TO 2010
CLIMATE RECORD PERIOD 1872 TO 2014


WEATHER ITEM   OBSERVED TIME   RECORD YEAR NORMAL DEPARTURE LAST
                VALUE   (LST)  VALUE       VALUE  FROM      YEAR
                                                  NORMAL
..................................................................
TEMPERATURE (F)
 YESTERDAY
  MAXIMUM         76   1009 AM  98    1982  82     -6       91
  MINIMUM         65    501 AM  54    1881  66     -1       76
  AVERAGE         71                        74     -3       84

PRECIPITATION (IN)
  YESTERDAY        0.00          2.52 1912   0.12  -0.12     0.00
  MONTH TO DATE    4.11                      1.86   2.25     0.23
  SINCE JUN 1      6.73                      5.54   1.19    10.73
  SINCE JAN 1     24.68                     23.70   0.98    24.98

SNOWFALL (IN)
  YESTERDAY        0.0           0.0  2002   0.0    0.0      0.0
                                      2001
                                      2000
  MONTH TO DATE    0.0                       0.0    0.0      0.0
  SINCE JUN 1      0.0                       0.0    0.0      0.0
  SINCE JUL 1      0.0                       0.0    0.0      0.0
  SNOW DEPTH       0

DEGREE DAYS
 HEATING
  YESTERDAY        0                         0      0        0
  MONTH TO DATE    0                         0      0        0
  SINCE JUN 1     28                        55    -27       25
  SINCE JUL 1      0                         0      0        0

 COOLING
  YESTERDAY        6                         9     -3       19
  MONTH TO DATE  196                       151     45      254
  SINCE JUN 1    334                       287     47      425
  SINCE JAN 1    356                       317     39      463
..................................................................


WIND (MPH)
  RESULTANT WIND SPEED   2   RESULTANT WIND DIRECTION  SE (120)
  HIGHEST WIND SPEED    14   HIGHEST WIND DIRECTION     E (110)
  HIGHEST GUST SPEED    17   HIGHEST GUST DIRECTION    SE (150)
  AVERAGE WIND SPEED     7.9


SKY COVER
  POSSIBLE SUNSHINE  MM
  AVERAGE SKY COVER 0.4


WEATHER CONDITIONS
 THE FOLLOWING WEATHER WAS RECORDED YESTERDAY.
  NO SIGNIFICANT WEATHER WAS OBSERVED.


RELATIVE HUMIDITY (PERCENT)
 HIGHEST    81          1100 PM
 LOWEST     46           800 AM
 AVERAGE    64

..........................................................


THE BOSTON MA CLIMATE NORMALS FOR TODAY
                         NORMAL    RECORD    YEAR
 MAXIMUM TEMPERATURE (F)   82        99      2013
 MINIMUM TEMPERATURE (F)   66        54      1881
                                             1875


SUNRISE AND SUNSET
JULY 19 2014..........SUNRISE   524 AM EDT   SUNSET   816 PM EDT
JULY 20 2014..........SUNRISE   525 AM EDT   SUNSET   816 PM EDT


-  INDICATES NEGATIVE NUMBERS.
R  INDICATES RECORD WAS SET OR TIED.
MM INDICATES DATA IS MISSING.
T  INDICATES TRACE AMOUNT.




$$
