000
CDUS41 KBOX 260545
CLIBOS


CLIMATE REPORT
NATIONAL WEATHER SERVICE TAUNTON MA
145 AM EDT TUE AUG 26 2014


...................................

...THE BOSTON MA CLIMATE SUMMARY FOR AUGUST 25 2014...

CLIMATE NORMAL PERIOD 1981 TO 2010
CLIMATE RECORD PERIOD 1872 TO 2014


WEATHER ITEM   OBSERVED TIME   RECORD YEAR NORMAL DEPARTURE LAST
                VALUE   (LST)  VALUE       VALUE  FROM      YEAR
                                                  NORMAL
..................................................................
TEMPERATURE (F)
 YESTERDAY
  MAXIMUM         81   1125 AM  96    2007  78      3       83
                                      1948
  MINIMUM         67    437 AM  46    1940  64      3       61
  AVERAGE         74                        71      3       72

PRECIPITATION (IN)
  YESTERDAY        0.00          2.76 2010   0.10  -0.10     0.00
  MONTH TO DATE    1.19                      2.77  -1.58     1.82
  SINCE JUN 1      8.38                      9.88  -1.50    15.93
  SINCE JAN 1     26.33                     28.04  -1.71    30.18

SNOWFALL (IN)
  YESTERDAY        0.0           0.0  2001   0.0    0.0      0.0
  MONTH TO DATE    0.0                       0.0    0.0      0.0
  SINCE JUN 1      0.0                       0.0    0.0      0.0
  SINCE JUL 1      0.0                       0.0    0.0      0.0
  SNOW DEPTH       0

DEGREE DAYS
 HEATING
  YESTERDAY        0                         0      0        0
  MONTH TO DATE    0                         0      0        0
  SINCE JUN 1     28                        61    -33       27
  SINCE JUL 1      0                         6     -6        2

 COOLING
  YESTERDAY        9                         6      3        7
  MONTH TO DATE  141                       193    -52      190
  SINCE JUN 1    570                       595    -25      744
  SINCE JAN 1    592                       625    -33      782
..................................................................


WIND (MPH)
  RESULTANT WIND SPEED   1   RESULTANT WIND DIRECTION   E (110)
  HIGHEST WIND SPEED    13   HIGHEST WIND DIRECTION    SE (140)
  HIGHEST GUST SPEED    15   HIGHEST GUST DIRECTION    SW (210)
  AVERAGE WIND SPEED     6.6


SKY COVER
  POSSIBLE SUNSHINE  MM
  AVERAGE SKY COVER 0.1


WEATHER CONDITIONS
 THE FOLLOWING WEATHER WAS RECORDED YESTERDAY.
  NO SIGNIFICANT WEATHER WAS OBSERVED.


RELATIVE HUMIDITY (PERCENT)
 HIGHEST    78          1100 PM
 LOWEST     49           900 AM
 AVERAGE    64

..........................................................


THE BOSTON MA CLIMATE NORMALS FOR TODAY
                         NORMAL    RECORD    YEAR
 MAXIMUM TEMPERATURE (F)   78        99      1948
 MINIMUM TEMPERATURE (F)   63        50      1942
                                             1885


SUNRISE AND SUNSET
AUGUST 26 2014........SUNRISE   603 AM EDT   SUNSET   728 PM EDT
AUGUST 27 2014........SUNRISE   604 AM EDT   SUNSET   727 PM EDT


-  INDICATES NEGATIVE NUMBERS.
R  INDICATES RECORD WAS SET OR TIED.
MM INDICATES DATA IS MISSING.
T  INDICATES TRACE AMOUNT.




$$
