000
CDUS41 KBOX 220546
CLIBOS


CLIMATE REPORT
NATIONAL WEATHER SERVICE TAUNTON MA
1235 AM EST THU JAN 22 2015


...................................

...THE BOSTON MA CLIMATE SUMMARY FOR JANUARY 21 2015...

CLIMATE NORMAL PERIOD 1981 TO 2010
CLIMATE RECORD PERIOD 1872 TO 2015


WEATHER ITEM   OBSERVED TIME   RECORD YEAR NORMAL DEPARTURE LAST
                VALUE   (LST)  VALUE       VALUE  FROM      YEAR
                                                  NORMAL
..................................................................
TEMPERATURE (F)
 YESTERDAY
  MAXIMUM         34   1143 PM  68    1906  35     -1       26
  MINIMUM         22    744 AM   0    1888  22      0       11
  AVERAGE         28                        29     -1       19

PRECIPITATION (IN)
  YESTERDAY        0.00          2.52 1979   0.11  -0.11     0.11
  MONTH TO DATE    1.69                      2.30  -0.61     3.21
  SINCE DEC 1      8.25                      6.08   2.17     7.83
  SINCE JAN 1      1.69                      2.30  -0.61     3.21

SNOWFALL (IN)
  YESTERDAY        0.0           7.3  2011   0.5   -0.5      3.9
  MONTH TO DATE    2.6                       9.0   -6.4     21.4
  SINCE DEC 1      2.9                      18.0  -15.1     33.1
  SINCE JUL 1      5.5                      19.3  -13.8     33.1
  SNOW DEPTH      MM

DEGREE DAYS
 HEATING
  YESTERDAY       37                        36      1       46
  MONTH TO DATE  794                       752     42      723
  SINCE DEC 1   1617                      1691    -74     1696
  SINCE JUL 1   2630                      2746   -116     2712

 COOLING
  YESTERDAY        0                         0      0        0
  MONTH TO DATE    0                         0      0        0
  SINCE DEC 1      0                         0      0        0
  SINCE JAN 1      0                         0      0        0
..................................................................


WIND (MPH)
  RESULTANT WIND SPEED   4   RESULTANT WIND DIRECTION   N (340)
  HIGHEST WIND SPEED    14   HIGHEST WIND DIRECTION    NW (320)
  HIGHEST GUST SPEED    20   HIGHEST GUST DIRECTION    NW (330)
  AVERAGE WIND SPEED     6.6


SKY COVER
  POSSIBLE SUNSHINE  MM
  AVERAGE SKY COVER 0.6


WEATHER CONDITIONS
 THE FOLLOWING WEATHER WAS RECORDED YESTERDAY.
  NO SIGNIFICANT WEATHER WAS OBSERVED.


RELATIVE HUMIDITY (PERCENT)
 HIGHEST    75           800 PM
 LOWEST     38          1000 AM
 AVERAGE    57

..........................................................


THE BOSTON MA CLIMATE NORMALS FOR TODAY
                         NORMAL    RECORD    YEAR
 MAXIMUM TEMPERATURE (F)   36        66      1916
 MINIMUM TEMPERATURE (F)   22        -3      1888


SUNRISE AND SUNSET
JANUARY 22 2015.......SUNRISE   707 AM EST   SUNSET   445 PM EST
JANUARY 23 2015.......SUNRISE   706 AM EST   SUNSET   446 PM EST


-  INDICATES NEGATIVE NUMBERS.
R  INDICATES RECORD WAS SET OR TIED.
MM INDICATES DATA IS MISSING.
T  INDICATES TRACE AMOUNT.




$$
