000
CDUS41 KBOX 120544
CLIBOS


CLIMATE REPORT
NATIONAL WEATHER SERVICE TAUNTON MA
139 AM EDT FRI SEP 12 2014


...................................

...THE BOSTON MA CLIMATE SUMMARY FOR SEPTEMBER 11 2014...

CLIMATE NORMAL PERIOD 1981 TO 2010
CLIMATE RECORD PERIOD 1872 TO 2014


WEATHER ITEM   OBSERVED TIME   RECORD YEAR NORMAL DEPARTURE LAST
                VALUE   (LST)  VALUE       VALUE  FROM      YEAR
                                                  NORMAL
..................................................................
TEMPERATURE (F)
 YESTERDAY
  MAXIMUM         80    321 PM  99    1983  74      6       97
  MINIMUM         62   1251 AM  40    1917  59      3       68
  AVERAGE         71                        67      4       83

PRECIPITATION (IN)
  YESTERDAY        0.00          5.63 1954   0.10  -0.10     0.00
  MONTH TO DATE    0.38                      1.14  -0.76     0.88
  SINCE SEP 1      0.38                      1.14  -0.76     0.88
  SINCE JAN 1     27.27                     29.76  -2.49    31.08

SNOWFALL (IN)
  YESTERDAY        0.0           0.0  2002   0.0    0.0      0.0
                                      2001
                                      2000
  MONTH TO DATE    0.0                       0.0    0.0      0.0
  SINCE SEP 1      0.0                       0.0    0.0      0.0
  SINCE JUL 1      0.0                       0.0    0.0      0.0
  SNOW DEPTH      MM

DEGREE DAYS
 HEATING
  YESTERDAY        0                         2     -2        0
  MONTH TO DATE    0                        12    -12        7
  SINCE SEP 1      0                        12    -12        7
  SINCE JUL 1      0                        25    -25        9

 COOLING
  YESTERDAY        6                         3      3       18
  MONTH TO DATE   96                        46     50       63
  SINCE SEP 1     96                        46     50       63
  SINCE JAN 1    735                       705     30      884
..................................................................


WIND (MPH)
  RESULTANT WIND SPEED  11   RESULTANT WIND DIRECTION  SW (210)
  HIGHEST WIND SPEED    26   HIGHEST WIND DIRECTION    SW (230)
  HIGHEST GUST SPEED    32   HIGHEST GUST DIRECTION    SW (230)
  AVERAGE WIND SPEED    13.1


SKY COVER
  POSSIBLE SUNSHINE  MM
  AVERAGE SKY COVER 0.8


WEATHER CONDITIONS
 THE FOLLOWING WEATHER WAS RECORDED YESTERDAY.
  NO SIGNIFICANT WEATHER WAS OBSERVED.


RELATIVE HUMIDITY (PERCENT)
 HIGHEST   100           100 AM
 LOWEST     58           300 PM
 AVERAGE    79

..........................................................


THE BOSTON MA CLIMATE NORMALS FOR TODAY
                         NORMAL    RECORD    YEAR
 MAXIMUM TEMPERATURE (F)   74        93      1961
 MINIMUM TEMPERATURE (F)   59        43      1875


SUNRISE AND SUNSET
SEPTEMBER 12 2014.....SUNRISE   621 AM EDT   SUNSET   659 PM EDT
SEPTEMBER 13 2014.....SUNRISE   622 AM EDT   SUNSET   657 PM EDT


-  INDICATES NEGATIVE NUMBERS.
R  INDICATES RECORD WAS SET OR TIED.
MM INDICATES DATA IS MISSING.
T  INDICATES TRACE AMOUNT.




$$
