000
CDUS41 KBOX 102143
CLIBOS


CLIMATE REPORT
NATIONAL WEATHER SERVICE TAUNTON MA
540 PM EDT TUE OCT 10 2017


...................................

...THE BOSTON MA CLIMATE SUMMARY FOR OCTOBER 10 2017...
VALID AS OF 0500 PM LOCAL TIME.

CLIMATE NORMAL PERIOD 1981 TO 2010
CLIMATE RECORD PERIOD 1872 TO 2017


WEATHER ITEM   OBSERVED TIME   RECORD YEAR NORMAL DEPARTURE LAST
                VALUE   (LST)  VALUE       VALUE  FROM      YEAR
                                                  NORMAL
..................................................................
TEMPERATURE (F)
 TODAY
  MAXIMUM         79    140 PM  87    1939  63     16       59
  MINIMUM         69    654 AM  32    1979  48     21       45
  AVERAGE         74                        56     18       52

PRECIPITATION (IN)
  TODAY            0.00          1.30 1971   0.13  -0.13     0.00
  MONTH TO DATE    0.38                      1.28  -0.90     2.59
  SINCE SEP 1      4.11                      4.72  -0.61     3.97
  SINCE JAN 1     35.40                     33.34   2.06    24.23

SNOWFALL (IN)
  TODAY            0.0           0.2  1979   0.0    0.0      0.0
  MONTH TO DATE    0.0                       0.0    0.0      0.0
  SINCE SEP 1      0.0                       0.0    0.0      0.0
  SINCE JUL 1      0.0                       0.0    0.0      0.0
  SNOW DEPTH      MM

DEGREE DAYS
 HEATING
  TODAY            0                         9     -9       13
  MONTH TO DATE   21                        81    -60       77
  SINCE SEP 1     58                       165   -107      123
  SINCE JUL 1     70                       178   -108      130

 COOLING
  TODAY            9                         0      9        0
  MONTH TO DATE   36                         6     30        0
  SINCE SEP 1    147                        87     60      128
  SINCE JAN 1    876                       746    130     1022
..................................................................


WIND (MPH)
  HIGHEST WIND SPEED    17   HIGHEST WIND DIRECTION     W (290)
  HIGHEST GUST SPEED    24   HIGHEST GUST DIRECTION    NW (300)
  AVERAGE WIND SPEED    12.0


SKY COVER
  POSSIBLE SUNSHINE  MM
  AVERAGE SKY COVER 0.4


WEATHER CONDITIONS
 THE FOLLOWING WEATHER WAS RECORDED TODAY.
  NO SIGNIFICANT WEATHER WAS OBSERVED.


RELATIVE HUMIDITY (PERCENT)
 HIGHEST    93          1200 AM
 LOWEST     48           300 PM
 AVERAGE    71

..........................................................


THE BOSTON MA CLIMATE NORMALS FOR TOMORROW
                         NORMAL    RECORD    YEAR
 MAXIMUM TEMPERATURE (F)   63        82      1955
 MINIMUM TEMPERATURE (F)   48        32      1979
                                             1881


SUNRISE AND SUNSET
OCTOBER 10 2017.......SUNRISE   651 AM EDT   SUNSET   610 PM EDT
OCTOBER 11 2017.......SUNRISE   653 AM EDT   SUNSET   608 PM EDT


-  INDICATES NEGATIVE NUMBERS.
R  INDICATES RECORD WAS SET OR TIED.
MM INDICATES DATA IS MISSING.
T  INDICATES TRACE AMOUNT.




$$
