000
CDUS41 KBOX 220601
CLIBOS


CLIMATE REPORT
NATIONAL WEATHER SERVICE TAUNTON MA
149 AM EDT FRI APR 22 2016


...................................

...THE BOSTON MA CLIMATE SUMMARY FOR APRIL 21 2016...

CLIMATE NORMAL PERIOD 1981 TO 2010
CLIMATE RECORD PERIOD 1872 TO 2016


WEATHER ITEM   OBSERVED TIME   RECORD YEAR NORMAL DEPARTURE LAST
                VALUE   (LST)  VALUE       VALUE  FROM      YEAR
                                                  NORMAL
..................................................................
TEMPERATURE (F)
 YESTERDAY
  MAXIMUM         77    412 PM  88    1957  58     19       65
  MINIMUM         43    445 AM  21    1875  42      1       46
  AVERAGE         60                        50     10       56

PRECIPITATION (IN)
  YESTERDAY        0.00          3.32 1991   0.11  -0.11     0.54
  MONTH TO DATE    2.55                      2.72  -0.17     2.11
  SINCE MAR 1      5.71                      7.04  -1.33     5.16
  SINCE JAN 1     13.15                     13.65  -0.50    12.10

SNOWFALL (IN)
  YESTERDAY        0.0           0.2  1947   0.0    0.0      0.0
  MONTH TO DATE    6.6                       1.8    4.8       T
  SINCE MAR 1     10.7                       9.6    1.1      8.6
  SINCE JUL 1     36.1                      43.7   -7.6    110.6
  SNOW DEPTH      MM

DEGREE DAYS
 HEATING
  YESTERDAY        5                        15    -10        9
  MONTH TO DATE  405                       388     17      362
  SINCE MAR 1   1093                      1217   -124     1339
  SINCE JUL 1   4423                      5259   -836     5654

 COOLING
  YESTERDAY        0                         0      0        0
  MONTH TO DATE    0                         0      0        0
  SINCE MAR 1      0                         0      0        0
  SINCE JAN 1      0                         0      0        0
..................................................................


WIND (MPH)
  RESULTANT WIND SPEED   7   RESULTANT WIND DIRECTION  SW (230)
  HIGHEST WIND SPEED    21   HIGHEST WIND DIRECTION     W (260)
  HIGHEST GUST SPEED    26   HIGHEST GUST DIRECTION     W (250)
  AVERAGE WIND SPEED     9.5


SKY COVER
  POSSIBLE SUNSHINE  MM
  AVERAGE SKY COVER 0.3


WEATHER CONDITIONS
 THE FOLLOWING WEATHER WAS RECORDED YESTERDAY.
  NO SIGNIFICANT WEATHER WAS OBSERVED.


RELATIVE HUMIDITY (PERCENT)
 HIGHEST    67           200 AM
 LOWEST     12           300 PM
 AVERAGE    40

..........................................................


THE BOSTON MA CLIMATE NORMALS FOR TODAY
                         NORMAL    RECORD    YEAR
 MAXIMUM TEMPERATURE (F)   58        88      1977
 MINIMUM TEMPERATURE (F)   43        26      1875


SUNRISE AND SUNSET
APRIL 22 2016.........SUNRISE   552 AM EDT   SUNSET   734 PM EDT
APRIL 23 2016.........SUNRISE   550 AM EDT   SUNSET   735 PM EDT


-  INDICATES NEGATIVE NUMBERS.
R  INDICATES RECORD WAS SET OR TIED.
MM INDICATES DATA IS MISSING.
T  INDICATES TRACE AMOUNT.




$$
