000
CDUS41 KBOX 040608
CLIBOS


CLIMATE REPORT
NATIONAL WEATHER SERVICE TAUNTON MA
103 AM EST THU FEB 4 2016


...................................

...THE BOSTON MA CLIMATE SUMMARY FOR FEBRUARY 3 2016...

CLIMATE NORMAL PERIOD 1981 TO 2010
CLIMATE RECORD PERIOD 1872 TO 2016


WEATHER ITEM   OBSERVED TIME   RECORD YEAR NORMAL DEPARTURE LAST
                VALUE   (LST)  VALUE       VALUE  FROM      YEAR
                                                  NORMAL
..................................................................
TEMPERATURE (F)
 YESTERDAY
  MAXIMUM         57    641 PM  59    1991  37     20       22
  MINIMUM         35    611 AM  -5    1881  23     12        6
  AVERAGE         46                        30     16       14

PRECIPITATION (IN)
  YESTERDAY        0.33          1.42 1874   0.11   0.22     0.00
  MONTH TO DATE    0.33                      0.32   0.01     0.78
  SINCE DEC 1      7.88                      7.46   0.42    10.91
  SINCE JAN 1      3.60                      3.68  -0.08     4.35

SNOWFALL (IN)
  YESTERDAY        0.0           6.6  1916   0.4   -0.4      0.0
  MONTH TO DATE    0.0                       1.2   -1.2     16.2
  SINCE DEC 1     10.4                      23.1  -12.7     50.8
  SINCE JUL 1     10.4                      24.4  -14.0     53.4
  SNOW DEPTH      MM

DEGREE DAYS
 HEATING
  YESTERDAY       19                        35    -16       51
  MONTH TO DATE   54                       105    -51      139
  SINCE DEC 1   1658                      2160   -502     2160
  SINCE JUL 1   2513                      3215   -702     3173

 COOLING
  YESTERDAY        0                         0      0        0
  MONTH TO DATE    0                         0      0        0
  SINCE DEC 1      0                         0      0        0
  SINCE JAN 1      0                         0      0        0
..................................................................


WIND (MPH)
  RESULTANT WIND SPEED  14   RESULTANT WIND DIRECTION   S (170)
  HIGHEST WIND SPEED    39   HIGHEST WIND DIRECTION     S (160)
  HIGHEST GUST SPEED    46   HIGHEST GUST DIRECTION     S (160)
  AVERAGE WIND SPEED    14.6


SKY COVER
  POSSIBLE SUNSHINE  MM
  AVERAGE SKY COVER 1.0


WEATHER CONDITIONS
 THE FOLLOWING WEATHER WAS RECORDED YESTERDAY.
  RAIN
  LIGHT RAIN
  FOG


RELATIVE HUMIDITY (PERCENT)
 HIGHEST    93           800 PM
 LOWEST     70          1200 AM
 AVERAGE    82

..........................................................


THE BOSTON MA CLIMATE NORMALS FOR TODAY
                         NORMAL    RECORD    YEAR
 MAXIMUM TEMPERATURE (F)   37        64      1991
 MINIMUM TEMPERATURE (F)   23        -2      1886


SUNRISE AND SUNSET
FEBRUARY  4 2016......SUNRISE   655 AM EST   SUNSET   501 PM EST
FEBRUARY  5 2016......SUNRISE   654 AM EST   SUNSET   503 PM EST


-  INDICATES NEGATIVE NUMBERS.
R  INDICATES RECORD WAS SET OR TIED.
MM INDICATES DATA IS MISSING.
T  INDICATES TRACE AMOUNT.




$$
