000
CDUS41 KBOX 152138
CLIBOS


CLIMATE REPORT
NATIONAL WEATHER SERVICE TAUNTON MA
530 PM EDT SUN OCT 15 2017


...................................

...THE BOSTON MA CLIMATE SUMMARY FOR OCTOBER 15 2017...
VALID AS OF 0500 PM LOCAL TIME.

CLIMATE NORMAL PERIOD 1981 TO 2010
CLIMATE RECORD PERIOD 1872 TO 2017


WEATHER ITEM   OBSERVED TIME   RECORD YEAR NORMAL DEPARTURE LAST
                VALUE   (LST)  VALUE       VALUE  FROM      YEAR
                                                  NORMAL
..................................................................
TEMPERATURE (F)
 TODAY
  MAXIMUM         75    250 PM  86    1897  62     13       56
  MINIMUM         59    404 AM  31    1876  47     12       42
  AVERAGE         67                        54     13       49

PRECIPITATION (IN)
  TODAY            0.00          3.23 1930   0.13  -0.13     0.00
  MONTH TO DATE    0.49                      1.91  -1.42     2.59
  SINCE SEP 1      4.22                      5.35  -1.13     3.97
  SINCE JAN 1     35.51                     33.97   1.54    24.23

SNOWFALL (IN)
  TODAY            0.0           T    1972   0.0    0.0      0.0
  MONTH TO DATE    0.0                       0.0    0.0      0.0
  SINCE SEP 1      0.0                       0.0    0.0      0.0
  SINCE JUL 1      0.0                       0.0    0.0      0.0
  SNOW DEPTH      MM

DEGREE DAYS
 HEATING
  TODAY            0                        11    -11       16
  MONTH TO DATE   49                       133    -84      131
  SINCE SEP 1     86                       217   -131      177
  SINCE JUL 1     98                       230   -132      184

 COOLING
  TODAY            2                         0      2        0
  MONTH TO DATE   36                         6     30        0
  SINCE SEP 1    147                        87     60      128
  SINCE JAN 1    876                       746    130     1022
..................................................................


WIND (MPH)
  HIGHEST WIND SPEED    28   HIGHEST WIND DIRECTION    SW (220)
  HIGHEST GUST SPEED    37   HIGHEST GUST DIRECTION    SW (220)
  AVERAGE WIND SPEED     9.7


SKY COVER
  POSSIBLE SUNSHINE  MM
  AVERAGE SKY COVER 0.9


WEATHER CONDITIONS
 THE FOLLOWING WEATHER WAS RECORDED TODAY.
  FOG
  FOG W/VISIBILITY <= 1/4 MILE


RELATIVE HUMIDITY (PERCENT)
 HIGHEST   100          1200 AM
 LOWEST     68           300 PM
 AVERAGE    84

..........................................................


THE BOSTON MA CLIMATE NORMALS FOR TOMORROW
                         NORMAL    RECORD    YEAR
 MAXIMUM TEMPERATURE (F)   61        88      1897
 MINIMUM TEMPERATURE (F)   46        30      1883
                                             1876


SUNRISE AND SUNSET
OCTOBER 15 2017.......SUNRISE   657 AM EDT   SUNSET   602 PM EDT
OCTOBER 16 2017.......SUNRISE   658 AM EDT   SUNSET   600 PM EDT


-  INDICATES NEGATIVE NUMBERS.
R  INDICATES RECORD WAS SET OR TIED.
MM INDICATES DATA IS MISSING.
T  INDICATES TRACE AMOUNT.




$$
