000
CDUS41 KBOX 150538
CLIBOS


CLIMATE REPORT
NATIONAL WEATHER SERVICE TAUNTON MA
136 AM EDT TUE APR 15 2014


...................................

...THE BOSTON MA CLIMATE SUMMARY FOR APRIL 14 2014...

CLIMATE NORMAL PERIOD 1981 TO 2010
CLIMATE RECORD PERIOD 1872 TO 2014


WEATHER ITEM   OBSERVED TIME   RECORD YEAR NORMAL DEPARTURE LAST
                VALUE   (LST)  VALUE       VALUE  FROM      YEAR
                                                  NORMAL
..................................................................
TEMPERATURE (F)
 YESTERDAY
  MAXIMUM         75   1242 PM  81    1945  55     20       55
  MINIMUM         57    443 AM  26    1940  40     17       42
  AVERAGE         66                        48     18       49

PRECIPITATION (IN)
  YESTERDAY        0.00          1.63 1895   0.13  -0.13      T
  MONTH TO DATE    1.28                      1.92  -0.64     0.78
  SINCE MAR 1      5.76                      6.24  -0.48     4.10
  SINCE JAN 1     13.13                     12.85   0.28    10.44

SNOWFALL (IN)
  YESTERDAY        0.0           0.7  1916   0.0    0.0      0.0
  MONTH TO DATE    0.0                       1.4   -1.4       T
  SINCE MAR 1      2.2                       9.2   -7.0     20.6
  SINCE JUL 1     58.6                      43.3   15.3     63.4
  SNOW DEPTH      MM

DEGREE DAYS
 HEATING
  YESTERDAY        0                        17    -17       16
  MONTH TO DATE  212                       276    -64      266
  SINCE MAR 1   1182                      1105     77     1105
  SINCE JUL 1   5330                      5147    183     4907

 COOLING
  YESTERDAY        1                         0      1        0
  MONTH TO DATE    1                         0      1        0
  SINCE MAR 1      1                         0      1        0
  SINCE JAN 1      1                         0      1        0
..................................................................


WIND (MPH)
  RESULTANT WIND SPEED  21   RESULTANT WIND DIRECTION  SW (210)
  HIGHEST WIND SPEED    41   HIGHEST WIND DIRECTION    SW (230)
  HIGHEST GUST SPEED    51   HIGHEST GUST DIRECTION    SW (220)
  AVERAGE WIND SPEED    21.7


SKY COVER
  POSSIBLE SUNSHINE  MM
  AVERAGE SKY COVER 0.8


WEATHER CONDITIONS
 THE FOLLOWING WEATHER WAS RECORDED YESTERDAY.
  NO SIGNIFICANT WEATHER WAS OBSERVED.


RELATIVE HUMIDITY (PERCENT)
 HIGHEST    80           400 AM
 LOWEST     46          1100 AM
 AVERAGE    63

..........................................................


THE BOSTON MA CLIMATE NORMALS FOR TODAY
                         NORMAL    RECORD    YEAR
 MAXIMUM TEMPERATURE (F)   55        82      1896
 MINIMUM TEMPERATURE (F)   41        28      1943


SUNRISE AND SUNSET
APRIL 15 2014.........SUNRISE   603 AM EDT   SUNSET   726 PM EDT
APRIL 16 2014.........SUNRISE   602 AM EDT   SUNSET   727 PM EDT


-  INDICATES NEGATIVE NUMBERS.
R  INDICATES RECORD WAS SET OR TIED.
MM INDICATES DATA IS MISSING.
T  INDICATES TRACE AMOUNT.




$$
