000
CDUS41 KBOX 292137
CLIBOS


CLIMATE REPORT
NATIONAL WEATHER SERVICE TAUNTON MA
532 PM EDT SAT AUG 29 2015


...................................

...THE BOSTON MA CLIMATE SUMMARY FOR AUGUST 29 2015...
VALID TODAY AS OF 0500 PM LOCAL TIME.

CLIMATE NORMAL PERIOD 1981 TO 2010
CLIMATE RECORD PERIOD 1872 TO 2015


WEATHER ITEM   OBSERVED TIME   RECORD YEAR NORMAL DEPARTURE LAST
                VALUE   (LST)  VALUE       VALUE  FROM      YEAR
                                                  NORMAL
..................................................................
TEMPERATURE (F)
 TODAY
  MAXIMUM         82    337 PM  96    1953  78      4       71
  MINIMUM         63    446 AM  47    1986  63      0       59
                                      1908
  AVERAGE         73                        70      3       65

PRECIPITATION (IN)
  TODAY            0.00          1.69 1962   0.10  -0.10     0.00
  MONTH TO DATE    2.19                      3.16  -0.97     1.21
  SINCE JUN 1      9.29                     10.27  -0.98     8.40
  SINCE JAN 1     22.78                     28.43  -5.65    26.35

SNOWFALL (IN)
  TODAY            0.0           0.0  2002   0.0    0.0      0.0
                                      2001
                                      2000
  MONTH TO DATE    0.0                       0.0    0.0      0.0
  SINCE JUN 1      0.0                       0.0    0.0      0.0
  SINCE JUL 1      0.0                       0.0    0.0      0.0
  SNOW DEPTH      MM

DEGREE DAYS
 HEATING
  TODAY            0                         1     -1        0
  MONTH TO DATE    0                         1     -1        0
  SINCE JUN 1     99                        62     37       28
  SINCE JUL 1      1                         7     -6        0

 COOLING
  TODAY            8                         6      2        0
  MONTH TO DATE  277                       217     60      173
  SINCE JUN 1    659                       619     40      602
  SINCE JAN 1    720                       649     71      624
..................................................................


WIND (MPH)
  HIGHEST WIND SPEED    16   HIGHEST WIND DIRECTION     W (260)
  HIGHEST GUST SPEED    22   HIGHEST GUST DIRECTION     W (250)
  AVERAGE WIND SPEED     6.8


SKY COVER
  POSSIBLE SUNSHINE  MM
  AVERAGE SKY COVER 0.3


WEATHER CONDITIONS
 THE FOLLOWING WEATHER WAS RECORDED TODAY.
  NO SIGNIFICANT WEATHER WAS OBSERVED.


RELATIVE HUMIDITY (PERCENT)
 HIGHEST    78           200 AM
 LOWEST     39           100 PM
 AVERAGE    59

..........................................................


THE BOSTON MA CLIMATE NORMALS FOR TOMORROW
                         NORMAL    RECORD    YEAR
 MAXIMUM TEMPERATURE (F)   77        99      1973
 MINIMUM TEMPERATURE (F)   63        48      1965


SUNRISE AND SUNSET
AUGUST 29 2015........SUNRISE   606 AM EDT   SUNSET   724 PM EDT
AUGUST 30 2015........SUNRISE   607 AM EDT   SUNSET   722 PM EDT


-  INDICATES NEGATIVE NUMBERS.
R  INDICATES RECORD WAS SET OR TIED.
MM INDICATES DATA IS MISSING.
T  INDICATES TRACE AMOUNT.




$$
