000
CDUS41 KBOX 260556
CLIBOS


CLIMATE REPORT
NATIONAL WEATHER SERVICE TAUNTON MA
151 AM EDT SAT JUL 26 2014


...................................

...THE BOSTON MA CLIMATE SUMMARY FOR JULY 25 2014...

CLIMATE NORMAL PERIOD 1981 TO 2010
CLIMATE RECORD PERIOD 1872 TO 2014


WEATHER ITEM   OBSERVED TIME   RECORD YEAR NORMAL DEPARTURE LAST
                VALUE   (LST)  VALUE       VALUE  FROM      YEAR
                                                  NORMAL
..................................................................
TEMPERATURE (F)
 YESTERDAY
  MAXIMUM         83    316 PM  96    1882  82      1       66
  MINIMUM         62    532 AM  53    1901  66     -4       60
  AVERAGE         73                        74     -1       63

PRECIPITATION (IN)
  YESTERDAY        0.00          1.92 1990   0.12  -0.12     0.27
  MONTH TO DATE    4.11                      2.68   1.43     2.27
  SINCE JUN 1      6.73                      6.36   0.37    12.77
  SINCE JAN 1     24.68                     24.52   0.16    27.02

SNOWFALL (IN)
  YESTERDAY        0.0           0.0  2002   0.0    0.0      0.0
                                      2001
                                      2000
  MONTH TO DATE    0.0                       0.0    0.0      0.0
  SINCE JUN 1      0.0                       0.0    0.0      0.0
  SINCE JUL 1      0.0                       0.0    0.0      0.0
  SNOW DEPTH       0

DEGREE DAYS
 HEATING
  YESTERDAY        0                         0      0        2
  MONTH TO DATE    0                         0      0        2
  SINCE JUN 1     28                        55    -27       27
  SINCE JUL 1      0                         0      0        2

 COOLING
  YESTERDAY        8                         9     -1        0
  MONTH TO DATE  243                       214     29      339
  SINCE JUN 1    381                       350     31      510
  SINCE JAN 1    403                       380     23      548
..................................................................


WIND (MPH)
  RESULTANT WIND SPEED   3   RESULTANT WIND DIRECTION   W (280)
  HIGHEST WIND SPEED    15   HIGHEST WIND DIRECTION    NW (320)
  HIGHEST GUST SPEED    21   HIGHEST GUST DIRECTION    NW (330)
  AVERAGE WIND SPEED     7.9


SKY COVER
  POSSIBLE SUNSHINE  MM
  AVERAGE SKY COVER 0.3


WEATHER CONDITIONS
 THE FOLLOWING WEATHER WAS RECORDED YESTERDAY.
  NO SIGNIFICANT WEATHER WAS OBSERVED.


RELATIVE HUMIDITY (PERCENT)
 HIGHEST    76          1200 AM
 LOWEST     36           200 PM
 AVERAGE    56

..........................................................


THE BOSTON MA CLIMATE NORMALS FOR TODAY
                         NORMAL    RECORD    YEAR
 MAXIMUM TEMPERATURE (F)   82        96      1989
                                             1963
                                             1892
 MINIMUM TEMPERATURE (F)   66        56      1920
                                             1884


SUNRISE AND SUNSET
JULY 26 2014..........SUNRISE   531 AM EDT   SUNSET   810 PM EDT
JULY 27 2014..........SUNRISE   532 AM EDT   SUNSET   809 PM EDT


-  INDICATES NEGATIVE NUMBERS.
R  INDICATES RECORD WAS SET OR TIED.
MM INDICATES DATA IS MISSING.
T  INDICATES TRACE AMOUNT.




$$
