000
CDUS41 KBOX 230547
CLIBOS


CLIMATE REPORT
NATIONAL WEATHER SERVICE TAUNTON MA
141 AM EDT MON MAY 23 2016


...................................

...THE BOSTON MA CLIMATE SUMMARY FOR MAY 22 2016...

CLIMATE NORMAL PERIOD 1981 TO 2010
CLIMATE RECORD PERIOD 1872 TO 2016


WEATHER ITEM   OBSERVED TIME   RECORD YEAR NORMAL DEPARTURE LAST
                VALUE   (LST)  VALUE       VALUE  FROM      YEAR
                                                  NORMAL
..................................................................
TEMPERATURE (F)
 YESTERDAY
  MAXIMUM         62   1240 PM  93    1959  68     -6       76
  MINIMUM         52   1024 PM  39    1894  52      0       52
  AVERAGE         57                        60     -3       64

PRECIPITATION (IN)
  YESTERDAY        T             3.23 1920   0.12  -0.12      T
  MONTH TO DATE    1.44                      2.34  -0.90     0.31
  SINCE MAR 1      7.51                     10.40  -2.89     5.64
  SINCE JAN 1     14.95                     17.01  -2.06    12.58

SNOWFALL (IN)
  YESTERDAY        0.0           0.0  2002   0.0    0.0      0.0
                                      2001
                                      2000
  MONTH TO DATE    0.0                       0.1   -0.1      0.0
  SINCE MAR 1     10.7                       9.8    0.9      8.6
  SINCE JUL 1     36.1                      43.9   -7.8    110.6
  SNOW DEPTH      MM

DEGREE DAYS
 HEATING
  YESTERDAY        8                         6      2        1
  MONTH TO DATE  221                       199     22      124
  SINCE MAR 1   1444                      1538    -94     1603
  SINCE JUL 1   4774                      5580   -806     5918

 COOLING
  YESTERDAY        0                         1     -1        0
  MONTH TO DATE    3                         9     -6       15
  SINCE MAR 1      6                        12     -6       15
  SINCE JAN 1      6                        12     -6       15
..................................................................


WIND (MPH)
  RESULTANT WIND SPEED   6   RESULTANT WIND DIRECTION   E (80)
  HIGHEST WIND SPEED    17   HIGHEST WIND DIRECTION     E (70)
  HIGHEST GUST SPEED    21   HIGHEST GUST DIRECTION    NE (60)
  AVERAGE WIND SPEED     6.7


SKY COVER
  POSSIBLE SUNSHINE  MM
  AVERAGE SKY COVER 0.8


WEATHER CONDITIONS
 THE FOLLOWING WEATHER WAS RECORDED YESTERDAY.
  LIGHT RAIN


RELATIVE HUMIDITY (PERCENT)
 HIGHEST    93           500 AM
 LOWEST     64           100 PM
 AVERAGE    79

..........................................................


THE BOSTON MA CLIMATE NORMALS FOR TODAY
                         NORMAL    RECORD    YEAR
 MAXIMUM TEMPERATURE (F)   68        93      1964
 MINIMUM TEMPERATURE (F)   52        40      1967
                                             1882
                                             1876


SUNRISE AND SUNSET
MAY 23 2016...........SUNRISE   515 AM EDT   SUNSET   807 PM EDT
MAY 24 2016...........SUNRISE   514 AM EDT   SUNSET   808 PM EDT


-  INDICATES NEGATIVE NUMBERS.
R  INDICATES RECORD WAS SET OR TIED.
MM INDICATES DATA IS MISSING.
T  INDICATES TRACE AMOUNT.




$$
