000
CDUS41 KBOX 172144
CLIBOS


CLIMATE REPORT
NATIONAL WEATHER SERVICE TAUNTON MA
533 PM EDT WED MAY 17 2017


...................................

...THE BOSTON MA CLIMATE SUMMARY FOR MAY 17 2017...
VALID AS OF 0500 PM LOCAL TIME.

CLIMATE NORMAL PERIOD 1981 TO 2010
CLIMATE RECORD PERIOD 1872 TO 2017


WEATHER ITEM   OBSERVED TIME   RECORD YEAR NORMAL DEPARTURE LAST
                VALUE   (LST)  VALUE       VALUE  FROM      YEAR
                                                  NORMAL
..................................................................
TEMPERATURE (F)
 TODAY
  MAXIMUM         92R   359 PM  92    1977  66     26       70
  MINIMUM         60    449 AM  39    1882  50     10       50
  AVERAGE         76                        58     18       60

PRECIPITATION (IN)
  TODAY            T             1.88 1916   0.10  -0.10     0.00
  MONTH TO DATE    1.98                      1.77   0.21     1.44
  SINCE MAR 1     11.89                      9.83   2.06     7.51
  SINCE JAN 1     19.36                     16.44   2.92    14.95

SNOWFALL (IN)
  TODAY            0.0           0.0  2002   0.0    0.0      0.0
                                      2001
                                      2000
  MONTH TO DATE    0.0                       0.1   -0.1      0.0
  SINCE MAR 1     11.3                       9.8    1.5     10.7
  SINCE JUL 1     47.6                      43.9    3.7     36.1
  SNOW DEPTH      MM

DEGREE DAYS
 HEATING
  TODAY            0                         8     -8        5
  MONTH TO DATE  201                       165     36      188
  SINCE MAR 1   1562                      1504     58     1411
  SINCE JUL 1   5101                      5546   -445     4741

 COOLING
  TODAY           11                         1     10        0
  MONTH TO DATE   14                         4     10        3
  SINCE MAR 1     33                         7     26        6
  SINCE JAN 1     33                         7     26        6
..................................................................


WIND (MPH)
  HIGHEST WIND SPEED    23   HIGHEST WIND DIRECTION    SW (230)
  HIGHEST GUST SPEED    30   HIGHEST GUST DIRECTION    SW (230)
  AVERAGE WIND SPEED     8.5


SKY COVER
  POSSIBLE SUNSHINE  MM
  AVERAGE SKY COVER 0.5


WEATHER CONDITIONS
 THE FOLLOWING WEATHER WAS RECORDED TODAY.
  LIGHT RAIN


RELATIVE HUMIDITY (PERCENT)
 HIGHEST    64           500 AM
 LOWEST     28           400 PM
 AVERAGE    46

..........................................................


THE BOSTON MA CLIMATE NORMALS FOR TOMORROW
                         NORMAL    RECORD    YEAR
 MAXIMUM TEMPERATURE (F)   67        91      1936
 MINIMUM TEMPERATURE (F)   50        37      2002


SUNRISE AND SUNSET
MAY 17 2017...........SUNRISE   521 AM EDT   SUNSET   801 PM EDT
MAY 18 2017...........SUNRISE   520 AM EDT   SUNSET   802 PM EDT


-  INDICATES NEGATIVE NUMBERS.
R  INDICATES RECORD WAS SET OR TIED.
MM INDICATES DATA IS MISSING.
T  INDICATES TRACE AMOUNT.




$$
