000
CDUS41 KBOX 162156
CLIBOS


CLIMATE REPORT
NATIONAL WEATHER SERVICE TAUNTON MA
552 PM EDT SUN APR 16 2017


...................................

...THE BOSTON MA CLIMATE SUMMARY FOR APRIL 16 2017...
VALID AS OF 0500 PM LOCAL TIME.

CLIMATE NORMAL PERIOD 1981 TO 2010
CLIMATE RECORD PERIOD 1872 TO 2017


WEATHER ITEM   OBSERVED TIME   RECORD YEAR NORMAL DEPARTURE LAST
                VALUE   (LST)  VALUE       VALUE  FROM      YEAR
                                                  NORMAL
..................................................................
TEMPERATURE (F)
 TODAY
  MAXIMUM         86    203 PM  87    2012  56     30       54
  MINIMUM         57   1225 AM  28    1943  41     16       41
                                      1928
                                      1908
  AVERAGE         72                        48     24       48

PRECIPITATION (IN)
  TODAY            T             2.50 1929   0.12  -0.12     0.00
  MONTH TO DATE    3.62                      2.16   1.46     2.53
  SINCE MAR 1      7.80                      6.48   1.32     5.69
  SINCE JAN 1     15.27                     13.09   2.18    13.13

SNOWFALL (IN)
  TODAY            0.0           1.0  1992   0.1   -0.1      0.0
  MONTH TO DATE    1.2                       1.6   -0.4      6.6
  SINCE MAR 1     11.3                       9.4    1.9     10.7
  SINCE JUL 1     47.6                      43.5    4.1     36.1
  SNOW DEPTH      MM

DEGREE DAYS
 HEATING
  TODAY            0                        17    -17       17
  MONTH TO DATE  241                       310    -69      339
  SINCE MAR 1   1192                      1139     53     1027
  SINCE JUL 1   4731                      5181   -450     4357

 COOLING
  TODAY            7                         0      7        0
  MONTH TO DATE   10                         0     10        0
  SINCE MAR 1     10                         0     10        0
  SINCE JAN 1     10                         0     10        0
..................................................................


WIND (MPH)
  HIGHEST WIND SPEED    23   HIGHEST WIND DIRECTION    SW (240)
  HIGHEST GUST SPEED    38   HIGHEST GUST DIRECTION     W (250)
  AVERAGE WIND SPEED    17.8


SKY COVER
  POSSIBLE SUNSHINE  MM
  AVERAGE SKY COVER 0.5


WEATHER CONDITIONS
 THE FOLLOWING WEATHER WAS RECORDED TODAY.
  NO SIGNIFICANT WEATHER WAS OBSERVED.


RELATIVE HUMIDITY (PERCENT)
 HIGHEST    86           100 AM
 LOWEST     27          1200 PM
 AVERAGE    57

..........................................................


THE BOSTON MA CLIMATE NORMALS FOR TOMORROW
                         NORMAL    RECORD    YEAR
 MAXIMUM TEMPERATURE (F)   56        93      2002
 MINIMUM TEMPERATURE (F)   41        26      1908


SUNRISE AND SUNSET
APRIL 16 2017.........SUNRISE   601 AM EDT   SUNSET   727 PM EDT
APRIL 17 2017.........SUNRISE   600 AM EDT   SUNSET   728 PM EDT


-  INDICATES NEGATIVE NUMBERS.
R  INDICATES RECORD WAS SET OR TIED.
MM INDICATES DATA IS MISSING.
T  INDICATES TRACE AMOUNT.




$$
