000
CDUS41 KBOX 120538
CLIBOS


CLIMATE REPORT
NATIONAL WEATHER SERVICE TAUNTON MA
135 AM EDT THU OCT 12 2017


...................................

...THE BOSTON MA CLIMATE SUMMARY FOR OCTOBER 11 2017...

CLIMATE NORMAL PERIOD 1981 TO 2010
CLIMATE RECORD PERIOD 1872 TO 2017


WEATHER ITEM   OBSERVED TIME   RECORD YEAR NORMAL DEPARTURE LAST
                VALUE   (LST)  VALUE       VALUE  FROM      YEAR
                                                  NORMAL
..................................................................
TEMPERATURE (F)
 YESTERDAY
  MAXIMUM         68   1050 AM  82    1955  63      5       59
  MINIMUM         57   1159 PM  32    1979  48      9       44
                                      1881
  AVERAGE         63                        56      7       52

PRECIPITATION (IN)
  YESTERDAY        0.01          0.85 2006   0.13  -0.12     0.00
  MONTH TO DATE    0.39                      1.41  -1.02     2.59
  SINCE SEP 1      4.12                      4.85  -0.73     3.97
  SINCE JAN 1     35.41                     33.47   1.94    24.23

SNOWFALL (IN)
  YESTERDAY        0.0           0.0  2009   0.0    0.0      0.0
                                      2008
                                      2007
  MONTH TO DATE    0.0                       0.0    0.0      0.0
  SINCE SEP 1      0.0                       0.0    0.0      0.0
  SINCE JUL 1      0.0                       0.0    0.0      0.0
  SNOW DEPTH      MM

DEGREE DAYS
 HEATING
  YESTERDAY        2                        10     -8       13
  MONTH TO DATE   23                        91    -68       90
  SINCE SEP 1     60                       175   -115      136
  SINCE JUL 1     72                       188   -116      143

 COOLING
  YESTERDAY        0                         0      0        0
  MONTH TO DATE   34                         6     28        0
  SINCE SEP 1    145                        87     58      128
  SINCE JAN 1    874                       746    128     1022
..................................................................


WIND (MPH)
  RESULTANT WIND SPEED   6   RESULTANT WIND DIRECTION  NE (40)
  HIGHEST WIND SPEED    22   HIGHEST WIND DIRECTION    NE (50)
  HIGHEST GUST SPEED    28   HIGHEST GUST DIRECTION    NE (50)
  AVERAGE WIND SPEED    10.2


SKY COVER
  POSSIBLE SUNSHINE  MM
  AVERAGE SKY COVER 0.8


WEATHER CONDITIONS
 THE FOLLOWING WEATHER WAS RECORDED YESTERDAY.
  LIGHT RAIN


RELATIVE HUMIDITY (PERCENT)
 HIGHEST    84           600 PM
 LOWEST     52          1000 AM
 AVERAGE    68

..........................................................


THE BOSTON MA CLIMATE NORMALS FOR TODAY
                         NORMAL    RECORD    YEAR
 MAXIMUM TEMPERATURE (F)   63        90      1954
 MINIMUM TEMPERATURE (F)   48        31      1876


SUNRISE AND SUNSET
OCTOBER 12 2017.......SUNRISE   654 AM EDT   SUNSET   607 PM EDT
OCTOBER 13 2017.......SUNRISE   655 AM EDT   SUNSET   605 PM EDT


-  INDICATES NEGATIVE NUMBERS.
R  INDICATES RECORD WAS SET OR TIED.
MM INDICATES DATA IS MISSING.
T  INDICATES TRACE AMOUNT.




$$
