000
CDUS41 KBOX 160550
CLIBOS


CLIMATE REPORT
NATIONAL WEATHER SERVICE TAUNTON MA
147 AM EDT SAT AUG 16 2014


...................................

...THE BOSTON MA CLIMATE SUMMARY FOR AUGUST 15 2014...

CLIMATE NORMAL PERIOD 1981 TO 2010
CLIMATE RECORD PERIOD 1872 TO 2014


WEATHER ITEM   OBSERVED TIME   RECORD YEAR NORMAL DEPARTURE LAST
                VALUE   (LST)  VALUE       VALUE  FROM      YEAR
                                                  NORMAL
..................................................................
TEMPERATURE (F)
 YESTERDAY
  MAXIMUM         75   1257 PM  98    1944  80     -5       78
  MINIMUM         60    518 AM  52    1964  65     -5       60
  AVERAGE         68                        73     -5       69

PRECIPITATION (IN)
  YESTERDAY        T             1.90 1930   0.10  -0.10     0.00
  MONTH TO DATE    1.11                      1.74  -0.63     1.82
  SINCE JUN 1      8.30                      8.85  -0.55    15.93
  SINCE JAN 1     26.25                     27.01  -0.76    30.18

SNOWFALL (IN)
  YESTERDAY        0.0           0.0  2002   0.0    0.0      0.0
                                      2001
                                      2000
  MONTH TO DATE    0.0                       0.0    0.0      0.0
  SINCE JUN 1      0.0                       0.0    0.0      0.0
  SINCE JUL 1      0.0                       0.0    0.0      0.0
  SNOW DEPTH      MM

DEGREE DAYS
 HEATING
  YESTERDAY        0                         0      0        0
  MONTH TO DATE    0                         0      0        0
  SINCE JUN 1     28                        61    -33       27
  SINCE JUL 1      0                         6     -6        2

 COOLING
  YESTERDAY        3                         8     -5        4
  MONTH TO DATE   99                       124    -25      109
  SINCE JUN 1    528                       526      2      663
  SINCE JAN 1    550                       556     -6      701
..................................................................


WIND (MPH)
  RESULTANT WIND SPEED   7   RESULTANT WIND DIRECTION   W (260)
  HIGHEST WIND SPEED    18   HIGHEST WIND DIRECTION    SW (240)
  HIGHEST GUST SPEED    29   HIGHEST GUST DIRECTION     W (250)
  AVERAGE WIND SPEED     8.0


SKY COVER
  POSSIBLE SUNSHINE  MM
  AVERAGE SKY COVER 0.6


WEATHER CONDITIONS
 THE FOLLOWING WEATHER WAS RECORDED YESTERDAY.
  LIGHT RAIN


RELATIVE HUMIDITY (PERCENT)
 HIGHEST    84           500 AM
 LOWEST     41           100 PM
 AVERAGE    63

..........................................................


THE BOSTON MA CLIMATE NORMALS FOR TODAY
                         NORMAL    RECORD    YEAR
 MAXIMUM TEMPERATURE (F)   80        97      1944
 MINIMUM TEMPERATURE (F)   65        47      1880


SUNRISE AND SUNSET
AUGUST 16 2014........SUNRISE   552 AM EDT   SUNSET   744 PM EDT
AUGUST 17 2014........SUNRISE   553 AM EDT   SUNSET   742 PM EDT


-  INDICATES NEGATIVE NUMBERS.
R  INDICATES RECORD WAS SET OR TIED.
MM INDICATES DATA IS MISSING.
T  INDICATES TRACE AMOUNT.




$$
