000
CDUS41 KBOX 240540
CLIBOS


CLIMATE REPORT
NATIONAL WEATHER SERVICE TAUNTON MA
139 AM EDT SUN APR 24 2016


...................................

...THE BOSTON MA CLIMATE SUMMARY FOR APRIL 23 2016...

CLIMATE NORMAL PERIOD 1981 TO 2010
CLIMATE RECORD PERIOD 1872 TO 2016


WEATHER ITEM   OBSERVED TIME   RECORD YEAR NORMAL DEPARTURE LAST
                VALUE   (LST)  VALUE       VALUE  FROM      YEAR
                                                  NORMAL
..................................................................
TEMPERATURE (F)
 YESTERDAY
  MAXIMUM         64   1214 AM  86    2007  58      6       51
  MINIMUM         48   1159 PM  29    1933  43      5       38
  AVERAGE         56                        51      5       45

PRECIPITATION (IN)
  YESTERDAY        0.09          1.48 2012   0.11  -0.02     0.00
  MONTH TO DATE    2.64                      2.95  -0.31     2.11
  SINCE MAR 1      5.80                      7.27  -1.47     5.16
  SINCE JAN 1     13.24                     13.88  -0.64    12.10

SNOWFALL (IN)
  YESTERDAY        0.0           0.1  1956   0.0    0.0      0.0
  MONTH TO DATE    6.6                       1.8    4.8       T
  SINCE MAR 1     10.7                       9.6    1.1      8.6
  SINCE JUL 1     36.1                      43.7   -7.6    110.6
  SNOW DEPTH      MM

DEGREE DAYS
 HEATING
  YESTERDAY        9                        14     -5       20
  MONTH TO DATE  414                       417     -3      392
  SINCE MAR 1   1102                      1246   -144     1369
  SINCE JUL 1   4432                      5288   -856     5684

 COOLING
  YESTERDAY        0                         0      0        0
  MONTH TO DATE    3                         0      3        0
  SINCE MAR 1      3                         0      3        0
  SINCE JAN 1      3                         0      3        0
..................................................................


WIND (MPH)
  RESULTANT WIND SPEED   4   RESULTANT WIND DIRECTION   N (340)
  HIGHEST WIND SPEED    24   HIGHEST WIND DIRECTION     N (350)
  HIGHEST GUST SPEED    31   HIGHEST GUST DIRECTION     N (340)
  AVERAGE WIND SPEED     8.3


SKY COVER
  POSSIBLE SUNSHINE  MM
  AVERAGE SKY COVER 0.7


WEATHER CONDITIONS
 THE FOLLOWING WEATHER WAS RECORDED YESTERDAY.
  LIGHT RAIN
  FOG
  HAZE


RELATIVE HUMIDITY (PERCENT)
 HIGHEST    93           100 PM
 LOWEST     24           900 PM
 AVERAGE    59

..........................................................


THE BOSTON MA CLIMATE NORMALS FOR TODAY
                         NORMAL    RECORD    YEAR
 MAXIMUM TEMPERATURE (F)   59        84      2001
 MINIMUM TEMPERATURE (F)   43        28      1882


SUNRISE AND SUNSET
APRIL 24 2016.........SUNRISE   549 AM EDT   SUNSET   736 PM EDT
APRIL 25 2016.........SUNRISE   547 AM EDT   SUNSET   738 PM EDT


-  INDICATES NEGATIVE NUMBERS.
R  INDICATES RECORD WAS SET OR TIED.
MM INDICATES DATA IS MISSING.
T  INDICATES TRACE AMOUNT.




$$
