000
CDUS41 KBOX 142139
CLIBOS


CLIMATE REPORT
NATIONAL WEATHER SERVICE TAUNTON MA
529 PM EDT SUN AUG 14 2016


...................................

...THE BOSTON MA CLIMATE SUMMARY FOR AUGUST 14 2016...
VALID AS OF 0500 PM LOCAL TIME.

CLIMATE NORMAL PERIOD 1981 TO 2010
CLIMATE RECORD PERIOD 1872 TO 2016


WEATHER ITEM   OBSERVED TIME   RECORD YEAR NORMAL DEPARTURE LAST
                VALUE   (LST)  VALUE       VALUE  FROM      YEAR
                                                  NORMAL
..................................................................
TEMPERATURE (F)
 TODAY
  MAXIMUM         96    335 PM 101    2002  80     16       86
  MINIMUM         69   1255 AM  52    1964  65      4       63
                                      1882
  AVERAGE         83                        73     10       75

PRECIPITATION (IN)
  TODAY            0.18          2.96 1873   0.11   0.07     0.00
  MONTH TO DATE    0.82                      1.64  -0.82     1.32
  SINCE JUN 1      3.02                      8.75  -5.73     8.42
  SINCE JAN 1     19.36                     26.91  -7.55    21.91

SNOWFALL (IN)
  TODAY            0.0           0.0  2002   0.0    0.0      0.0
                                      2001
                                      2000
  MONTH TO DATE    0.0                       0.0    0.0      0.0
  SINCE JUN 1      0.0                       0.0    0.0      0.0
  SINCE JUL 1      0.0                       0.0    0.0      0.0
  SNOW DEPTH       0

DEGREE DAYS
 HEATING
  TODAY            0                         0      0        0
  MONTH TO DATE    0                         0      0        0
  SINCE JUN 1     24                        61    -37       99
  SINCE JUL 1      7                         6      1        1

 COOLING
  TODAY           18                         8     10       10
  MONTH TO DATE  173                       116     57      126
  SINCE JUN 1    660                       518    142      508
  SINCE JAN 1    705                       548    157      569
..................................................................


WIND (MPH)
  HIGHEST WIND SPEED    22   HIGHEST WIND DIRECTION    SW (210)
  HIGHEST GUST SPEED    27   HIGHEST GUST DIRECTION     W (250)
  AVERAGE WIND SPEED    11.9


SKY COVER
  POSSIBLE SUNSHINE  MM
  AVERAGE SKY COVER 0.4


WEATHER CONDITIONS
 THE FOLLOWING WEATHER WAS RECORDED TODAY.
  THUNDERSTORM
  HEAVY RAIN
  LIGHT RAIN
  FOG


RELATIVE HUMIDITY (PERCENT)
 HIGHEST    94           700 AM
 LOWEST     43           300 PM
 AVERAGE    69

..........................................................


THE BOSTON MA CLIMATE NORMALS FOR TOMORROW
                         NORMAL    RECORD    YEAR
 MAXIMUM TEMPERATURE (F)   80        98      1944
 MINIMUM TEMPERATURE (F)   65        52      1964


SUNRISE AND SUNSET
AUGUST 14 2016........SUNRISE   551 AM EDT   SUNSET   746 PM EDT
AUGUST 15 2016........SUNRISE   552 AM EDT   SUNSET   744 PM EDT


-  INDICATES NEGATIVE NUMBERS.
R  INDICATES RECORD WAS SET OR TIED.
MM INDICATES DATA IS MISSING.
T  INDICATES TRACE AMOUNT.




$$
