000
CDUS41 KBOX 140622
CLIBOS


CLIMATE REPORT
NATIONAL WEATHER SERVICE TAUNTON MA
111 AM EST WED FEB 14 2018


...................................

...THE BOSTON MA CLIMATE SUMMARY FOR FEBRUARY 13 2018...

CLIMATE NORMAL PERIOD 1981 TO 2010
CLIMATE RECORD PERIOD 1872 TO 2018


WEATHER ITEM   OBSERVED TIME   RECORD YEAR NORMAL DEPARTURE LAST
                VALUE   (LST)  VALUE       VALUE  FROM      YEAR
                                                  NORMAL
..................................................................
TEMPERATURE (F)
 YESTERDAY
  MAXIMUM         33   1201 AM  66    1951  38     -5       34
  MINIMUM         25    815 AM  -4    2016  24      1       24
  AVERAGE         29                        31     -2       29

PRECIPITATION (IN)
  YESTERDAY        0.00          2.66 2008   0.12  -0.12     0.09
  MONTH TO DATE    2.44                      1.43   1.01     2.83
  SINCE DEC 1      9.85                      8.57   1.28    10.33
  SINCE JAN 1      7.36                      4.79   2.57     7.08

SNOWFALL (IN)
  YESTERDAY        0.0           9.5  1894   0.4   -0.4      2.2
  MONTH TO DATE    2.2                       5.0   -2.8     19.8
  SINCE DEC 1     29.2                      26.9    2.3     34.6
  SINCE JUL 1     29.2                      28.2    1.0     34.6
  SNOW DEPTH      MM

DEGREE DAYS
 HEATING
  YESTERDAY       36                        34      2       36
  MONTH TO DATE  423                       449    -26      451
  SINCE DEC 1   2599                      2504     95     2286
  SINCE JUL 1   3426                      3559   -133     3201

 COOLING
  YESTERDAY        0                         0      0        0
  MONTH TO DATE    0                         0      0        0
  SINCE DEC 1      0                         0      0        0
  SINCE JAN 1      0                         0      0        0
..................................................................


WIND (MPH)
  RESULTANT WIND SPEED   2   RESULTANT WIND DIRECTION  NE (30)
  HIGHEST WIND SPEED    17   HIGHEST WIND DIRECTION    NW (320)
  HIGHEST GUST SPEED    22   HIGHEST GUST DIRECTION    NW (320)
  AVERAGE WIND SPEED    10.0


SKY COVER
  POSSIBLE SUNSHINE  MM
  AVERAGE SKY COVER 0.4


WEATHER CONDITIONS
 THE FOLLOWING WEATHER WAS RECORDED YESTERDAY.
  NO SIGNIFICANT WEATHER WAS OBSERVED.


RELATIVE HUMIDITY (PERCENT)
 HIGHEST    69           800 PM
 LOWEST     35          1100 AM
 AVERAGE    52

..........................................................


THE BOSTON MA CLIMATE NORMALS FOR TODAY
                         NORMAL    RECORD    YEAR
 MAXIMUM TEMPERATURE (F)   39        59      1946
                                             1884
 MINIMUM TEMPERATURE (F)   25        -9      2016


SUNRISE AND SUNSET
FEBRUARY 14 2018......SUNRISE   642 AM EST   SUNSET   515 PM EST
FEBRUARY 15 2018......SUNRISE   641 AM EST   SUNSET   516 PM EST


-  INDICATES NEGATIVE NUMBERS.
R  INDICATES RECORD WAS SET OR TIED.
MM INDICATES DATA IS MISSING.
T  INDICATES TRACE AMOUNT.




$$
