000
CDUS41 KBOX 210553
CLIBOS


CLIMATE REPORT
NATIONAL WEATHER SERVICE TAUNTON MA
1252 AM EST WED FEB 21 2018


...................................

...THE BOSTON MA CLIMATE SUMMARY FOR FEBRUARY 20 2018...

CLIMATE NORMAL PERIOD 1981 TO 2010
CLIMATE RECORD PERIOD 1872 TO 2018


WEATHER ITEM   OBSERVED TIME   RECORD YEAR NORMAL DEPARTURE LAST
                VALUE   (LST)  VALUE       VALUE  FROM      YEAR
                                                  NORMAL
..................................................................
TEMPERATURE (F)
 YESTERDAY
  MAXIMUM         70R   415 PM  68    1930  40     30       48
  MINIMUM         42   1159 PM   0    1950  26     16       33
  AVERAGE         56                        33     23       41

PRECIPITATION (IN)
  YESTERDAY        0.01          1.87 1934   0.11  -0.10     0.00
  MONTH TO DATE    3.05                      2.25   0.80     3.12
  SINCE DEC 1     10.46                      9.39   1.07    10.62
  SINCE JAN 1      7.97                      5.61   2.36     7.37

SNOWFALL (IN)
  YESTERDAY        0.0          16.5  1921   0.4   -0.4      0.0
  MONTH TO DATE    7.8                       7.8    0.0     21.5
  SINCE DEC 1     34.8                      29.7    5.1     36.3
  SINCE JUL 1     34.8                      31.0    3.8     36.3
  SNOW DEPTH      MM

DEGREE DAYS
 HEATING
  YESTERDAY        9                        32    -23       24
  MONTH TO DATE  591                       679    -88      653
  SINCE DEC 1   2767                      2734     33     2488
  SINCE JUL 1   3594                      3789   -195     3403

 COOLING
  YESTERDAY        0                         0      0        0
  MONTH TO DATE    0                         0      0        0
  SINCE DEC 1      0                         0      0        0
  SINCE JAN 1      0                         0      0        0
..................................................................


WIND (MPH)
  RESULTANT WIND SPEED   8   RESULTANT WIND DIRECTION  SW (220)
  HIGHEST WIND SPEED    22   HIGHEST WIND DIRECTION    SW (220)
  HIGHEST GUST SPEED    29   HIGHEST GUST DIRECTION    SW (220)
  AVERAGE WIND SPEED    10.7


SKY COVER
  POSSIBLE SUNSHINE  MM
  AVERAGE SKY COVER 0.7


WEATHER CONDITIONS
 THE FOLLOWING WEATHER WAS RECORDED YESTERDAY.
  LIGHT RAIN


RELATIVE HUMIDITY (PERCENT)
 HIGHEST   100          1000 PM
 LOWEST     57           300 PM
 AVERAGE    79

..........................................................


THE BOSTON MA CLIMATE NORMALS FOR TODAY
                         NORMAL    RECORD    YEAR
 MAXIMUM TEMPERATURE (F)   40        63      1906
 MINIMUM TEMPERATURE (F)   26        -1      1950


SUNRISE AND SUNSET
FEBRUARY 21 2018......SUNRISE   632 AM EST   SUNSET   524 PM EST
FEBRUARY 22 2018......SUNRISE   630 AM EST   SUNSET   525 PM EST


-  INDICATES NEGATIVE NUMBERS.
R  INDICATES RECORD WAS SET OR TIED.
MM INDICATES DATA IS MISSING.
T  INDICATES TRACE AMOUNT.




$$
