015
CDUS41 KBOX 170535
CLIBOS


CLIMATE REPORT
NATIONAL WEATHER SERVICE TAUNTON MA
135 AM EDT TUE OCT 17 2017


...................................

...THE BOSTON MA CLIMATE SUMMARY FOR OCTOBER 16 2017...

CLIMATE NORMAL PERIOD 1981 TO 2010
CLIMATE RECORD PERIOD 1872 TO 2017


WEATHER ITEM   OBSERVED TIME   RECORD YEAR NORMAL DEPARTURE LAST
                VALUE   (LST)  VALUE       VALUE  FROM      YEAR
                                                  NORMAL
..................................................................
TEMPERATURE (F)
 YESTERDAY
  MAXIMUM         70    134 AM  88    1897  61      9       71
  MINIMUM         44   1159 PM  30    1883  46     -2       46
                                      1876
  AVERAGE         57                        54      3       59

PRECIPITATION (IN)
  YESTERDAY        0.00          2.64 1974   0.13  -0.13     0.00
  MONTH TO DATE    0.49                      2.04  -1.55     2.59
  SINCE SEP 1      4.22                      5.48  -1.26     3.97
  SINCE JAN 1     35.51                     34.10   1.41    24.23

SNOWFALL (IN)
  YESTERDAY        0.0           0.0  2009   0.0    0.0      0.0
                                      2008
                                      2007
  MONTH TO DATE    0.0                       0.0    0.0      0.0
  SINCE SEP 1      0.0                       0.0    0.0      0.0
  SINCE JUL 1      0.0                       0.0    0.0      0.0
  SNOW DEPTH      MM

DEGREE DAYS
 HEATING
  YESTERDAY        8                        11     -3        6
  MONTH TO DATE   57                       144    -87      137
  SINCE SEP 1     94                       228   -134      183
  SINCE JUL 1    106                       241   -135      190

 COOLING
  YESTERDAY        0                         0      0        0
  MONTH TO DATE   36                         6     30        0
  SINCE SEP 1    147                        87     60      128
  SINCE JAN 1    876                       746    130     1022
..................................................................


WIND (MPH)
  RESULTANT WIND SPEED  12   RESULTANT WIND DIRECTION  NW (300)
  HIGHEST WIND SPEED    21   HIGHEST WIND DIRECTION    NW (320)
  HIGHEST GUST SPEED    29   HIGHEST GUST DIRECTION    NW (330)
  AVERAGE WIND SPEED    13.6


SKY COVER
  POSSIBLE SUNSHINE  MM
  AVERAGE SKY COVER 0.8


WEATHER CONDITIONS
 THE FOLLOWING WEATHER WAS RECORDED YESTERDAY.
  HAZE


RELATIVE HUMIDITY (PERCENT)
 HIGHEST    81           300 AM
 LOWEST     51           200 PM
 AVERAGE    66

..........................................................


THE BOSTON MA CLIMATE NORMALS FOR TODAY
                         NORMAL    RECORD    YEAR
 MAXIMUM TEMPERATURE (F)   61        89      1947
 MINIMUM TEMPERATURE (F)   46        27      1886


SUNRISE AND SUNSET
OCTOBER 17 2017.......SUNRISE   700 AM EDT   SUNSET   559 PM EDT
OCTOBER 18 2017.......SUNRISE   701 AM EDT   SUNSET   557 PM EDT


-  INDICATES NEGATIVE NUMBERS.
R  INDICATES RECORD WAS SET OR TIED.
MM INDICATES DATA IS MISSING.
T  INDICATES TRACE AMOUNT.




$$
