715
CDUS41 KBOX 270537
CLIBOS


CLIMATE REPORT
NATIONAL WEATHER SERVICE TAUNTON MA
137 AM EDT FRI MAY 27 2016


...................................

...THE BOSTON MA CLIMATE SUMMARY FOR MAY 26 2016...

CLIMATE NORMAL PERIOD 1981 TO 2010
CLIMATE RECORD PERIOD 1872 TO 2016


WEATHER ITEM   OBSERVED TIME   RECORD YEAR NORMAL DEPARTURE LAST
                VALUE   (LST)  VALUE       VALUE  FROM      YEAR
                                                  NORMAL
..................................................................
TEMPERATURE (F)
 YESTERDAY
  MAXIMUM         79    841 AM  97    1880  69     10       87
  MINIMUM         58   1159 PM  39    1882  53      5       64
  AVERAGE         69                        61      8       76

PRECIPITATION (IN)
  YESTERDAY        0.00          1.36 1967   0.13  -0.13     0.00
  MONTH TO DATE    1.70                      2.86  -1.16     0.31
  SINCE MAR 1      7.77                     10.92  -3.15     5.64
  SINCE JAN 1     15.21                     17.53  -2.32    12.58

SNOWFALL (IN)
  YESTERDAY        0.0           0.0  2001   0.0    0.0      0.0
                                      2000
  MONTH TO DATE    0.0                       0.1   -0.1      0.0
  SINCE MAR 1     10.7                       9.8    0.9      8.6
  SINCE JUL 1     36.1                      43.9   -7.8    110.6
  SNOW DEPTH      MM

DEGREE DAYS
 HEATING
  YESTERDAY        0                         5     -5        0
  MONTH TO DATE  233                       222     11      134
  SINCE MAR 1   1456                      1561   -105     1613
  SINCE JUL 1   4786                      5603   -817     5928

 COOLING
  YESTERDAY        4                         1      3       11
  MONTH TO DATE   13                        13      0       33
  SINCE MAR 1     16                        16      0       33
  SINCE JAN 1     16                        16      0       33
..................................................................


WIND (MPH)
  RESULTANT WIND SPEED   4   RESULTANT WIND DIRECTION   E (80)
  HIGHEST WIND SPEED    20   HIGHEST WIND DIRECTION     E (110)
  HIGHEST GUST SPEED    23   HIGHEST GUST DIRECTION     E (110)
  AVERAGE WIND SPEED     8.1


SKY COVER
  POSSIBLE SUNSHINE  MM
  AVERAGE SKY COVER 0.7


WEATHER CONDITIONS
 THE FOLLOWING WEATHER WAS RECORDED YESTERDAY.
  NO SIGNIFICANT WEATHER WAS OBSERVED.


RELATIVE HUMIDITY (PERCENT)
 HIGHEST    87          1100 PM
 LOWEST     46          1200 AM
 AVERAGE    67

..........................................................


THE BOSTON MA CLIMATE NORMALS FOR TODAY
                         NORMAL    RECORD    YEAR
 MAXIMUM TEMPERATURE (F)   70        96      1880
 MINIMUM TEMPERATURE (F)   53        39      1915


SUNRISE AND SUNSET
MAY 27 2016...........SUNRISE   512 AM EDT   SUNSET   811 PM EDT
MAY 28 2016...........SUNRISE   512 AM EDT   SUNSET   812 PM EDT


-  INDICATES NEGATIVE NUMBERS.
R  INDICATES RECORD WAS SET OR TIED.
MM INDICATES DATA IS MISSING.
T  INDICATES TRACE AMOUNT.




$$
