000
CDUS41 KBOX 190552
CLIBOS


CLIMATE REPORT
NATIONAL WEATHER SERVICE TAUNTON MA
1245 AM EST THU JAN 19 2017


...................................

...THE BOSTON MA CLIMATE SUMMARY FOR JANUARY 18 2017...

CLIMATE NORMAL PERIOD 1981 TO 2010
CLIMATE RECORD PERIOD 1872 TO 2017


WEATHER ITEM   OBSERVED TIME   RECORD YEAR NORMAL DEPARTURE LAST
                VALUE   (LST)  VALUE       VALUE  FROM      YEAR
                                                  NORMAL
..................................................................
TEMPERATURE (F)
 YESTERDAY
  MAXIMUM         40    425 PM  63    1990  35      5       29
  MINIMUM         32   1159 PM  -3    1974  22     10       19
  AVERAGE         36                        29      7       24

PRECIPITATION (IN)
  YESTERDAY        0.36          1.41 1915   0.10   0.26     0.11
  MONTH TO DATE    2.66                      1.98   0.68     2.90
  SINCE DEC 1      5.91                      5.76   0.15     7.18
  SINCE JAN 1      2.66                      1.98   0.68     2.90

SNOWFALL (IN)
  YESTERDAY        0.0           9.3  2009   0.4   -0.4      1.8
  MONTH TO DATE    8.3                       7.7    0.6      3.4
  SINCE DEC 1     14.2                      16.7   -2.5      4.3
  SINCE JUL 1     14.2                      18.0   -3.8      4.3
  SNOW DEPTH       0

DEGREE DAYS
 HEATING
  YESTERDAY       29                        36     -7       41
  MONTH TO DATE  568                       644    -76      574
  SINCE DEC 1   1484                      1583    -99     1177
  SINCE JUL 1   2399                      2638   -239     2032

 COOLING
  YESTERDAY        0                         0      0        0
  MONTH TO DATE    0                         0      0        0
  SINCE DEC 1      0                         0      0        0
  SINCE JAN 1      0                         0      0        0
..................................................................


WIND (MPH)
  RESULTANT WIND SPEED  11   RESULTANT WIND DIRECTION   E (70)
  HIGHEST WIND SPEED    23   HIGHEST WIND DIRECTION     E (90)
  HIGHEST GUST SPEED    27   HIGHEST GUST DIRECTION     E (90)
  AVERAGE WIND SPEED    13.9


SKY COVER
  POSSIBLE SUNSHINE  MM
  AVERAGE SKY COVER 1.0


WEATHER CONDITIONS
 THE FOLLOWING WEATHER WAS RECORDED YESTERDAY.
  LIGHT RAIN
  FOG


RELATIVE HUMIDITY (PERCENT)
 HIGHEST   100           100 AM
 LOWEST     92           400 AM
 AVERAGE    96

..........................................................


THE BOSTON MA CLIMATE NORMALS FOR TODAY
                         NORMAL    RECORD    YEAR
 MAXIMUM TEMPERATURE (F)   35        61      1951
                                             1915
 MINIMUM TEMPERATURE (F)   22        -6      1904


SUNRISE AND SUNSET
JANUARY 19 2017.......SUNRISE   708 AM EST   SUNSET   442 PM EST
JANUARY 20 2017.......SUNRISE   708 AM EST   SUNSET   443 PM EST


-  INDICATES NEGATIVE NUMBERS.
R  INDICATES RECORD WAS SET OR TIED.
MM INDICATES DATA IS MISSING.
T  INDICATES TRACE AMOUNT.




$$
