000
CDUS41 KBOX 160612
CLIBOS


CLIMATE REPORT
NATIONAL WEATHER SERVICE TAUNTON MA
211 AM EDT TUE MAY 16 2017


...................................

...THE BOSTON MA CLIMATE SUMMARY FOR MAY 15 2017...

CLIMATE NORMAL PERIOD 1981 TO 2010
CLIMATE RECORD PERIOD 1872 TO 2017


WEATHER ITEM   OBSERVED TIME   RECORD YEAR NORMAL DEPARTURE LAST
                VALUE   (LST)  VALUE       VALUE  FROM      YEAR
                                                  NORMAL
..................................................................
TEMPERATURE (F)
 YESTERDAY
  MAXIMUM         61    511 PM  93    1900  66     -5       61
  MINIMUM         47    440 AM  36    1947  50     -3       45
  AVERAGE         54                        58     -4       53

PRECIPITATION (IN)
  YESTERDAY        0.07          1.73 1978   0.10  -0.03     0.00
  MONTH TO DATE    1.98                      1.56   0.42     1.44
  SINCE MAR 1     11.89                      9.62   2.27     7.51
  SINCE JAN 1     19.36                     16.23   3.13    14.95

SNOWFALL (IN)
  YESTERDAY        0.0           0.0  2016   0.0    0.0      0.0
  MONTH TO DATE    0.0                       0.1   -0.1      0.0
  SINCE MAR 1     11.3                       9.8    1.5     10.7
  SINCE JUL 1     47.6                      43.9    3.7     36.1
  SNOW DEPTH      MM

DEGREE DAYS
 HEATING
  YESTERDAY       11                         8      3       12
  MONTH TO DATE  201                       149     52      169
  SINCE MAR 1   1562                      1488     74     1392
  SINCE JUL 1   5101                      5530   -429     4722

 COOLING
  YESTERDAY        0                         1     -1        0
  MONTH TO DATE    0                         2     -2        3
  SINCE MAR 1     19                         5     14        6
  SINCE JAN 1     19                         5     14        6
..................................................................


WIND (MPH)
  RESULTANT WIND SPEED  14   RESULTANT WIND DIRECTION  NW (320)
  HIGHEST WIND SPEED    26   HIGHEST WIND DIRECTION     N (350)
  HIGHEST GUST SPEED    35   HIGHEST GUST DIRECTION     N (340)
  AVERAGE WIND SPEED    14.2


SKY COVER
  POSSIBLE SUNSHINE  MM
  AVERAGE SKY COVER 0.7


WEATHER CONDITIONS
 THE FOLLOWING WEATHER WAS RECORDED YESTERDAY.
  LIGHT RAIN


RELATIVE HUMIDITY (PERCENT)
 HIGHEST    93           300 AM
 LOWEST     51           500 PM
 AVERAGE    72

..........................................................


THE BOSTON MA CLIMATE NORMALS FOR TODAY
                         NORMAL    RECORD    YEAR
 MAXIMUM TEMPERATURE (F)   66        93      1932
 MINIMUM TEMPERATURE (F)   50        34      1936


SUNRISE AND SUNSET
MAY 16 2017...........SUNRISE   521 AM EDT   SUNSET   800 PM EDT
MAY 17 2017...........SUNRISE   521 AM EDT   SUNSET   801 PM EDT


-  INDICATES NEGATIVE NUMBERS.
R  INDICATES RECORD WAS SET OR TIED.
MM INDICATES DATA IS MISSING.
T  INDICATES TRACE AMOUNT.




$$
