761
CDUS41 KBOX 210555
CLIBOS


CLIMATE REPORT
NATIONAL WEATHER SERVICE TAUNTON MA
153 AM EDT TUE MAR 21 2017


...................................

...THE BOSTON MA CLIMATE SUMMARY FOR MARCH 20 2017...

CLIMATE NORMAL PERIOD 1981 TO 2010
CLIMATE RECORD PERIOD 1872 TO 2017


WEATHER ITEM   OBSERVED TIME   RECORD YEAR NORMAL DEPARTURE LAST
                VALUE   (LST)  VALUE       VALUE  FROM      YEAR
                                                  NORMAL
..................................................................
TEMPERATURE (F)
 YESTERDAY
  MAXIMUM         53    405 PM  79    1945  46      7       35
  MINIMUM         32    606 AM  10    1885  32      0       26
  AVERAGE         43                        39      4       31

PRECIPITATION (IN)
  YESTERDAY        0.00          1.58 1881   0.15  -0.15     0.02
  MONTH TO DATE    1.94                      2.70  -0.76     2.37
  SINCE MAR 1      1.94                      2.70  -0.76     2.37
  SINCE JAN 1      9.41                      9.31   0.10     9.81

SNOWFALL (IN)
  YESTERDAY        0.0          10.2  1944   0.3   -0.3       T
  MONTH TO DATE    9.5                       5.9    3.6      0.5
  SINCE MAR 1      9.5                       5.9    3.6      0.5
  SINCE JUL 1     45.8                      40.0    5.8     25.9
  SNOW DEPTH      MM

DEGREE DAYS
 HEATING
  YESTERDAY       22                        26     -4       34
  MONTH TO DATE  654                       565     89      454
  SINCE MAR 1    654                       565     89      454
  SINCE JUL 1   4193                      4607   -414     3784

 COOLING
  YESTERDAY        0                         0      0        0
  MONTH TO DATE    0                         0      0        0
  SINCE MAR 1      0                         0      0        0
  SINCE JAN 1      0                         0      0        0
..................................................................


WIND (MPH)
  RESULTANT WIND SPEED  10   RESULTANT WIND DIRECTION   N (340)
  HIGHEST WIND SPEED    25   HIGHEST WIND DIRECTION     N (20)
  HIGHEST GUST SPEED    32   HIGHEST GUST DIRECTION     N (20)
  AVERAGE WIND SPEED    11.5


SKY COVER
  POSSIBLE SUNSHINE  MM
  AVERAGE SKY COVER 0.3


WEATHER CONDITIONS
 THE FOLLOWING WEATHER WAS RECORDED YESTERDAY.
  NO SIGNIFICANT WEATHER WAS OBSERVED.


RELATIVE HUMIDITY (PERCENT)
 HIGHEST    56          1200 AM
 LOWEST     21           300 PM
 AVERAGE    39

..........................................................


THE BOSTON MA CLIMATE NORMALS FOR TODAY
                         NORMAL    RECORD    YEAR
 MAXIMUM TEMPERATURE (F)   47        83      1921
 MINIMUM TEMPERATURE (F)   32         7      1885


SUNRISE AND SUNSET
MARCH 21 2017.........SUNRISE   645 AM EDT   SUNSET   658 PM EDT
MARCH 22 2017.........SUNRISE   644 AM EDT   SUNSET   659 PM EDT


-  INDICATES NEGATIVE NUMBERS.
R  INDICATES RECORD WAS SET OR TIED.
MM INDICATES DATA IS MISSING.
T  INDICATES TRACE AMOUNT.




$$
