000
CDUS41 KBOX 050603
CLIBOS


CLIMATE REPORT
NATIONAL WEATHER SERVICE TAUNTON MA
1252 AM EST TUE DEC 5 2017


...................................

...THE BOSTON MA CLIMATE SUMMARY FOR DECEMBER 4 2017...

CLIMATE NORMAL PERIOD 1981 TO 2010
CLIMATE RECORD PERIOD 1872 TO 2017


WEATHER ITEM   OBSERVED TIME   RECORD YEAR NORMAL DEPARTURE LAST
                VALUE   (LST)  VALUE       VALUE  FROM      YEAR
                                                  NORMAL
..................................................................
TEMPERATURE (F)
 YESTERDAY
  MAXIMUM         43    211 PM  70    1982  45     -2       42
  MINIMUM         33    602 AM   2    1940  32      1       31
  AVERAGE         38                        39     -1       37

PRECIPITATION (IN)
  YESTERDAY        0.00          2.15 1968   0.14  -0.14     0.00
  MONTH TO DATE    0.09                      0.53  -0.44     0.31
  SINCE DEC 1      0.09                      0.53  -0.44     0.31
  SINCE JAN 1     41.05                     40.52   0.53    30.11

SNOWFALL (IN)
  YESTERDAY        0.0           6.0  1901   0.2   -0.2      0.0
  MONTH TO DATE    0.0                       0.7   -0.7      0.0
  SINCE DEC 1      0.0                       0.7   -0.7      0.0
  SINCE JUL 1      T                         2.0   -2.0       T
  SNOW DEPTH      MM

DEGREE DAYS
 HEATING
  YESTERDAY       27                        26      1       28
  MONTH TO DATE   99                       103     -4       88
  SINCE DEC 1     99                       103     -4       88
  SINCE JUL 1    926                      1158   -232     1003

 COOLING
  YESTERDAY        0                         0      0        0
  MONTH TO DATE    0                         0      0        0
  SINCE DEC 1      0                         0      0        0
  SINCE JAN 1    880                       747    133     1035
..................................................................


WIND (MPH)
  RESULTANT WIND SPEED   4   RESULTANT WIND DIRECTION  NE (60)
  HIGHEST WIND SPEED    12   HIGHEST WIND DIRECTION    SE (120)
  HIGHEST GUST SPEED    14   HIGHEST GUST DIRECTION     E (110)
  AVERAGE WIND SPEED     7.1


SKY COVER
  POSSIBLE SUNSHINE  MM
  AVERAGE SKY COVER 0.4


WEATHER CONDITIONS
 THE FOLLOWING WEATHER WAS RECORDED YESTERDAY.
  NO SIGNIFICANT WEATHER WAS OBSERVED.


RELATIVE HUMIDITY (PERCENT)
 HIGHEST    89           500 AM
 LOWEST     64           100 AM
 AVERAGE    77

..........................................................


THE BOSTON MA CLIMATE NORMALS FOR TODAY
                         NORMAL    RECORD    YEAR
 MAXIMUM TEMPERATURE (F)   45        66      2001
 MINIMUM TEMPERATURE (F)   32         4      1926


SUNRISE AND SUNSET
DECEMBER  5 2017......SUNRISE   658 AM EST   SUNSET   412 PM EST
DECEMBER  6 2017......SUNRISE   659 AM EST   SUNSET   411 PM EST


-  INDICATES NEGATIVE NUMBERS.
R  INDICATES RECORD WAS SET OR TIED.
MM INDICATES DATA IS MISSING.
T  INDICATES TRACE AMOUNT.




$$
