000
CDUS41 KBOX 140546
CLIBOS


CLIMATE REPORT
NATIONAL WEATHER SERVICE TAUNTON MA
141 AM EDT WED JUN 14 2017


...................................

...THE BOSTON MA CLIMATE SUMMARY FOR JUNE 13 2017...

CLIMATE NORMAL PERIOD 1981 TO 2010
CLIMATE RECORD PERIOD 1872 TO 2017


WEATHER ITEM   OBSERVED TIME   RECORD YEAR NORMAL DEPARTURE LAST
                VALUE   (LST)  VALUE       VALUE  FROM      YEAR
                                                  NORMAL
..................................................................
TEMPERATURE (F)
 YESTERDAY
  MAXIMUM         95    314 PM  98    1984  75     20       73
  MINIMUM         72   1159 PM  46    1881  59     13       54
  AVERAGE         84                        67     17       64

PRECIPITATION (IN)
  YESTERDAY        0.53          5.69 1998   0.14   0.39     0.00
  MONTH TO DATE    2.31                      1.84   0.47     1.08
  SINCE JUN 1      2.31                      1.84   0.47     1.08
  SINCE JAN 1     23.14                     20.00   3.14    17.42

SNOWFALL (IN)
  YESTERDAY        0.0           0.0  2002   0.0    0.0      0.0
                                      2001
                                      2000
  MONTH TO DATE    0.0                       0.0    0.0      0.0
  SINCE JUN 1      0.0                       0.0    0.0      0.0
  SINCE JUL 1     47.6                      43.8    3.8     36.1
  SNOW DEPTH      MM

DEGREE DAYS
 HEATING
  YESTERDAY        0                         2     -2        1
  MONTH TO DATE   48                        38     10       17
  SINCE JUN 1     48                        38     10       17
  SINCE JUL 1   5252                      5664   -412     4804

 COOLING
  YESTERDAY       19                         4     15        0
  MONTH TO DATE   64                        39     25       25
  SINCE JUN 1     64                        39     25       25
  SINCE JAN 1    124                        69     55       70
..................................................................


WIND (MPH)
  RESULTANT WIND SPEED   9   RESULTANT WIND DIRECTION   W (260)
  HIGHEST WIND SPEED    31   HIGHEST WIND DIRECTION    NW (310)
  HIGHEST GUST SPEED    42   HIGHEST GUST DIRECTION    NW (310)
  AVERAGE WIND SPEED    10.6


SKY COVER
  POSSIBLE SUNSHINE  MM
  AVERAGE SKY COVER 0.5


WEATHER CONDITIONS
 THE FOLLOWING WEATHER WAS RECORDED YESTERDAY.
  THUNDERSTORM
  HEAVY RAIN
  RAIN
  LIGHT RAIN


RELATIVE HUMIDITY (PERCENT)
 HIGHEST    67           500 PM
 LOWEST     41          1200 PM
 AVERAGE    54

..........................................................


THE BOSTON MA CLIMATE NORMALS FOR TODAY
                         NORMAL    RECORD    YEAR
 MAXIMUM TEMPERATURE (F)   76        96      1892
 MINIMUM TEMPERATURE (F)   59        46      1875


SUNRISE AND SUNSET
JUNE 14 2017..........SUNRISE   507 AM EDT   SUNSET   822 PM EDT
JUNE 15 2017..........SUNRISE   507 AM EDT   SUNSET   823 PM EDT


-  INDICATES NEGATIVE NUMBERS.
R  INDICATES RECORD WAS SET OR TIED.
MM INDICATES DATA IS MISSING.
T  INDICATES TRACE AMOUNT.




$$
