000
CDUS41 KBOX 230550
CLIBOS


CLIMATE REPORT
NATIONAL WEATHER SERVICE TAUNTON MA
1242 AM EST MON FEB 23 2015


...................................

...THE BOSTON MA CLIMATE SUMMARY FOR FEBRUARY 22 2015...

CLIMATE NORMAL PERIOD 1981 TO 2010
CLIMATE RECORD PERIOD 1872 TO 2015


WEATHER ITEM   OBSERVED TIME   RECORD YEAR NORMAL DEPARTURE LAST
                VALUE   (LST)  VALUE       VALUE  FROM      YEAR
                                                  NORMAL
..................................................................
TEMPERATURE (F)
 YESTERDAY
  MAXIMUM         39    119 PM  66    1997  40     -1       50
  MINIMUM         28    923 PM   2    1918  26      2       34
  AVERAGE         34                        33      1       42

PRECIPITATION (IN)
  YESTERDAY        0.11          1.84 1878   0.12  -0.01     0.00
  MONTH TO DATE    3.28                      2.49   0.79     4.11
  SINCE DEC 1     13.41                      9.63   3.78    11.97
  SINCE JAN 1      6.85                      5.85   1.00     7.35

SNOWFALL (IN)
  YESTERDAY        0.1           9.0  1893   0.4   -0.3      0.0
  MONTH TO DATE   62.7                       8.6   54.1     22.5
  SINCE DEC 1     97.3                      30.5   66.8     56.0
  SINCE JUL 1     99.9                      31.8   68.1     56.0
  SNOW DEPTH      MM

DEGREE DAYS
 HEATING
  YESTERDAY       31                        32     -1       23
  MONTH TO DATE 1009                       743    266      779
  SINCE DEC 1   3030                      2798    232     2909
  SINCE JUL 1   4043                      3853    190     3925

 COOLING
  YESTERDAY        0                         0      0        0
  MONTH TO DATE    0                         0      0        0
  SINCE DEC 1      0                         0      0        0
  SINCE JAN 1      0                         0      0        0
..................................................................


WIND (MPH)
  RESULTANT WIND SPEED   2   RESULTANT WIND DIRECTION  SW (220)
  HIGHEST WIND SPEED    13   HIGHEST WIND DIRECTION     W (280)
  HIGHEST GUST SPEED    16   HIGHEST GUST DIRECTION     W (280)
  AVERAGE WIND SPEED     5.1


SKY COVER
  POSSIBLE SUNSHINE  MM
  AVERAGE SKY COVER 0.9


WEATHER CONDITIONS
 THE FOLLOWING WEATHER WAS RECORDED YESTERDAY.
  LIGHT RAIN
  LIGHT SNOW
  FOG


RELATIVE HUMIDITY (PERCENT)
 HIGHEST   100           200 AM
 LOWEST     70           200 PM
 AVERAGE    85

..........................................................


THE BOSTON MA CLIMATE NORMALS FOR TODAY
                         NORMAL    RECORD    YEAR
 MAXIMUM TEMPERATURE (F)   40        65      1990
 MINIMUM TEMPERATURE (F)   26        -3      1876


SUNRISE AND SUNSET
FEBRUARY 23 2015......SUNRISE   629 AM EST   SUNSET   526 PM EST
FEBRUARY 24 2015......SUNRISE   628 AM EST   SUNSET   527 PM EST


-  INDICATES NEGATIVE NUMBERS.
R  INDICATES RECORD WAS SET OR TIED.
MM INDICATES DATA IS MISSING.
T  INDICATES TRACE AMOUNT.




$$
