000
CDUS41 KBOX 122229
CLIBOS


CLIMATE REPORT
NATIONAL WEATHER SERVICE TAUNTON MA
629 PM EDT THU OCT 12 2017


...................................

...THE BOSTON MA CLIMATE SUMMARY FOR OCTOBER 12 2017...
VALID AS OF 0600 PM LOCAL TIME.

CLIMATE NORMAL PERIOD 1981 TO 2010
CLIMATE RECORD PERIOD 1872 TO 2017


WEATHER ITEM   OBSERVED TIME   RECORD YEAR NORMAL DEPARTURE LAST
                VALUE   (LST)  VALUE       VALUE  FROM      YEAR
                                                  NORMAL
..................................................................
TEMPERATURE (F)
 TODAY
  MAXIMUM         58        MM  90    1954  63     -5       62
  MINIMUM         53        MM  31    1876  48      5       48
  AVERAGE         56                        55      1       55

PRECIPITATION (IN)
  TODAY            T             2.93 1878   0.12  -0.12     0.00
  MONTH TO DATE    0.39                      1.53  -1.14     2.59
  SINCE SEP 1      4.12                      4.97  -0.85     3.97
  SINCE JAN 1     35.41                     33.59   1.82    24.23

SNOWFALL (IN)
  TODAY            0.0           0.0  2009   0.0    0.0      0.0
                                      2008
                                      2007
  MONTH TO DATE    0.0                       0.0    0.0      0.0
  SINCE SEP 1      0.0                       0.0    0.0      0.0
  SINCE JUL 1      0.0                       0.0    0.0      0.0
  SNOW DEPTH      MM

DEGREE DAYS
 HEATING
  TODAY            9                        10     -1       10
  MONTH TO DATE   32                       101    -69      100
  SINCE SEP 1     69                       185   -116      146
  SINCE JUL 1     81                       198   -117      153

 COOLING
  TODAY            0                         0      0        0
  MONTH TO DATE   34                         6     28        0
  SINCE SEP 1    145                        87     58      128
  SINCE JAN 1    874                       746    128     1022
..................................................................


WIND (MPH)
  HIGHEST WIND SPEED    21   HIGHEST WIND DIRECTION    NE (50)
  HIGHEST GUST SPEED    27   HIGHEST GUST DIRECTION    NE (50)
  AVERAGE WIND SPEED    16.5


SKY COVER
  POSSIBLE SUNSHINE  MM
  AVERAGE SKY COVER 0.4


WEATHER CONDITIONS
 THE FOLLOWING WEATHER WAS RECORDED TODAY.
  LIGHT RAIN


RELATIVE HUMIDITY (PERCENT)
 HIGHEST    67           200 AM
 LOWEST     51          1200 PM
 AVERAGE    59

..........................................................


THE BOSTON MA CLIMATE NORMALS FOR TOMORROW
                         NORMAL    RECORD    YEAR
 MAXIMUM TEMPERATURE (F)   62        87      1930
 MINIMUM TEMPERATURE (F)   47        30      1875


SUNRISE AND SUNSET
OCTOBER 12 2017.......SUNRISE   654 AM EDT   SUNSET   607 PM EDT
OCTOBER 13 2017.......SUNRISE   655 AM EDT   SUNSET   605 PM EDT


-  INDICATES NEGATIVE NUMBERS.
R  INDICATES RECORD WAS SET OR TIED.
MM INDICATES DATA IS MISSING.
T  INDICATES TRACE AMOUNT.




$$
