000
CDUS41 KBOX 150623
CLIBOS


CLIMATE REPORT
NATIONAL WEATHER SERVICE TAUNTON MA
221 AM EDT SAT APR 15 2017


...................................

...THE BOSTON MA CLIMATE SUMMARY FOR APRIL 14 2017...

CLIMATE NORMAL PERIOD 1981 TO 2010
CLIMATE RECORD PERIOD 1872 TO 2017


WEATHER ITEM   OBSERVED TIME   RECORD YEAR NORMAL DEPARTURE LAST
                VALUE   (LST)  VALUE       VALUE  FROM      YEAR
                                                  NORMAL
..................................................................
TEMPERATURE (F)
 YESTERDAY
  MAXIMUM         60   1036 AM  81    1945  55      5       49
  MINIMUM         37    951 AM  26    1940  40     -3       38
  AVERAGE         49                        48      1       44

PRECIPITATION (IN)
  YESTERDAY        0.00          1.63 1895   0.13  -0.13     0.00
  MONTH TO DATE    3.62                      1.92   1.70     2.53
  SINCE MAR 1      7.80                      6.24   1.56     5.69
  SINCE JAN 1     15.27                     12.85   2.42    13.13

SNOWFALL (IN)
  YESTERDAY        0.0           0.7  1916   0.0    0.0      0.0
  MONTH TO DATE    1.2                       1.4   -0.2      6.6
  SINCE MAR 1     11.3                       9.2    2.1     10.7
  SINCE JUL 1     47.6                      43.3    4.3     36.1
  SNOW DEPTH      MM

DEGREE DAYS
 HEATING
  YESTERDAY       16                        17     -1       21
  MONTH TO DATE  232                       276    -44      303
  SINCE MAR 1   1183                      1105     78      991
  SINCE JUL 1   4722                      5147   -425     4321

 COOLING
  YESTERDAY        0                         0      0        0
  MONTH TO DATE    3                         0      3        0
  SINCE MAR 1      3                         0      3        0
  SINCE JAN 1      3                         0      3        0
..................................................................


WIND (MPH)
  RESULTANT WIND SPEED   2   RESULTANT WIND DIRECTION   E (100)
  HIGHEST WIND SPEED    17   HIGHEST WIND DIRECTION     E (110)
  HIGHEST GUST SPEED    21   HIGHEST GUST DIRECTION    SE (120)
  AVERAGE WIND SPEED     9.3


SKY COVER
  POSSIBLE SUNSHINE  MM
  AVERAGE SKY COVER 0.2


WEATHER CONDITIONS
 THE FOLLOWING WEATHER WAS RECORDED YESTERDAY.
  NO SIGNIFICANT WEATHER WAS OBSERVED.


RELATIVE HUMIDITY (PERCENT)
 HIGHEST    56           900 PM
 LOWEST     26          1100 AM
 AVERAGE    41

..........................................................


THE BOSTON MA CLIMATE NORMALS FOR TODAY
                         NORMAL    RECORD    YEAR
 MAXIMUM TEMPERATURE (F)   55        82      1896
 MINIMUM TEMPERATURE (F)   41        28      1943


SUNRISE AND SUNSET
APRIL 15 2017.........SUNRISE   603 AM EDT   SUNSET   726 PM EDT
APRIL 16 2017.........SUNRISE   601 AM EDT   SUNSET   727 PM EDT


-  INDICATES NEGATIVE NUMBERS.
R  INDICATES RECORD WAS SET OR TIED.
MM INDICATES DATA IS MISSING.
T  INDICATES TRACE AMOUNT.




$$
