000
CDUS41 KBOX 162130
CLIBOS


CLIMATE REPORT
NATIONAL WEATHER SERVICE TAUNTON MA
528 PM EDT MON MAY 16 2016


...................................

...THE BOSTON MA CLIMATE SUMMARY FOR MAY 16 2016...
VALID AS OF 0500 PM LOCAL TIME.

CLIMATE NORMAL PERIOD 1981 TO 2010
CLIMATE RECORD PERIOD 1872 TO 2016


WEATHER ITEM   OBSERVED TIME   RECORD YEAR NORMAL DEPARTURE LAST
                VALUE   (LST)  VALUE       VALUE  FROM      YEAR
                                                  NORMAL
..................................................................
TEMPERATURE (F)
 TODAY
  MAXIMUM         58    359 PM  93    1932  66     -8       71
  MINIMUM         42    528 AM  34    1936  50     -8       55
  AVERAGE         50                        58     -8       63

PRECIPITATION (IN)
  TODAY            0.00          4.47 1954   0.11  -0.11      T
  MONTH TO DATE    1.44                      1.67  -0.23     0.04
  SINCE MAR 1      7.51                      9.73  -2.22     5.37
  SINCE JAN 1     14.95                     16.34  -1.39    12.31

SNOWFALL (IN)
  TODAY            0.0           0.0  2001   0.0    0.0      0.0
                                      2000
  MONTH TO DATE    0.0                       0.1   -0.1      0.0
  SINCE MAR 1     10.7                       9.8    0.9      8.6
  SINCE JUL 1     36.1                      43.9   -7.8    110.6
  SNOW DEPTH       0

DEGREE DAYS
 HEATING
  TODAY           15                         8      7        2
  MONTH TO DATE  184                       157     27       86
  SINCE MAR 1   1407                      1496    -89     1565
  SINCE JUL 1   4737                      5538   -801     5880

 COOLING
  TODAY            0                         1     -1        0
  MONTH TO DATE    3                         3      0       15
  SINCE MAR 1      6                         6      0       15
  SINCE JAN 1      6                         6      0       15
..................................................................


WIND (MPH)
  HIGHEST WIND SPEED    31   HIGHEST WIND DIRECTION     W (270)
  HIGHEST GUST SPEED    45   HIGHEST GUST DIRECTION     W (250)
  AVERAGE WIND SPEED    20.7


SKY COVER
  POSSIBLE SUNSHINE  MM
  AVERAGE SKY COVER 0.5


WEATHER CONDITIONS
 THE FOLLOWING WEATHER WAS RECORDED TODAY.
  NO SIGNIFICANT WEATHER WAS OBSERVED.


RELATIVE HUMIDITY (PERCENT)
 HIGHEST    49           300 AM
 LOWEST     28           400 PM
 AVERAGE    39

..........................................................


THE BOSTON MA CLIMATE NORMALS FOR TOMORROW
                         NORMAL    RECORD    YEAR
 MAXIMUM TEMPERATURE (F)   66        92      1977
 MINIMUM TEMPERATURE (F)   50        39      1882


SUNRISE AND SUNSET
MAY 16 2016...........SUNRISE   521 AM EDT   SUNSET   800 PM EDT
MAY 17 2016...........SUNRISE   520 AM EDT   SUNSET   801 PM EDT


-  INDICATES NEGATIVE NUMBERS.
R  INDICATES RECORD WAS SET OR TIED.
MM INDICATES DATA IS MISSING.
T  INDICATES TRACE AMOUNT.




$$
