000
CDUS41 KBOX 160556
CLIBOS


CLIMATE REPORT
NATIONAL WEATHER SERVICE TAUNTON MA
1245 AM EST TUE JAN 16 2018


...................................

...THE BOSTON MA CLIMATE SUMMARY FOR JANUARY 15 2018...

CLIMATE NORMAL PERIOD 1981 TO 2010
CLIMATE RECORD PERIOD 1872 TO 2018


WEATHER ITEM   OBSERVED TIME   RECORD YEAR NORMAL DEPARTURE LAST
                VALUE   (LST)  VALUE       VALUE  FROM      YEAR
                                                  NORMAL
..................................................................
TEMPERATURE (F)
 YESTERDAY
  MAXIMUM         21   1158 PM  66    1995  35    -14       37
  MINIMUM         12    923 AM -12    1957  22    -10       27
  AVERAGE         17                        29    -12       32

PRECIPITATION (IN)
  YESTERDAY        T             1.79 1958   0.12  -0.12     0.00
  MONTH TO DATE    3.21                      1.66   1.55     2.00
  SINCE DEC 1      5.70                      5.44   0.26     5.25
  SINCE JAN 1      3.21                      1.66   1.55     2.00

SNOWFALL (IN)
  YESTERDAY        0.3           4.5  1929   0.4   -0.1      0.0
  MONTH TO DATE   13.7                       6.4    7.3      8.3
  SINCE DEC 1     22.9                      15.4    7.5     14.2
  SINCE JUL 1     22.9                      16.7    6.2     14.2
  SNOW DEPTH      MM

DEGREE DAYS
 HEATING
  YESTERDAY       48                        36     12       33
  MONTH TO DATE  615                       536     79      479
  SINCE DEC 1   1672                      1475    197     1395
  SINCE JUL 1   2499                      2530    -31     2310

 COOLING
  YESTERDAY        0                         0      0        0
  MONTH TO DATE    0                         0      0        0
  SINCE DEC 1      0                         0      0        0
  SINCE JAN 1      0                         0      0        0
..................................................................


WIND (MPH)
  RESULTANT WIND SPEED  13   RESULTANT WIND DIRECTION   N (340)
  HIGHEST WIND SPEED    21   HIGHEST WIND DIRECTION     N (360)
  HIGHEST GUST SPEED    26   HIGHEST GUST DIRECTION     N (360)
  AVERAGE WIND SPEED    13.7


SKY COVER
  POSSIBLE SUNSHINE  MM
  AVERAGE SKY COVER 1.0


WEATHER CONDITIONS
 THE FOLLOWING WEATHER WAS RECORDED YESTERDAY.
  LIGHT SNOW


RELATIVE HUMIDITY (PERCENT)
 HIGHEST    76           700 AM
 LOWEST     45           600 PM
 AVERAGE    61

..........................................................


THE BOSTON MA CLIMATE NORMALS FOR TODAY
                         NORMAL    RECORD    YEAR
 MAXIMUM TEMPERATURE (F)   35        64      1995
 MINIMUM TEMPERATURE (F)   22        -7      2004


SUNRISE AND SUNSET
JANUARY 16 2018.......SUNRISE   710 AM EST   SUNSET   438 PM EST
JANUARY 17 2018.......SUNRISE   710 AM EST   SUNSET   439 PM EST


-  INDICATES NEGATIVE NUMBERS.
R  INDICATES RECORD WAS SET OR TIED.
MM INDICATES DATA IS MISSING.
T  INDICATES TRACE AMOUNT.




$$
