000
CDUS41 KBOX 170534
CLIBOS


CLIMATE REPORT
NATIONAL WEATHER SERVICE TAUNTON MA
1233 AM EST FRI FEB 17 2017


...................................

...THE BOSTON MA CLIMATE SUMMARY FOR FEBRUARY 16 2017...

CLIMATE NORMAL PERIOD 1981 TO 2010
CLIMATE RECORD PERIOD 1872 TO 2017


WEATHER ITEM   OBSERVED TIME   RECORD YEAR NORMAL DEPARTURE LAST
                VALUE   (LST)  VALUE       VALUE  FROM      YEAR
                                                  NORMAL
..................................................................
TEMPERATURE (F)
 YESTERDAY
  MAXIMUM         35   1122 AM  60    1910  39     -4       54
                                      1882
  MINIMUM         27   1159 PM  -9    1943  25      2       31
  AVERAGE         31                        32     -1       43

PRECIPITATION (IN)
  YESTERDAY        0.07          2.64 1958   0.12  -0.05     0.66
  MONTH TO DATE    3.12                      1.78   1.34     2.76
  SINCE DEC 1     10.62                      8.92   1.70    10.31
  SINCE JAN 1      7.37                      5.14   2.23     6.03

SNOWFALL (IN)
  YESTERDAY        1.6          19.3  1958   0.4    1.2      0.0
  MONTH TO DATE   21.5                       6.2   15.3     14.9
  SINCE DEC 1     36.3                      28.1    8.2     25.3
  SINCE JUL 1     36.3                      29.4    6.9     25.3
  SNOW DEPTH      MM

DEGREE DAYS
 HEATING
  YESTERDAY       34                        33      1       22
  MONTH TO DATE  553                       548      5      555
  SINCE DEC 1   2388                      2603   -215     2159
  SINCE JUL 1   3303                      3658   -355     3014

 COOLING
  YESTERDAY        0                         0      0        0
  MONTH TO DATE    0                         0      0        0
  SINCE DEC 1      0                         0      0        0
  SINCE JAN 1      0                         0      0        0
..................................................................


WIND (MPH)
  RESULTANT WIND SPEED  16   RESULTANT WIND DIRECTION  NW (300)
  HIGHEST WIND SPEED    25   HIGHEST WIND DIRECTION     W (290)
  HIGHEST GUST SPEED    36   HIGHEST GUST DIRECTION     W (290)
  AVERAGE WIND SPEED    16.4


SKY COVER
  POSSIBLE SUNSHINE  MM
  AVERAGE SKY COVER 0.8


WEATHER CONDITIONS
 THE FOLLOWING WEATHER WAS RECORDED YESTERDAY.
  LIGHT SNOW
  FOG


RELATIVE HUMIDITY (PERCENT)
 HIGHEST   100           300 AM
 LOWEST     54           600 PM
 AVERAGE    77

..........................................................


THE BOSTON MA CLIMATE NORMALS FOR TODAY
                         NORMAL    RECORD    YEAR
 MAXIMUM TEMPERATURE (F)   39        61      1981
 MINIMUM TEMPERATURE (F)   25       -11      1896


SUNRISE AND SUNSET
FEBRUARY 17 2017......SUNRISE   637 AM EST   SUNSET   519 PM EST
FEBRUARY 18 2017......SUNRISE   636 AM EST   SUNSET   521 PM EST


-  INDICATES NEGATIVE NUMBERS.
R  INDICATES RECORD WAS SET OR TIED.
MM INDICATES DATA IS MISSING.
T  INDICATES TRACE AMOUNT.




$$
