000
CDUS41 KBOX 220548
CLIBOS


CLIMATE REPORT
NATIONAL WEATHER SERVICE TAUNTON MA
139 AM EDT SUN MAY 22 2016


...................................

...THE BOSTON MA CLIMATE SUMMARY FOR MAY 21 2016...

CLIMATE NORMAL PERIOD 1981 TO 2010
CLIMATE RECORD PERIOD 1872 TO 2016


WEATHER ITEM   OBSERVED TIME   RECORD YEAR NORMAL DEPARTURE LAST
                VALUE   (LST)  VALUE       VALUE  FROM      YEAR
                                                  NORMAL
..................................................................
TEMPERATURE (F)
 YESTERDAY
  MAXIMUM         76   1021 AM  93    1921  68      8       67
  MINIMUM         53    436 AM  41    1907  51      2       45
  AVERAGE         65                        60      5       56

PRECIPITATION (IN)
  YESTERDAY        0.00          2.24 1889   0.11  -0.11     0.00
  MONTH TO DATE    1.44                      2.22  -0.78     0.31
  SINCE MAR 1      7.51                     10.28  -2.77     5.64
  SINCE JAN 1     14.95                     16.89  -1.94    12.58

SNOWFALL (IN)
  YESTERDAY        0.0           0.0  2002   0.0    0.0      0.0
                                      2001
                                      2000
  MONTH TO DATE    0.0                       0.1   -0.1      0.0
  SINCE MAR 1     10.7                       9.8    0.9      8.6
  SINCE JUL 1     36.1                      43.9   -7.8    110.6
  SNOW DEPTH      MM

DEGREE DAYS
 HEATING
  YESTERDAY        0                         7     -7        9
  MONTH TO DATE  213                       193     20      123
  SINCE MAR 1   1436                      1532    -96     1602
  SINCE JUL 1   4766                      5574   -808     5917

 COOLING
  YESTERDAY        0                         1     -1        0
  MONTH TO DATE    3                         8     -5       15
  SINCE MAR 1      6                        11     -5       15
  SINCE JAN 1      6                        11     -5       15
..................................................................


WIND (MPH)
  RESULTANT WIND SPEED   7   RESULTANT WIND DIRECTION   S (200)
  HIGHEST WIND SPEED    20   HIGHEST WIND DIRECTION     S (200)
  HIGHEST GUST SPEED    23   HIGHEST GUST DIRECTION     S (170)
  AVERAGE WIND SPEED     8.5


SKY COVER
  POSSIBLE SUNSHINE  MM
  AVERAGE SKY COVER 0.7


WEATHER CONDITIONS
 THE FOLLOWING WEATHER WAS RECORDED YESTERDAY.
  NO SIGNIFICANT WEATHER WAS OBSERVED.


RELATIVE HUMIDITY (PERCENT)
 HIGHEST    71           400 AM
 LOWEST     29          1100 AM
 AVERAGE    50

..........................................................


THE BOSTON MA CLIMATE NORMALS FOR TODAY
                         NORMAL    RECORD    YEAR
 MAXIMUM TEMPERATURE (F)   68        93      1959
 MINIMUM TEMPERATURE (F)   52        39      1894


SUNRISE AND SUNSET
MAY 22 2016...........SUNRISE   516 AM EDT   SUNSET   806 PM EDT
MAY 23 2016...........SUNRISE   515 AM EDT   SUNSET   807 PM EDT


-  INDICATES NEGATIVE NUMBERS.
R  INDICATES RECORD WAS SET OR TIED.
MM INDICATES DATA IS MISSING.
T  INDICATES TRACE AMOUNT.




$$
