000
CDUS41 KBOX 242122
CLIBOS


CLIMATE REPORT
NATIONAL WEATHER SERVICE TAUNTON MA
522 PM EDT SUN AUG 24 2014


...................................

...THE BOSTON MA CLIMATE SUMMARY FOR AUGUST 24 2014...
VALID AS OF 0500 PM LOCAL TIME.

CLIMATE NORMAL PERIOD 1981 TO 2010
CLIMATE RECORD PERIOD 1872 TO 2014


WEATHER ITEM   OBSERVED TIME   RECORD YEAR NORMAL DEPARTURE LAST
                VALUE   (LST)  VALUE       VALUE  FROM      YEAR
                                                  NORMAL
..................................................................
TEMPERATURE (F)
 TODAY
  MAXIMUM         75    327 PM  96    1947  79     -4       72
  MINIMUM         63    536 AM  50    1873  64     -1       60
  AVERAGE         69                        71     -2       66

PRECIPITATION (IN)
  TODAY            0.00          1.45 1945   0.10  -0.10     0.00
                                      1897
  MONTH TO DATE    1.19                      2.67  -1.48     1.82
  SINCE JUN 1      8.38                      9.78  -1.40    15.93
  SINCE JAN 1     26.33                     27.94  -1.61    30.18

SNOWFALL (IN)
  TODAY            0.0           0.0  2002   0.0    0.0      0.0
                                      2001
                                      2000
  MONTH TO DATE    0.0                       0.0    0.0      0.0
  SINCE JUN 1      0.0                       0.0    0.0      0.0
  SINCE JUL 1      0.0                       0.0    0.0      0.0
  SNOW DEPTH      MM

DEGREE DAYS
 HEATING
  TODAY            0                         0      0        0
  MONTH TO DATE    0                         0      0        0
  SINCE JUN 1     28                        61    -33       27
  SINCE JUL 1      0                         6     -6        2

 COOLING
  TODAY            4                         6     -2        1
  MONTH TO DATE  132                       187    -55      183
  SINCE JUN 1    561                       589    -28      737
  SINCE JAN 1    583                       619    -36      775
..................................................................


WIND (MPH)
  HIGHEST WIND SPEED    12   HIGHEST WIND DIRECTION    SE (130)
  HIGHEST GUST SPEED    17   HIGHEST GUST DIRECTION    NE (50)
  AVERAGE WIND SPEED     6.5


SKY COVER
  POSSIBLE SUNSHINE  MM
  AVERAGE SKY COVER 0.4


WEATHER CONDITIONS
 THE FOLLOWING WEATHER WAS RECORDED TODAY.
  NO SIGNIFICANT WEATHER WAS OBSERVED.


RELATIVE HUMIDITY (PERCENT)
 HIGHEST    72           200 AM
 LOWEST     46           300 PM
 AVERAGE    59

..........................................................


THE BOSTON MA CLIMATE NORMALS FOR TOMORROW
                         NORMAL    RECORD    YEAR
 MAXIMUM TEMPERATURE (F)   78        96      2007
                                             1948
 MINIMUM TEMPERATURE (F)   64        46      1940


SUNRISE AND SUNSET
AUGUST 24 2014........SUNRISE   601 AM EDT   SUNSET   731 PM EDT
AUGUST 25 2014........SUNRISE   602 AM EDT   SUNSET   730 PM EDT


-  INDICATES NEGATIVE NUMBERS.
R  INDICATES RECORD WAS SET OR TIED.
MM INDICATES DATA IS MISSING.
T  INDICATES TRACE AMOUNT.




$$
