000
CDUS41 KBOX 192124
CLIBOS


CLIMATE REPORT
NATIONAL WEATHER SERVICE TAUNTON MA
524 PM EDT TUE MAY 19 2015


...................................

...THE BOSTON MA CLIMATE SUMMARY FOR MAY 19 2015...
VALID TODAY AS OF 0500 PM LOCAL TIME.

CLIMATE NORMAL PERIOD 1981 TO 2010
CLIMATE RECORD PERIOD 1872 TO 2015


WEATHER ITEM   OBSERVED TIME   RECORD YEAR NORMAL DEPARTURE LAST
                VALUE   (LST)  VALUE       VALUE  FROM      YEAR
                                                  NORMAL
..................................................................
TEMPERATURE (F)
 TODAY
  MAXIMUM         64    359 PM  90    1986  67     -3       68
                                      1949
  MINIMUM         52   1214 AM  38    1882  51      1       52
  AVERAGE         58                        59     -1       60

PRECIPITATION (IN)
  TODAY            0.26          1.55 1900   0.11   0.15     0.05
  MONTH TO DATE    0.30                      1.99  -1.69     1.73
  SINCE MAR 1      5.63                     10.05  -4.42     9.45
  SINCE JAN 1     12.57                     16.66  -4.09    16.82

SNOWFALL (IN)
  TODAY            0.0           0.0  2002   0.0    0.0      0.0
                                      2001
                                      2000
  MONTH TO DATE    0.0                       0.1   -0.1      0.0
  SINCE MAR 1      8.6                       9.8   -1.2      2.5
  SINCE JUL 1    110.6                      43.9   66.7     58.9
  SNOW DEPTH      MM

DEGREE DAYS
 HEATING
  TODAY            7                         7      0        5
  MONTH TO DATE  109                       179    -70      114
  SINCE MAR 1   1588                      1518     70     1585
  SINCE JUL 1   5903                      5560    343     5733

 COOLING
  TODAY            0                         1     -1        0
  MONTH TO DATE   15                         6      9       19
  SINCE MAR 1     15                         9      6       20
  SINCE JAN 1     15                         9      6       20
..................................................................


WIND (MPH)
  HIGHEST WIND SPEED    16   HIGHEST WIND DIRECTION    SW (230)
  HIGHEST GUST SPEED    23   HIGHEST GUST DIRECTION    NW (310)
  AVERAGE WIND SPEED    10.0


SKY COVER
  POSSIBLE SUNSHINE  MM
  AVERAGE SKY COVER 1.0


WEATHER CONDITIONS
 THE FOLLOWING WEATHER WAS RECORDED TODAY.
  HEAVY RAIN
  RAIN
  LIGHT RAIN
  FOG


RELATIVE HUMIDITY (PERCENT)
 HIGHEST   100          1200 AM
 LOWEST     83           400 AM
 AVERAGE    92

..........................................................


THE BOSTON MA CLIMATE NORMALS FOR TOMORROW
                         NORMAL    RECORD    YEAR
 MAXIMUM TEMPERATURE (F)   67        91      1996
 MINIMUM TEMPERATURE (F)   51        40      1892


SUNRISE AND SUNSET
MAY 19 2015...........SUNRISE   519 AM EDT   SUNSET   803 PM EDT
MAY 20 2015...........SUNRISE   518 AM EDT   SUNSET   804 PM EDT


-  INDICATES NEGATIVE NUMBERS.
R  INDICATES RECORD WAS SET OR TIED.
MM INDICATES DATA IS MISSING.
T  INDICATES TRACE AMOUNT.




$$
