000
CDUS41 KBOX 192127
CLIBOS


CLIMATE REPORT
NATIONAL WEATHER SERVICE TAUNTON MA
527 PM EDT WED JUL 19 2017


...................................

...THE BOSTON MA CLIMATE SUMMARY FOR JULY 19 2017...
VALID TODAY AS OF 0500 PM LOCAL TIME.

CLIMATE NORMAL PERIOD 1981 TO 2010
CLIMATE RECORD PERIOD 1872 TO 2017


WEATHER ITEM   OBSERVED TIME   RECORD YEAR NORMAL DEPARTURE LAST
                VALUE   (LST)  VALUE       VALUE  FROM      YEAR
                                                  NORMAL
..................................................................
TEMPERATURE (F)
 TODAY
  MAXIMUM         93    233 PM  99    2013  82     11       84
  MINIMUM         72    540 AM  54    1881  66      6       68
                                      1875
  AVERAGE         83                        74      9       76

PRECIPITATION (IN)
  TODAY            0.00          1.68 1882   0.12  -0.12     0.00
  MONTH TO DATE    2.57                      1.98   0.59     0.66
  SINCE JUN 1      7.42                      5.66   1.76     1.99
  SINCE JAN 1     28.25                     23.82   4.43    18.33

SNOWFALL (IN)
  TODAY            0.0           0.0  2002   0.0    0.0      0.0
                                      2001
                                      2000
  MONTH TO DATE    0.0                       0.0    0.0      0.0
  SINCE JUN 1      0.0                       0.0    0.0      0.0
  SINCE JUL 1      0.0                       0.0    0.0      0.0
  SNOW DEPTH      MM

DEGREE DAYS
 HEATING
  TODAY            0                         0      0        0
  MONTH TO DATE    2                         0      2        7
  SINCE JUN 1     52                        55     -3       24
  SINCE JUL 1      2                         0      2        7

 COOLING
  TODAY           18                         9      9       11
  MONTH TO DATE  172                       160     12      184
  SINCE JUN 1    363                       296     67      313
  SINCE JAN 1    423                       326     97      358
..................................................................


WIND (MPH)
  HIGHEST WIND SPEED    21   HIGHEST WIND DIRECTION    SW (240)
  HIGHEST GUST SPEED    32   HIGHEST GUST DIRECTION     W (260)
  AVERAGE WIND SPEED     8.6


SKY COVER
  POSSIBLE SUNSHINE  MM
  AVERAGE SKY COVER 0.4


WEATHER CONDITIONS
 THE FOLLOWING WEATHER WAS RECORDED TODAY.
  NO SIGNIFICANT WEATHER WAS OBSERVED.


RELATIVE HUMIDITY (PERCENT)
 HIGHEST    93           100 AM
 LOWEST     44           300 PM
 AVERAGE    69

..........................................................


THE BOSTON MA CLIMATE NORMALS FOR TOMORROW
                         NORMAL    RECORD    YEAR
 MAXIMUM TEMPERATURE (F)   82        99      1991
 MINIMUM TEMPERATURE (F)   66        54      1890
                                             1879


SUNRISE AND SUNSET
JULY 19 2017..........SUNRISE   524 AM EDT   SUNSET   816 PM EDT
JULY 20 2017..........SUNRISE   525 AM EDT   SUNSET   815 PM EDT


-  INDICATES NEGATIVE NUMBERS.
R  INDICATES RECORD WAS SET OR TIED.
MM INDICATES DATA IS MISSING.
T  INDICATES TRACE AMOUNT.




$$
