000
CDUS41 KBOX 080547
CLIBOS


CLIMATE REPORT
NATIONAL WEATHER SERVICE TAUNTON MA
1239 AM EST SUN JAN 8 2017


...................................

...THE BOSTON MA CLIMATE SUMMARY FOR JANUARY 7 2017...

CLIMATE NORMAL PERIOD 1981 TO 2010
CLIMATE RECORD PERIOD 1872 TO 2017


WEATHER ITEM   OBSERVED TIME   RECORD YEAR NORMAL DEPARTURE LAST
                VALUE   (LST)  VALUE       VALUE  FROM      YEAR
                                                  NORMAL
..................................................................
TEMPERATURE (F)
 YESTERDAY
  MAXIMUM         24   1110 AM  63    1930  36    -12       43
  MINIMUM         17   1159 PM  -2    1896  23     -6       26
  AVERAGE         21                        29     -8       35

PRECIPITATION (IN)
  YESTERDAY       MM             1.67 1977   0.10  MM        0.00
  MONTH TO DATE    1.08                      0.77   0.31      T
  SINCE DEC 1      4.33                      4.55  -0.22     4.28
  SINCE JAN 1      1.08                      0.77   0.31      T

SNOWFALL (IN)
  YESTERDAY        7.0          13.8  1977   0.4    6.6      0.0
  MONTH TO DATE    8.1                       2.9    5.2       T
  SINCE DEC 1     14.0                      11.9    2.1      0.9
  SINCE JUL 1     14.0                      13.2    0.8      0.9
  SNOW DEPTH      MM

DEGREE DAYS
 HEATING
  YESTERDAY       44                        36      8       30
  MONTH TO DATE  218                       248    -30      234
  SINCE DEC 1   1134                      1187    -53      837
  SINCE JUL 1   2049                      2242   -193     1692

 COOLING
  YESTERDAY        0                         0      0        0
  MONTH TO DATE    0                         0      0        0
  SINCE DEC 1      0                         0      0        0
  SINCE JAN 1      0                         0      0        0
..................................................................


WIND (MPH)
  RESULTANT WIND SPEED  14   RESULTANT WIND DIRECTION   N (340)
  HIGHEST WIND SPEED    28   HIGHEST WIND DIRECTION     N (350)
  HIGHEST GUST SPEED    37   HIGHEST GUST DIRECTION     N (340)
  AVERAGE WIND SPEED    14.4


SKY COVER
  POSSIBLE SUNSHINE  MM
  AVERAGE SKY COVER 0.8


WEATHER CONDITIONS
 THE FOLLOWING WEATHER WAS RECORDED YESTERDAY.
  HEAVY SNOW
  SNOW
  LIGHT SNOW
  FOG
  FOG W/VISIBILITY <= 1/4 MILE


RELATIVE HUMIDITY (PERCENT)
 HIGHEST    92           100 PM
 LOWEST     46          1000 AM
 AVERAGE    69

..........................................................


THE BOSTON MA CLIMATE NORMALS FOR TODAY
                         NORMAL    RECORD    YEAR
 MAXIMUM TEMPERATURE (F)   36        67      2008
 MINIMUM TEMPERATURE (F)   22        -6      1878


SUNRISE AND SUNSET
JANUARY  8 2017.......SUNRISE   713 AM EST   SUNSET   429 PM EST
JANUARY  9 2017.......SUNRISE   713 AM EST   SUNSET   430 PM EST


-  INDICATES NEGATIVE NUMBERS.
R  INDICATES RECORD WAS SET OR TIED.
MM INDICATES DATA IS MISSING.
T  INDICATES TRACE AMOUNT.




$$
