000
CDUS41 KBOX 120556
CLIBOS


CLIMATE REPORT
NATIONAL WEATHER SERVICE TAUNTON MA
1246 AM EST MON FEB 12 2018


...................................

...THE BOSTON MA CLIMATE SUMMARY FOR FEBRUARY 11 2018...

CLIMATE NORMAL PERIOD 1981 TO 2010
CLIMATE RECORD PERIOD 1872 TO 2018


WEATHER ITEM   OBSERVED TIME   RECORD YEAR NORMAL DEPARTURE LAST
                VALUE   (LST)  VALUE       VALUE  FROM      YEAR
                                                  NORMAL
..................................................................
TEMPERATURE (F)
 YESTERDAY
  MAXIMUM         49    246 AM  62    1981  38     11       30
  MINIMUM         38   1159 PM  -4    1899  24     14       15
  AVERAGE         44                        31     13       23

PRECIPITATION (IN)
  YESTERDAY        0.69          1.67 1955   0.12   0.57     0.21
  MONTH TO DATE    2.44                      1.20   1.24     1.97
  SINCE DEC 1      9.85                      8.34   1.51     9.47
  SINCE JAN 1      7.36                      4.56   2.80     6.22

SNOWFALL (IN)
  YESTERDAY       MM            10.5  1933   0.4   MM        3.2
  MONTH TO DATE    2.2                       4.2   -2.0     16.1
  SINCE DEC 1     29.2                      26.1    3.1     30.9
  SINCE JUL 1     29.2                      27.4    1.8     30.9
  SNOW DEPTH      MM

DEGREE DAYS
 HEATING
  YESTERDAY       21                        34    -13       42
  MONTH TO DATE  363                       381    -18      377
  SINCE DEC 1   2539                      2436    103     2212
  SINCE JUL 1   3366                      3491   -125     3127

 COOLING
  YESTERDAY        0                         0      0        0
  MONTH TO DATE    0                         0      0        0
  SINCE DEC 1      0                         0      0        0
  SINCE JAN 1      0                         0      0        0
..................................................................


WIND (MPH)
  RESULTANT WIND SPEED   5   RESULTANT WIND DIRECTION   N (10)
  HIGHEST WIND SPEED    14   HIGHEST WIND DIRECTION    NE (50)
  HIGHEST GUST SPEED    17   HIGHEST GUST DIRECTION    NE (30)
  AVERAGE WIND SPEED     7.2


SKY COVER
  POSSIBLE SUNSHINE  MM
  AVERAGE SKY COVER 1.0


WEATHER CONDITIONS
 THE FOLLOWING WEATHER WAS RECORDED YESTERDAY.
  RAIN
  LIGHT RAIN
  FOG


RELATIVE HUMIDITY (PERCENT)
 HIGHEST   100          1200 AM
 LOWEST     92           900 AM
 AVERAGE    96

..........................................................


THE BOSTON MA CLIMATE NORMALS FOR TODAY
                         NORMAL    RECORD    YEAR
 MAXIMUM TEMPERATURE (F)   38        58      1999
                                             1984
 MINIMUM TEMPERATURE (F)   24       -11      1914


SUNRISE AND SUNSET
FEBRUARY 12 2018......SUNRISE   645 AM EST   SUNSET   513 PM EST
FEBRUARY 13 2018......SUNRISE   643 AM EST   SUNSET   514 PM EST


-  INDICATES NEGATIVE NUMBERS.
R  INDICATES RECORD WAS SET OR TIED.
MM INDICATES DATA IS MISSING.
T  INDICATES TRACE AMOUNT.




$$
