000
CDUS41 KBOX 140539
CLIBOS


CLIMATE REPORT
NATIONAL WEATHER SERVICE TAUNTON MA
1235 AM EST SUN DEC 14 2014


...................................

...THE BOSTON MA CLIMATE SUMMARY FOR DECEMBER 13 2014...

CLIMATE NORMAL PERIOD 1981 TO 2010
CLIMATE RECORD PERIOD 1872 TO 2014


WEATHER ITEM   OBSERVED TIME   RECORD YEAR NORMAL DEPARTURE LAST
                VALUE   (LST)  VALUE       VALUE  FROM      YEAR
                                                  NORMAL
..................................................................
TEMPERATURE (F)
 YESTERDAY
  MAXIMUM         42    313 PM  63    1984  42      0       30
  MINIMUM         32    733 AM   4    1898  29      3       16
                                      1893
                                      1890
  AVERAGE         37                        36      1       23

PRECIPITATION (IN)
  YESTERDAY        T             1.67 1873   0.12  -0.12     0.00
  MONTH TO DATE    5.11                      1.68   3.43     1.17
  SINCE DEC 1      5.11                      1.68   3.43     1.17
  SINCE JAN 1     43.80                     41.67   2.13    36.91

SNOWFALL (IN)
  YESTERDAY        T            10.1  2007   0.3   -0.3      0.0
  MONTH TO DATE    0.3                       2.9   -2.6      0.8
  SINCE DEC 1      0.3                       2.9   -2.6      0.8
  SINCE JUL 1      2.9                       4.2   -1.3      0.8
  SNOW DEPTH       0

DEGREE DAYS
 HEATING
  YESTERDAY       28                        29     -1       42
  MONTH TO DATE  354                       355     -1      380
  SINCE DEC 1    354                       355     -1      380
  SINCE JUL 1   1367                      1410    -43     1396

 COOLING
  YESTERDAY        0                         0      0        0
  MONTH TO DATE    0                         0      0        0
  SINCE DEC 1      0                         0      0        0
  SINCE JAN 1    769                       747     22      920
..................................................................


WIND (MPH)
  RESULTANT WIND SPEED  12   RESULTANT WIND DIRECTION  NW (300)
  HIGHEST WIND SPEED    17   HIGHEST WIND DIRECTION    NW (300)
  HIGHEST GUST SPEED    23   HIGHEST GUST DIRECTION    NW (300)
  AVERAGE WIND SPEED    11.7


SKY COVER
  POSSIBLE SUNSHINE  MM
  AVERAGE SKY COVER 0.6


WEATHER CONDITIONS
 THE FOLLOWING WEATHER WAS RECORDED YESTERDAY.
  LIGHT SNOW


RELATIVE HUMIDITY (PERCENT)
 HIGHEST    75           200 AM
 LOWEST     55           200 PM
 AVERAGE    65

..........................................................


THE BOSTON MA CLIMATE NORMALS FOR TODAY
                         NORMAL    RECORD    YEAR
 MAXIMUM TEMPERATURE (F)   42        66      1881
 MINIMUM TEMPERATURE (F)   29         0      1898
                                             1893


SUNRISE AND SUNSET
DECEMBER 14 2014......SUNRISE   706 AM EST   SUNSET   412 PM EST
DECEMBER 15 2014......SUNRISE   706 AM EST   SUNSET   412 PM EST


-  INDICATES NEGATIVE NUMBERS.
R  INDICATES RECORD WAS SET OR TIED.
MM INDICATES DATA IS MISSING.
T  INDICATES TRACE AMOUNT.




$$
