000
CDUS41 KBOX 182139
CLIBOS


CLIMATE REPORT
NATIONAL WEATHER SERVICE TAUNTON MA
534 PM EDT MON MAY 18 2015


...................................

...THE BOSTON MA CLIMATE SUMMARY FOR MAY 18 2015...
VALID TODAY AS OF 0500 PM LOCAL TIME.

CLIMATE NORMAL PERIOD 1981 TO 2010
CLIMATE RECORD PERIOD 1872 TO 2015


WEATHER ITEM   OBSERVED TIME   RECORD YEAR NORMAL DEPARTURE LAST
                VALUE   (LST)  VALUE       VALUE  FROM      YEAR
                                                  NORMAL
..................................................................
TEMPERATURE (F)
 TODAY
  MAXIMUM         58    226 PM  91    1936  67     -9       63
  MINIMUM         49    556 AM  37    2002  50     -1       52
  AVERAGE         54                        59     -5       58

PRECIPITATION (IN)
  TODAY            0.00          1.72 2007   0.11  -0.11     0.00
  MONTH TO DATE    0.04                      1.88  -1.84     1.68
  SINCE MAR 1      5.37                      9.94  -4.57     9.40
  SINCE JAN 1     12.31                     16.55  -4.24    16.77

SNOWFALL (IN)
  TODAY            0.0           0.0  2001   0.0    0.0      0.0
                                      2000
  MONTH TO DATE    0.0                       0.1   -0.1      0.0
  SINCE MAR 1      8.6                       9.8   -1.2      2.5
  SINCE JUL 1    110.6                      43.9   66.7     58.9
  SNOW DEPTH       0

DEGREE DAYS
 HEATING
  TODAY           11                         7      4        7
  MONTH TO DATE  102                       172    -70      109
  SINCE MAR 1   1581                      1511     70     1580
  SINCE JUL 1   5896                      5553    343     5728

 COOLING
  TODAY            0                         1     -1        0
  MONTH TO DATE   15                         5     10       19
  SINCE MAR 1     15                         8      7       20
  SINCE JAN 1     15                         8      7       20
..................................................................


WIND (MPH)
  HIGHEST WIND SPEED    16   HIGHEST WIND DIRECTION    NE (30)
  HIGHEST GUST SPEED    21   HIGHEST GUST DIRECTION     E (90)
  AVERAGE WIND SPEED    10.8


SKY COVER
  POSSIBLE SUNSHINE  MM
  AVERAGE SKY COVER 0.8


WEATHER CONDITIONS
 THE FOLLOWING WEATHER WAS RECORDED TODAY.
  FOG


RELATIVE HUMIDITY (PERCENT)
 HIGHEST   100          1200 AM
 LOWEST     57           200 PM
 AVERAGE    79

..........................................................


THE BOSTON MA CLIMATE NORMALS FOR TOMORROW
                         NORMAL    RECORD    YEAR
 MAXIMUM TEMPERATURE (F)   67        90      1986
                                             1949
 MINIMUM TEMPERATURE (F)   51        38      1882


SUNRISE AND SUNSET
MAY 18 2015...........SUNRISE   520 AM EDT   SUNSET   802 PM EDT
MAY 19 2015...........SUNRISE   519 AM EDT   SUNSET   803 PM EDT


-  INDICATES NEGATIVE NUMBERS.
R  INDICATES RECORD WAS SET OR TIED.
MM INDICATES DATA IS MISSING.
T  INDICATES TRACE AMOUNT.




$$
