546
CDUS41 KBOX 190620
CLIBOS


CLIMATE REPORT
NATIONAL WEATHER SERVICE TAUNTON MA
219 AM EDT WED APR 19 2017


...................................

...THE BOSTON MA CLIMATE SUMMARY FOR APRIL 18 2017...

CLIMATE NORMAL PERIOD 1981 TO 2010
CLIMATE RECORD PERIOD 1872 TO 2017


WEATHER ITEM   OBSERVED TIME   RECORD YEAR NORMAL DEPARTURE LAST
                VALUE   (LST)  VALUE       VALUE  FROM      YEAR
                                                  NORMAL
..................................................................
TEMPERATURE (F)
 YESTERDAY
  MAXIMUM         51    918 AM  94    1976  57     -6       67
  MINIMUM         39   1143 PM  26    1887  42     -3       42
                                      1875
  AVERAGE         45                        49     -4       55

PRECIPITATION (IN)
  YESTERDAY        0.00          1.90 1879   0.11  -0.11     0.00
  MONTH TO DATE    3.62                      2.39   1.23     2.53
  SINCE MAR 1      7.80                      6.71   1.09     5.69
  SINCE JAN 1     15.27                     13.32   1.95    13.13

SNOWFALL (IN)
  YESTERDAY        0.0           1.6  1965   0.1   -0.1      0.0
  MONTH TO DATE    1.2                       1.7   -0.5      6.6
  SINCE MAR 1     11.3                       9.5    1.8     10.7
  SINCE JUL 1     47.6                      43.6    4.0     36.1
  SNOW DEPTH      MM

DEGREE DAYS
 HEATING
  YESTERDAY       20                        16      4       10
  MONTH TO DATE  264                       342    -78      367
  SINCE MAR 1   1215                      1171     44     1055
  SINCE JUL 1   4754                      5213   -459     4385

 COOLING
  YESTERDAY        0                         0      0        0
  MONTH TO DATE   10                         0     10        0
  SINCE MAR 1     10                         0     10        0
  SINCE JAN 1     10                         0     10        0
..................................................................


WIND (MPH)
  RESULTANT WIND SPEED  10   RESULTANT WIND DIRECTION  NE (60)
  HIGHEST WIND SPEED    21   HIGHEST WIND DIRECTION     E (80)
  HIGHEST GUST SPEED    24   HIGHEST GUST DIRECTION     E (90)
  AVERAGE WIND SPEED    13.4


SKY COVER
  POSSIBLE SUNSHINE  MM
  AVERAGE SKY COVER 0.5


WEATHER CONDITIONS
 THE FOLLOWING WEATHER WAS RECORDED YESTERDAY.
  NO SIGNIFICANT WEATHER WAS OBSERVED.


RELATIVE HUMIDITY (PERCENT)
 HIGHEST    82           600 PM
 LOWEST     46           800 AM
 AVERAGE    64

..........................................................


THE BOSTON MA CLIMATE NORMALS FOR TODAY
                         NORMAL    RECORD    YEAR
 MAXIMUM TEMPERATURE (F)   57        87      1914
 MINIMUM TEMPERATURE (F)   42        22      1875


SUNRISE AND SUNSET
APRIL 19 2017.........SUNRISE   557 AM EDT   SUNSET   731 PM EDT
APRIL 20 2017.........SUNRISE   555 AM EDT   SUNSET   732 PM EDT


-  INDICATES NEGATIVE NUMBERS.
R  INDICATES RECORD WAS SET OR TIED.
MM INDICATES DATA IS MISSING.
T  INDICATES TRACE AMOUNT.




$$
