230
CDUS41 KBOX 250554
CLIBOS


CLIMATE REPORT
NATIONAL WEATHER SERVICE TAUNTON MA
151 AM EDT TUE APR 25 2017


...................................

...THE BOSTON MA CLIMATE SUMMARY FOR APRIL 24 2017...

CLIMATE NORMAL PERIOD 1981 TO 2010
CLIMATE RECORD PERIOD 1872 TO 2017


WEATHER ITEM   OBSERVED TIME   RECORD YEAR NORMAL DEPARTURE LAST
                VALUE   (LST)  VALUE       VALUE  FROM      YEAR
                                                  NORMAL
..................................................................
TEMPERATURE (F)
 YESTERDAY
  MAXIMUM         64   1117 AM  84    2001  59      5       50
  MINIMUM         45    522 AM  28    1882  43      2       42
  AVERAGE         55                        51      4       46

PRECIPITATION (IN)
  YESTERDAY        0.00          1.95 1983   0.11  -0.11     0.00
  MONTH TO DATE    4.26                      3.06   1.20     2.64
  SINCE MAR 1      8.44                      7.38   1.06     5.80
  SINCE JAN 1     15.91                     13.99   1.92    13.24

SNOWFALL (IN)
  YESTERDAY        0.0           0.6  1967   0.0    0.0      0.0
  MONTH TO DATE    1.2                       1.8   -0.6      6.6
  SINCE MAR 1     11.3                       9.6    1.7     10.7
  SINCE JUL 1     47.6                      43.7    3.9     36.1
  SNOW DEPTH      MM

DEGREE DAYS
 HEATING
  YESTERDAY       10                        14     -4       19
  MONTH TO DATE  362                       431    -69      433
  SINCE MAR 1   1313                      1260     53     1121
  SINCE JUL 1   4852                      5302   -450     4451

 COOLING
  YESTERDAY        0                         0      0        0
  MONTH TO DATE   10                         0     10        3
  SINCE MAR 1     10                         0     10        3
  SINCE JAN 1     10                         0     10        3
..................................................................


WIND (MPH)
  RESULTANT WIND SPEED   5   RESULTANT WIND DIRECTION   S (160)
  HIGHEST WIND SPEED    15   HIGHEST WIND DIRECTION     S (160)
  HIGHEST GUST SPEED    19   HIGHEST GUST DIRECTION     E (110)
  AVERAGE WIND SPEED     8.5


SKY COVER
  POSSIBLE SUNSHINE  MM
  AVERAGE SKY COVER 0.6


WEATHER CONDITIONS
 THE FOLLOWING WEATHER WAS RECORDED YESTERDAY.
  NO SIGNIFICANT WEATHER WAS OBSERVED.


RELATIVE HUMIDITY (PERCENT)
 HIGHEST    76           300 AM
 LOWEST     43          1100 AM
 AVERAGE    60

..........................................................


THE BOSTON MA CLIMATE NORMALS FOR TODAY
                         NORMAL    RECORD    YEAR
 MAXIMUM TEMPERATURE (F)   59        83      2009
                                             1982
 MINIMUM TEMPERATURE (F)   44        27      1892


SUNRISE AND SUNSET
APRIL 25 2017.........SUNRISE   547 AM EDT   SUNSET   737 PM EDT
APRIL 26 2017.........SUNRISE   546 AM EDT   SUNSET   738 PM EDT


-  INDICATES NEGATIVE NUMBERS.
R  INDICATES RECORD WAS SET OR TIED.
MM INDICATES DATA IS MISSING.
T  INDICATES TRACE AMOUNT.




$$
