000
CDUS41 KBOX 230544
CLIBOS


CLIMATE REPORT
NATIONAL WEATHER SERVICE TAUNTON MA
1239 AM EST WED NOV 23 2016


...................................

...THE BOSTON MA CLIMATE SUMMARY FOR NOVEMBER 22 2016...

CLIMATE NORMAL PERIOD 1981 TO 2010
CLIMATE RECORD PERIOD 1872 TO 2016


WEATHER ITEM   OBSERVED TIME   RECORD YEAR NORMAL DEPARTURE LAST
                VALUE   (LST)  VALUE       VALUE  FROM      YEAR
                                                  NORMAL
..................................................................
TEMPERATURE (F)
 YESTERDAY
  MAXIMUM         43    251 PM  74    1931  49     -6       49
  MINIMUM         32    721 AM   9    1879  36     -4       36
  AVERAGE         38                        43     -5       43

PRECIPITATION (IN)
  YESTERDAY        0.00          2.18 1878   0.14  -0.14     0.30
  MONTH TO DATE    1.28                      2.90  -1.62     1.82
  SINCE SEP 1      8.12                     10.28  -2.16     7.49
  SINCE JAN 1     28.38                     38.90 -10.52    30.27

SNOWFALL (IN)
  YESTERDAY        0.0           1.0  1939   0.1   -0.1      0.0
  MONTH TO DATE    T                         0.6   -0.6      0.0
  SINCE SEP 1      T                         0.6   -0.6       T
  SINCE JUL 1      T                         0.6   -0.6       T
  SNOW DEPTH      MM

DEGREE DAYS
 HEATING
  YESTERDAY       27                        22      5       22
  MONTH TO DATE  376                       419    -43      306
  SINCE SEP 1    727                       853   -126      671
  SINCE JUL 1    734                       866   -132      672

 COOLING
  YESTERDAY        0                         0      0        0
  MONTH TO DATE    0                         0      0        3
  SINCE SEP 1    141                        88     53      171
  SINCE JAN 1   1035                       747    288      921
..................................................................


WIND (MPH)
  RESULTANT WIND SPEED  17   RESULTANT WIND DIRECTION   W (280)
  HIGHEST WIND SPEED    24   HIGHEST WIND DIRECTION     W (290)
  HIGHEST GUST SPEED    33   HIGHEST GUST DIRECTION    NW (300)
  AVERAGE WIND SPEED    16.9


SKY COVER
  POSSIBLE SUNSHINE  MM
  AVERAGE SKY COVER 0.3


WEATHER CONDITIONS
 THE FOLLOWING WEATHER WAS RECORDED YESTERDAY.
  NO SIGNIFICANT WEATHER WAS OBSERVED.


RELATIVE HUMIDITY (PERCENT)
 HIGHEST    59           600 AM
 LOWEST     43           100 PM
 AVERAGE    51

..........................................................


THE BOSTON MA CLIMATE NORMALS FOR TODAY
                         NORMAL    RECORD    YEAR
 MAXIMUM TEMPERATURE (F)   49        77      1931
 MINIMUM TEMPERATURE (F)   36        11      1880


SUNRISE AND SUNSET
NOVEMBER 23 2016......SUNRISE   645 AM EST   SUNSET   416 PM EST
NOVEMBER 24 2016......SUNRISE   646 AM EST   SUNSET   415 PM EST


-  INDICATES NEGATIVE NUMBERS.
R  INDICATES RECORD WAS SET OR TIED.
MM INDICATES DATA IS MISSING.
T  INDICATES TRACE AMOUNT.




$$
