000
CDUS41 KBOX 251235
CLIBOS


CLIMATE REPORT
NATIONAL WEATHER SERVICE TAUNTON MA
835 AM EDT MON MAY 25 2015


...................................

...THE BOSTON MA CLIMATE SUMMARY FOR MAY 24 2015...

CLIMATE NORMAL PERIOD 1981 TO 2010
CLIMATE RECORD PERIOD 1872 TO 2015


WEATHER ITEM   OBSERVED TIME   RECORD YEAR NORMAL DEPARTURE LAST
                VALUE   (LST)  VALUE       VALUE  FROM      YEAR
                                                  NORMAL
..................................................................
TEMPERATURE (F)
 YESTERDAY
  MAXIMUM         83    321 PM  93    1964  69     14       61
  MINIMUM         51    341 AM  36    1882  52     -1       52
  AVERAGE         67                        60      7       57

PRECIPITATION (IN)
  YESTERDAY        0.00          1.73 1951   0.13  -0.13     0.18
  MONTH TO DATE    0.31                      2.60  -2.29     2.18
  SINCE MAR 1      5.64                     10.66  -5.02     9.90
  SINCE JAN 1     12.58                     17.27  -4.69    17.27

SNOWFALL (IN)
  YESTERDAY        0.0           0.0  2002   0.0    0.0      0.0
                                      2001
                                      2000
  MONTH TO DATE    0.0                       0.1   -0.1      0.0
  SINCE MAR 1      8.6                       9.8   -1.2      2.5
  SINCE JUL 1    110.6                      43.9   66.7     58.9
  SNOW DEPTH       0

DEGREE DAYS
 HEATING
  YESTERDAY        0                         6     -6        8
  MONTH TO DATE  134                       211    -77      152
  SINCE MAR 1   1613                      1550     63     1623
  SINCE JUL 1   5928                      5592    336     5771

 COOLING
  YESTERDAY        2                         1      1        0
  MONTH TO DATE   17                        11      6       19
  SINCE MAR 1     17                        14      3       20
  SINCE JAN 1     17                        14      3       20
..................................................................


WIND (MPH)
  RESULTANT WIND SPEED  15   RESULTANT WIND DIRECTION  SW (240)
  HIGHEST WIND SPEED    23   HIGHEST WIND DIRECTION    SW (230)
  HIGHEST GUST SPEED    30   HIGHEST GUST DIRECTION     W (250)
  AVERAGE WIND SPEED    15.6


SKY COVER
  POSSIBLE SUNSHINE  MM
  AVERAGE SKY COVER 0.4


WEATHER CONDITIONS
 THE FOLLOWING WEATHER WAS RECORDED YESTERDAY.
  NO SIGNIFICANT WEATHER WAS OBSERVED.


RELATIVE HUMIDITY (PERCENT)
 HIGHEST    59           200 AM
 LOWEST     20           200 PM
 AVERAGE    40

..........................................................


THE BOSTON MA CLIMATE NORMALS FOR TODAY
                         NORMAL    RECORD    YEAR
 MAXIMUM TEMPERATURE (F)   69        92      2007
 MINIMUM TEMPERATURE (F)   53        40      1967


SUNRISE AND SUNSET
MAY 25 2015...........SUNRISE   514 AM EDT   SUNSET   808 PM EDT
MAY 26 2015...........SUNRISE   514 AM EDT   SUNSET   809 PM EDT


-  INDICATES NEGATIVE NUMBERS.
R  INDICATES RECORD WAS SET OR TIED.
MM INDICATES DATA IS MISSING.
T  INDICATES TRACE AMOUNT.




$$
