000
CDUS41 KBOX 240538
CLIBOS


CLIMATE REPORT
NATIONAL WEATHER SERVICE TAUNTON MA
1235 AM EST SAT JAN 24 2015


...................................

...THE BOSTON MA CLIMATE SUMMARY FOR JANUARY 23 2015...

CLIMATE NORMAL PERIOD 1981 TO 2010
CLIMATE RECORD PERIOD 1872 TO 2015


WEATHER ITEM   OBSERVED TIME   RECORD YEAR NORMAL DEPARTURE LAST
                VALUE   (LST)  VALUE       VALUE  FROM      YEAR
                                                  NORMAL
..................................................................
TEMPERATURE (F)
 YESTERDAY
  MAXIMUM         37    404 PM  68    1906  36      1       22
  MINIMUM         24    731 AM  -6    1882  22      2        6
  AVERAGE         31                        29      2       14

PRECIPITATION (IN)
  YESTERDAY        0.00          1.48 1966   0.11  -0.11     0.00
  MONTH TO DATE    1.69                      2.52  -0.83     3.21
  SINCE DEC 1      8.25                      6.30   1.95     7.83
  SINCE JAN 1      1.69                      2.52  -0.83     3.21

SNOWFALL (IN)
  YESTERDAY        0.0          13.4  2005   0.3   -0.3      0.0
  MONTH TO DATE    2.6                       9.7   -7.1     21.7
  SINCE DEC 1      2.9                      18.7  -15.8     33.4
  SINCE JUL 1      5.5                      20.0  -14.5     33.4
  SNOW DEPTH      MM

DEGREE DAYS
 HEATING
  YESTERDAY       34                        36     -2       51
  MONTH TO DATE  860                       824     36      826
  SINCE DEC 1   1683                      1763    -80     1799
  SINCE JUL 1   2696                      2818   -122     2815

 COOLING
  YESTERDAY        0                         0      0        0
  MONTH TO DATE    0                         0      0        0
  SINCE DEC 1      0                         0      0        0
  SINCE JAN 1      0                         0      0        0
..................................................................


WIND (MPH)
  RESULTANT WIND SPEED   8   RESULTANT WIND DIRECTION   W (260)
  HIGHEST WIND SPEED    16   HIGHEST WIND DIRECTION    SW (240)
  HIGHEST GUST SPEED    22   HIGHEST GUST DIRECTION     W (280)
  AVERAGE WIND SPEED    10.2


SKY COVER
  POSSIBLE SUNSHINE  MM
  AVERAGE SKY COVER 0.2


WEATHER CONDITIONS
 THE FOLLOWING WEATHER WAS RECORDED YESTERDAY.
  NO SIGNIFICANT WEATHER WAS OBSERVED.


RELATIVE HUMIDITY (PERCENT)
 HIGHEST    68           300 AM
 LOWEST     39          1100 AM
 AVERAGE    54

..........................................................


THE BOSTON MA CLIMATE NORMALS FOR TODAY
                         NORMAL    RECORD    YEAR
 MAXIMUM TEMPERATURE (F)   36        62      1999
 MINIMUM TEMPERATURE (F)   22       -13      1882


SUNRISE AND SUNSET
JANUARY 24 2015.......SUNRISE   705 AM EST   SUNSET   448 PM EST
JANUARY 25 2015.......SUNRISE   704 AM EST   SUNSET   449 PM EST


-  INDICATES NEGATIVE NUMBERS.
R  INDICATES RECORD WAS SET OR TIED.
MM INDICATES DATA IS MISSING.
T  INDICATES TRACE AMOUNT.




$$
