000
CDUS41 KBOX 122124
CLIBOS


CLIMATE REPORT
NATIONAL WEATHER SERVICE TAUNTON MA
523 PM EDT MON JUN 12 2017


...................................

...THE BOSTON MA CLIMATE SUMMARY FOR JUNE 12 2017...
VALID AS OF 0500 PM LOCAL TIME.

CLIMATE NORMAL PERIOD 1981 TO 2010
CLIMATE RECORD PERIOD 1872 TO 2017


WEATHER ITEM   OBSERVED TIME   RECORD YEAR NORMAL DEPARTURE LAST
                VALUE   (LST)  VALUE       VALUE  FROM      YEAR
                                                  NORMAL
..................................................................
TEMPERATURE (F)
 TODAY
  MAXIMUM         95    359 PM  96    1973  75     20       80
  MINIMUM         71    445 AM  46    1906  59     12       55
  AVERAGE         83                        67     16       68

PRECIPITATION (IN)
  TODAY            0.00          1.96 1955   0.14  -0.14     0.00
  MONTH TO DATE    1.78                      1.70   0.08     1.08
  SINCE JUN 1      1.78                      1.70   0.08     1.08
  SINCE JAN 1     22.61                     19.86   2.75    17.42

SNOWFALL (IN)
  TODAY            0.0           0.0  2002   0.0    0.0      0.0
                                      2001
                                      2000
  MONTH TO DATE    0.0                       0.0    0.0      0.0
  SINCE JUN 1      0.0                       0.0    0.0      0.0
  SINCE JUL 1     47.6                      43.8    3.8     36.1
  SNOW DEPTH      MM

DEGREE DAYS
 HEATING
  TODAY            0                         2     -2        0
  MONTH TO DATE   48                        36     12       16
  SINCE JUN 1     48                        36     12       16
  SINCE JUL 1   5252                      5662   -410     4803

 COOLING
  TODAY           18                         4     14        3
  MONTH TO DATE   45                        35     10       25
  SINCE JUN 1     45                        35     10       25
  SINCE JAN 1    105                        65     40       70
..................................................................


WIND (MPH)
  HIGHEST WIND SPEED    20   HIGHEST WIND DIRECTION    SW (230)
  HIGHEST GUST SPEED    25   HIGHEST GUST DIRECTION     W (250)
  AVERAGE WIND SPEED    10.0


SKY COVER
  POSSIBLE SUNSHINE  MM
  AVERAGE SKY COVER 0.2


WEATHER CONDITIONS
 THE FOLLOWING WEATHER WAS RECORDED TODAY.
  NO SIGNIFICANT WEATHER WAS OBSERVED.


RELATIVE HUMIDITY (PERCENT)
 HIGHEST    73           100 AM
 LOWEST     28           200 PM
 AVERAGE    51

..........................................................


THE BOSTON MA CLIMATE NORMALS FOR TOMORROW
                         NORMAL    RECORD    YEAR
 MAXIMUM TEMPERATURE (F)   75        98      1984
 MINIMUM TEMPERATURE (F)   59        46      1881


SUNRISE AND SUNSET
JUNE 12 2017..........SUNRISE   507 AM EDT   SUNSET   822 PM EDT
JUNE 13 2017..........SUNRISE   507 AM EDT   SUNSET   822 PM EDT


-  INDICATES NEGATIVE NUMBERS.
R  INDICATES RECORD WAS SET OR TIED.
MM INDICATES DATA IS MISSING.
T  INDICATES TRACE AMOUNT.




$$
