000
CDUS41 KBOX 170536
CLIBOS


CLIMATE REPORT
NATIONAL WEATHER SERVICE TAUNTON MA
136 AM EDT WED SEP 17 2014


...................................

...THE BOSTON MA CLIMATE SUMMARY FOR SEPTEMBER 16 2014...

CLIMATE NORMAL PERIOD 1981 TO 2010
CLIMATE RECORD PERIOD 1872 TO 2014


WEATHER ITEM   OBSERVED TIME   RECORD YEAR NORMAL DEPARTURE LAST
                VALUE   (LST)  VALUE       VALUE  FROM      YEAR
                                                  NORMAL
..................................................................
TEMPERATURE (F)
 YESTERDAY
  MAXIMUM         65    253 PM  96    1939  72     -7       70
  MINIMUM         55   1219 AM  42    1984  57     -2       50
  AVERAGE         60                        65     -5       60

PRECIPITATION (IN)
  YESTERDAY        T             5.63 1933   0.12  -0.12      T
  MONTH TO DATE    0.51                      1.72  -1.21     1.84
  SINCE SEP 1      0.51                      1.72  -1.21     1.84
  SINCE JAN 1     27.40                     30.34  -2.94    32.04

SNOWFALL (IN)
  YESTERDAY        0.0           0.0  2002   0.0    0.0      0.0
  MONTH TO DATE    0.0                       0.0    0.0      0.0
  SINCE SEP 1      0.0                       0.0    0.0      0.0
  SINCE JUL 1      0.0                       0.0    0.0      0.0
  SNOW DEPTH      MM

DEGREE DAYS
 HEATING
  YESTERDAY        5                         3      2        5
  MONTH TO DATE   26                        23      3       15
  SINCE SEP 1     26                        23      3       15
  SINCE JUL 1     26                        36    -10       17

 COOLING
  YESTERDAY        0                         2     -2        0
  MONTH TO DATE   96                        60     36       80
  SINCE SEP 1     96                        60     36       80
  SINCE JAN 1    735                       719     16      901
..................................................................


WIND (MPH)
  RESULTANT WIND SPEED   2   RESULTANT WIND DIRECTION   S (190)
  HIGHEST WIND SPEED    13   HIGHEST WIND DIRECTION    SE (130)
  HIGHEST GUST SPEED    14   HIGHEST GUST DIRECTION    SE (120)
  AVERAGE WIND SPEED     4.6


SKY COVER
  POSSIBLE SUNSHINE  MM
  AVERAGE SKY COVER 0.6


WEATHER CONDITIONS
 THE FOLLOWING WEATHER WAS RECORDED YESTERDAY.
  LIGHT RAIN


RELATIVE HUMIDITY (PERCENT)
 HIGHEST    84           800 PM
 LOWEST     63           100 PM
 AVERAGE    74

..........................................................


THE BOSTON MA CLIMATE NORMALS FOR TODAY
                         NORMAL    RECORD    YEAR
 MAXIMUM TEMPERATURE (F)   72        91      1915
 MINIMUM TEMPERATURE (F)   57        44      2013


SUNRISE AND SUNSET
SEPTEMBER 17 2014.....SUNRISE   626 AM EDT   SUNSET   650 PM EDT
SEPTEMBER 18 2014.....SUNRISE   627 AM EDT   SUNSET   649 PM EDT


-  INDICATES NEGATIVE NUMBERS.
R  INDICATES RECORD WAS SET OR TIED.
MM INDICATES DATA IS MISSING.
T  INDICATES TRACE AMOUNT.




$$
