000
CDUS41 KBOX 032257
CLIBOS


CLIMATE REPORT
NATIONAL WEATHER SERVICE TAUNTON MA
647 PM EDT TUE OCT 3 2017


...................................

...THE BOSTON MA CLIMATE SUMMARY FOR OCTOBER 3 2017...
VALID TODAY AS OF 0600 PM LOCAL TIME.

CLIMATE NORMAL PERIOD 1981 TO 2010
CLIMATE RECORD PERIOD 1872 TO 2017


WEATHER ITEM   OBSERVED TIME   RECORD YEAR NORMAL DEPARTURE LAST
                VALUE   (LST)  VALUE       VALUE  FROM      YEAR
                                                  NORMAL
..................................................................
TEMPERATURE (F)
 TODAY
  MAXIMUM         64    200 PM  85    1922  66     -2       68
  MINIMUM         51        MM  35    1899  51      0       55
  AVERAGE         58                        58      0       62

PRECIPITATION (IN)
  TODAY            0.00          1.48 1961   0.12  -0.12     0.00
                                      1885
  MONTH TO DATE    0.00                      0.38  -0.38     0.74
  SINCE SEP 1      3.73                      3.82  -0.09     2.12
  SINCE JAN 1     35.02                     32.44   2.58    22.38

SNOWFALL (IN)
  TODAY            0.0           0.0  2009   0.0    0.0      0.0
                                      2008
                                      2007
  MONTH TO DATE    0.0                       0.0    0.0      0.0
  SINCE SEP 1      0.0                       0.0    0.0      0.0
  SINCE JUL 1      0.0                       0.0    0.0      0.0
  SNOW DEPTH       0

DEGREE DAYS
 HEATING
  TODAY            7                         7      0        3
  MONTH TO DATE   21                        21      0       21
  SINCE SEP 1     58                       105    -47       67
  SINCE JUL 1     70                       118    -48       74

 COOLING
  TODAY            0                         1     -1        0
  MONTH TO DATE    0                         3     -3        0
  SINCE SEP 1    111                        84     27      128
  SINCE JAN 1    840                       743     97     1022
..................................................................


WIND (MPH)
  HIGHEST WIND SPEED    17   HIGHEST WIND DIRECTION     E (100)
  HIGHEST GUST SPEED    MM   HIGHEST GUST DIRECTION    MM
  AVERAGE WIND SPEED     6.4


SKY COVER
  POSSIBLE SUNSHINE  MM
  AVERAGE SKY COVER 0.2


WEATHER CONDITIONS
 THE FOLLOWING WEATHER WAS RECORDED TODAY.
  NO SIGNIFICANT WEATHER WAS OBSERVED.


RELATIVE HUMIDITY (PERCENT)
 HIGHEST    93           200 AM
 LOWEST     56          1100 AM
 AVERAGE    75

..........................................................


THE BOSTON MA CLIMATE NORMALS FOR TOMORROW
                         NORMAL    RECORD    YEAR
 MAXIMUM TEMPERATURE (F)   66        86      2007
 MINIMUM TEMPERATURE (F)   51        34      1888


SUNRISE AND SUNSET
OCTOBER  3 2017.......SUNRISE   644 AM EDT   SUNSET   622 PM EDT
OCTOBER  4 2017.......SUNRISE   645 AM EDT   SUNSET   620 PM EDT


-  INDICATES NEGATIVE NUMBERS.
R  INDICATES RECORD WAS SET OR TIED.
MM INDICATES DATA IS MISSING.
T  INDICATES TRACE AMOUNT.




$$
