000
CDUS41 KBOX 162121
CLIBOS


CLIMATE REPORT
NATIONAL WEATHER SERVICE TAUNTON MA
521 PM EDT THU OCT 16 2014


...................................

...THE BOSTON MA CLIMATE SUMMARY FOR OCTOBER 16 2014...
VALID TODAY AS OF 0500 PM LOCAL TIME.

CLIMATE NORMAL PERIOD 1981 TO 2010
CLIMATE RECORD PERIOD 1872 TO 2014


WEATHER ITEM   OBSERVED TIME   RECORD YEAR NORMAL DEPARTURE LAST
                VALUE   (LST)  VALUE       VALUE  FROM      YEAR
                                                  NORMAL
..................................................................
TEMPERATURE (F)
 TODAY
  MAXIMUM         70   1147 AM  88    1897  61      9       62
  MINIMUM         63    902 AM  30    1883  46     17       51
                                      1876
  AVERAGE         67                        54     13       57

PRECIPITATION (IN)
  TODAY            0.38          2.64 1974   0.13   0.25     0.00
  MONTH TO DATE    2.39                      2.04   0.35     0.45
  SINCE SEP 1      3.09                      5.48  -2.39     2.66
  SINCE JAN 1     29.98                     34.10  -4.12    32.86

SNOWFALL (IN)
  TODAY            0.0           0.0  2009   0.0    0.0      0.0
                                      2008
                                      2007
  MONTH TO DATE    0.0                       0.0    0.0      0.0
  SINCE SEP 1      0.0                       0.0    0.0      0.0
  SINCE JUL 1      0.0                       0.0    0.0      0.0
  SNOW DEPTH      MM

DEGREE DAYS
 HEATING
  TODAY            0                        11    -11        8
  MONTH TO DATE  113                       144    -31       86
  SINCE SEP 1    189                       228    -39      169
  SINCE JUL 1    189                       241    -52      171

 COOLING
  TODAY            2                         0      2        0
  MONTH TO DATE   12                         6      6       16
  SINCE SEP 1    132                        87     45       98
  SINCE JAN 1    771                       746     25      919
..................................................................


WIND (MPH)
  HIGHEST WIND SPEED    28   HIGHEST WIND DIRECTION     S (190)
  HIGHEST GUST SPEED    35   HIGHEST GUST DIRECTION     S (190)
  AVERAGE WIND SPEED     9.9


SKY COVER
  POSSIBLE SUNSHINE  MM
  AVERAGE SKY COVER 1.0


WEATHER CONDITIONS
 THE FOLLOWING WEATHER WAS RECORDED TODAY.
  HEAVY RAIN
  RAIN
  LIGHT RAIN
  FOG


RELATIVE HUMIDITY (PERCENT)
 HIGHEST   100           600 AM
 LOWEST     87           200 AM
 AVERAGE    94

..........................................................


THE BOSTON MA CLIMATE NORMALS FOR TOMORROW
                         NORMAL    RECORD    YEAR
 MAXIMUM TEMPERATURE (F)   61        89      1947
 MINIMUM TEMPERATURE (F)   46        27      1886


SUNRISE AND SUNSET
OCTOBER 16 2014.......SUNRISE   658 AM EDT   SUNSET   601 PM EDT
OCTOBER 17 2014.......SUNRISE   659 AM EDT   SUNSET   559 PM EDT


-  INDICATES NEGATIVE NUMBERS.
R  INDICATES RECORD WAS SET OR TIED.
MM INDICATES DATA IS MISSING.
T  INDICATES TRACE AMOUNT.




$$
