000
CDUS41 KBOX 140558
CLIBOS


CLIMATE REPORT
NATIONAL WEATHER SERVICE TAUNTON MA
155 AM EDT TUE OCT 14 2014


...................................

...THE BOSTON MA CLIMATE SUMMARY FOR OCTOBER 13 2014...

CLIMATE NORMAL PERIOD 1981 TO 2010
CLIMATE RECORD PERIOD 1872 TO 2014


WEATHER ITEM   OBSERVED TIME   RECORD YEAR NORMAL DEPARTURE LAST
                VALUE   (LST)  VALUE       VALUE  FROM      YEAR
                                                  NORMAL
..................................................................
TEMPERATURE (F)
 YESTERDAY
  MAXIMUM         63    415 PM  87    1930  62      1       61
  MINIMUM         45    210 AM  30    1875  47     -2       49
  AVERAGE         54                        55     -1       55

PRECIPITATION (IN)
  YESTERDAY        0.00          4.85 1895   0.12  -0.12     0.00
  MONTH TO DATE    2.01                      1.65   0.36     0.45
  SINCE SEP 1      2.71                      5.09  -2.38     2.66
  SINCE JAN 1     29.60                     33.71  -4.11    32.86

SNOWFALL (IN)
  YESTERDAY        0.0           T    1934   0.0    0.0      0.0
  MONTH TO DATE    0.0                       0.0    0.0      0.0
  SINCE SEP 1      0.0                       0.0    0.0      0.0
  SINCE JUL 1      0.0                       0.0    0.0      0.0
  SNOW DEPTH      MM

DEGREE DAYS
 HEATING
  YESTERDAY       11                        10      1       10
  MONTH TO DATE  113                       111      2       59
  SINCE SEP 1    189                       195     -6      142
  SINCE JUL 1    189                       208    -19      144

 COOLING
  YESTERDAY        0                         0      0        0
  MONTH TO DATE    1                         6     -5       16
  SINCE SEP 1    121                        87     34       98
  SINCE JAN 1    760                       746     14      919
..................................................................


WIND (MPH)
  RESULTANT WIND SPEED   7   RESULTANT WIND DIRECTION   S (200)
  HIGHEST WIND SPEED    16   HIGHEST WIND DIRECTION    SW (210)
  HIGHEST GUST SPEED    22   HIGHEST GUST DIRECTION    SW (210)
  AVERAGE WIND SPEED     7.7


SKY COVER
  POSSIBLE SUNSHINE  MM
  AVERAGE SKY COVER 0.7


WEATHER CONDITIONS
 THE FOLLOWING WEATHER WAS RECORDED YESTERDAY.
  NO SIGNIFICANT WEATHER WAS OBSERVED.


RELATIVE HUMIDITY (PERCENT)
 HIGHEST    82           500 AM
 LOWEST     55          1200 PM
 AVERAGE    69

..........................................................


THE BOSTON MA CLIMATE NORMALS FOR TODAY
                         NORMAL    RECORD    YEAR
 MAXIMUM TEMPERATURE (F)   62        81      1923
 MINIMUM TEMPERATURE (F)   47        31      1875


SUNRISE AND SUNSET
OCTOBER 14 2014.......SUNRISE   656 AM EDT   SUNSET   604 PM EDT
OCTOBER 15 2014.......SUNRISE   657 AM EDT   SUNSET   602 PM EDT


-  INDICATES NEGATIVE NUMBERS.
R  INDICATES RECORD WAS SET OR TIED.
MM INDICATES DATA IS MISSING.
T  INDICATES TRACE AMOUNT.




$$
