000
CDUS41 KBOX 220617
CLIBOS


CLIMATE REPORT
NATIONAL WEATHER SERVICE TAUNTON MA
116 AM EST SAT NOV 22 2014


...................................

...THE BOSTON MA CLIMATE SUMMARY FOR NOVEMBER 21 2014...

CLIMATE NORMAL PERIOD 1981 TO 2010
CLIMATE RECORD PERIOD 1872 TO 2014


WEATHER ITEM   OBSERVED TIME   RECORD YEAR NORMAL DEPARTURE LAST
                VALUE   (LST)  VALUE       VALUE  FROM      YEAR
                                                  NORMAL
..................................................................
TEMPERATURE (F)
 YESTERDAY
  MAXIMUM         36    106 PM  74    1931  50    -14       48
  MINIMUM         27   1159 PM  10    1879  37    -10       29
  AVERAGE         32                        43    -11       39

PRECIPITATION (IN)
  YESTERDAY        0.00          2.31 1876   0.13  -0.13     0.00
  MONTH TO DATE    3.42                      2.76   0.66     0.58
  SINCE SEP 1      9.95                     10.14  -0.19     3.40
  SINCE JAN 1     36.84                     38.76  -1.92    33.60

SNOWFALL (IN)
  YESTERDAY        0.0           3.0  1929   0.0    0.0      0.0
  MONTH TO DATE    T                         0.5   -0.5       T
  SINCE SEP 1      T                         0.5   -0.5       T
  SINCE JUL 1      T                         0.5   -0.5       T
  SNOW DEPTH      MM

DEGREE DAYS
 HEATING
  YESTERDAY       33                        22     11       26
  MONTH TO DATE  457                       397     60      396
  SINCE SEP 1    804                       831    -27      746
  SINCE JUL 1    804                       844    -40      748

 COOLING
  YESTERDAY        0                         0      0        0
  MONTH TO DATE    0                         0      0        1
  SINCE SEP 1    130                        88     42       99
  SINCE JAN 1    769                       747     22      920
..................................................................


WIND (MPH)
  RESULTANT WIND SPEED  15   RESULTANT WIND DIRECTION   W (290)
  HIGHEST WIND SPEED    26   HIGHEST WIND DIRECTION     W (280)
  HIGHEST GUST SPEED    35   HIGHEST GUST DIRECTION    NW (300)
  AVERAGE WIND SPEED    15.1


SKY COVER
  POSSIBLE SUNSHINE  MM
  AVERAGE SKY COVER 0.1


WEATHER CONDITIONS
 THE FOLLOWING WEATHER WAS RECORDED YESTERDAY.
  NO SIGNIFICANT WEATHER WAS OBSERVED.


RELATIVE HUMIDITY (PERCENT)
 HIGHEST    53           200 AM
 LOWEST     31           800 PM
 AVERAGE    42

..........................................................


THE BOSTON MA CLIMATE NORMALS FOR TODAY
                         NORMAL    RECORD    YEAR
 MAXIMUM TEMPERATURE (F)   49        74      1931
 MINIMUM TEMPERATURE (F)   36         9      1879


SUNRISE AND SUNSET
NOVEMBER 22 2014......SUNRISE   643 AM EST   SUNSET   417 PM EST
NOVEMBER 23 2014......SUNRISE   645 AM EST   SUNSET   416 PM EST


-  INDICATES NEGATIVE NUMBERS.
R  INDICATES RECORD WAS SET OR TIED.
MM INDICATES DATA IS MISSING.
T  INDICATES TRACE AMOUNT.




$$
