000
CDUS41 KBOX 160613
CLIBOS


CLIMATE REPORT
NATIONAL WEATHER SERVICE TAUNTON MA
213 AM EDT MON MAY 16 2016


...................................

...THE BOSTON MA CLIMATE SUMMARY FOR MAY 15 2016...

CLIMATE NORMAL PERIOD 1981 TO 2010
CLIMATE RECORD PERIOD 1872 TO 2016


WEATHER ITEM   OBSERVED TIME   RECORD YEAR NORMAL DEPARTURE LAST
                VALUE   (LST)  VALUE       VALUE  FROM      YEAR
                                                  NORMAL
..................................................................
TEMPERATURE (F)
 YESTERDAY
  MAXIMUM         61    224 PM  93    1900  66     -5       67
  MINIMUM         45   1159 PM  36    1947  50     -5       48
  AVERAGE         53                        58     -5       58

PRECIPITATION (IN)
  YESTERDAY        0.00          1.73 1978   0.10  -0.10     0.00
  MONTH TO DATE    1.44                      1.56  -0.12     0.04
  SINCE MAR 1      7.51                      9.62  -2.11     5.37
  SINCE JAN 1     14.95                     16.23  -1.28    12.31

SNOWFALL (IN)
  YESTERDAY        0.0           0.0  2002   0.0    0.0      0.0
                                      2001
                                      2000
  MONTH TO DATE    0.0                       0.1   -0.1      0.0
  SINCE MAR 1     10.7                       9.8    0.9      8.6
  SINCE JUL 1     36.1                      43.9   -7.8    110.6
  SNOW DEPTH      MM

DEGREE DAYS
 HEATING
  YESTERDAY       12                         8      4        7
  MONTH TO DATE  169                       149     20       84
  SINCE MAR 1   1392                      1488    -96     1563
  SINCE JUL 1   4722                      5530   -808     5878

 COOLING
  YESTERDAY        0                         1     -1        0
  MONTH TO DATE    3                         2      1       15
  SINCE MAR 1      6                         5      1       15
  SINCE JAN 1      6                         5      1       15
..................................................................


WIND (MPH)
  RESULTANT WIND SPEED  18   RESULTANT WIND DIRECTION   W (260)
  HIGHEST WIND SPEED    33   HIGHEST WIND DIRECTION     W (260)
  HIGHEST GUST SPEED    41   HIGHEST GUST DIRECTION     W (260)
  AVERAGE WIND SPEED    19.5


SKY COVER
  POSSIBLE SUNSHINE  MM
  AVERAGE SKY COVER 0.6


WEATHER CONDITIONS
 THE FOLLOWING WEATHER WAS RECORDED YESTERDAY.
  NO SIGNIFICANT WEATHER WAS OBSERVED.


RELATIVE HUMIDITY (PERCENT)
 HIGHEST    80           200 AM
 LOWEST     27           200 PM
 AVERAGE    54

..........................................................


THE BOSTON MA CLIMATE NORMALS FOR TODAY
                         NORMAL    RECORD    YEAR
 MAXIMUM TEMPERATURE (F)   66        93      1932
 MINIMUM TEMPERATURE (F)   50        34      1936


SUNRISE AND SUNSET
MAY 16 2016...........SUNRISE   521 AM EDT   SUNSET   800 PM EDT
MAY 17 2016...........SUNRISE   520 AM EDT   SUNSET   801 PM EDT


-  INDICATES NEGATIVE NUMBERS.
R  INDICATES RECORD WAS SET OR TIED.
MM INDICATES DATA IS MISSING.
T  INDICATES TRACE AMOUNT.




$$
