403
CDUS41 KBOX 190532
CLIBOS


CLIMATE REPORT
NATIONAL WEATHER SERVICE TAUNTON MA
1232 AM EST SUN FEB 19 2017


...................................

...THE BOSTON MA CLIMATE SUMMARY FOR FEBRUARY 18 2017...

CLIMATE NORMAL PERIOD 1981 TO 2010
CLIMATE RECORD PERIOD 1872 TO 2017


WEATHER ITEM   OBSERVED TIME   RECORD YEAR NORMAL DEPARTURE LAST
                VALUE   (LST)  VALUE       VALUE  FROM      YEAR
                                                  NORMAL
..................................................................
TEMPERATURE (F)
 YESTERDAY
  MAXIMUM         49    251 PM  66    1981  39     10       35
  MINIMUM         26    601 AM  -4    1958  25      1       24
  AVERAGE         38                        32      6       30

PRECIPITATION (IN)
  YESTERDAY        0.00          1.91 1998   0.12  -0.12     0.00
  MONTH TO DATE    3.12                      2.02   1.10     2.76
  SINCE DEC 1     10.62                      9.16   1.46    10.31
  SINCE JAN 1      7.37                      5.38   1.99     6.03

SNOWFALL (IN)
  YESTERDAY        0.0          10.2  1893   0.4   -0.4      0.0
  MONTH TO DATE   21.5                       7.0   14.5     14.9
  SINCE DEC 1     36.3                      28.9    7.4     25.3
  SINCE JUL 1     36.3                      30.2    6.1     25.3
  SNOW DEPTH      MM

DEGREE DAYS
 HEATING
  YESTERDAY       27                        33     -6       35
  MONTH TO DATE  613                       614     -1      615
  SINCE DEC 1   2448                      2669   -221     2219
  SINCE JUL 1   3363                      3724   -361     3074

 COOLING
  YESTERDAY        0                         0      0        0
  MONTH TO DATE    0                         0      0        0
  SINCE DEC 1      0                         0      0        0
  SINCE JAN 1      0                         0      0        0
..................................................................


WIND (MPH)
  RESULTANT WIND SPEED  13   RESULTANT WIND DIRECTION  SW (230)
  HIGHEST WIND SPEED    24   HIGHEST WIND DIRECTION    SW (220)
  HIGHEST GUST SPEED    34   HIGHEST GUST DIRECTION    SW (240)
  AVERAGE WIND SPEED    13.6


SKY COVER
  POSSIBLE SUNSHINE  MM
  AVERAGE SKY COVER 0.4


WEATHER CONDITIONS
 THE FOLLOWING WEATHER WAS RECORDED YESTERDAY.
  NO SIGNIFICANT WEATHER WAS OBSERVED.


RELATIVE HUMIDITY (PERCENT)
 HIGHEST    68           600 AM
 LOWEST     40          1200 PM
 AVERAGE    54

..........................................................


THE BOSTON MA CLIMATE NORMALS FOR TODAY
                         NORMAL    RECORD    YEAR
 MAXIMUM TEMPERATURE (F)   40        65      1961
 MINIMUM TEMPERATURE (F)   25         4      1936
                                             1903
                                             1885


SUNRISE AND SUNSET
FEBRUARY 19 2017......SUNRISE   635 AM EST   SUNSET   522 PM EST
FEBRUARY 20 2017......SUNRISE   633 AM EST   SUNSET   523 PM EST


-  INDICATES NEGATIVE NUMBERS.
R  INDICATES RECORD WAS SET OR TIED.
MM INDICATES DATA IS MISSING.
T  INDICATES TRACE AMOUNT.




$$
