000
CDUS41 KBOX 130544
CLIBOS


CLIMATE REPORT
NATIONAL WEATHER SERVICE TAUNTON MA
1243 AM EST THU NOV 13 2014


...................................

...THE BOSTON MA CLIMATE SUMMARY FOR NOVEMBER 12 2014...

CLIMATE NORMAL PERIOD 1981 TO 2010
CLIMATE RECORD PERIOD 1872 TO 2014


WEATHER ITEM   OBSERVED TIME   RECORD YEAR NORMAL DEPARTURE LAST
                VALUE   (LST)  VALUE       VALUE  FROM      YEAR
                                                  NORMAL
..................................................................
TEMPERATURE (F)
 YESTERDAY
  MAXIMUM         60    533 PM  76    1909  53      7       50
  MINIMUM         46   1159 PM  25    1926  39      7       29
                                      1894
  AVERAGE         53                        46      7       40

PRECIPITATION (IN)
  YESTERDAY        0.00          3.11 1947   0.13  -0.13     0.08
  MONTH TO DATE    1.49                      1.55  -0.06     0.39
  SINCE SEP 1      8.02                      8.93  -0.91     3.21
  SINCE JAN 1     34.91                     37.55  -2.64    33.41

SNOWFALL (IN)
  YESTERDAY        0.0           5.9  1987   0.0    0.0       T
  MONTH TO DATE    T                         0.2   -0.2       T
  SINCE SEP 1      T                         0.2   -0.2       T
  SINCE JUL 1      T                         0.2   -0.2       T
  SNOW DEPTH      MM

DEGREE DAYS
 HEATING
  YESTERDAY       12                        19     -7       25
  MONTH TO DATE  208                       211     -3      206
  SINCE SEP 1    555                       645    -90      556
  SINCE JUL 1    555                       658   -103      558

 COOLING
  YESTERDAY        0                         0      0        0
  MONTH TO DATE    0                         0      0        1
  SINCE SEP 1    130                        88     42       99
  SINCE JAN 1    769                       747     22      920
..................................................................


WIND (MPH)
  RESULTANT WIND SPEED   1   RESULTANT WIND DIRECTION  NW (320)
  HIGHEST WIND SPEED    17   HIGHEST WIND DIRECTION    NW (310)
  HIGHEST GUST SPEED    22   HIGHEST GUST DIRECTION    NW (310)
  AVERAGE WIND SPEED     4.8


SKY COVER
  POSSIBLE SUNSHINE  MM
  AVERAGE SKY COVER 0.8


WEATHER CONDITIONS
 THE FOLLOWING WEATHER WAS RECORDED YESTERDAY.
  FOG
  FOG W/VISIBILITY <= 1/4 MILE


RELATIVE HUMIDITY (PERCENT)
 HIGHEST   100           200 AM
 LOWEST     50           900 PM
 AVERAGE    75

..........................................................


THE BOSTON MA CLIMATE NORMALS FOR TODAY
                         NORMAL    RECORD    YEAR
 MAXIMUM TEMPERATURE (F)   52        69      1885
 MINIMUM TEMPERATURE (F)   39        14      1883


SUNRISE AND SUNSET
NOVEMBER 13 2014......SUNRISE   632 AM EST   SUNSET   424 PM EST
NOVEMBER 14 2014......SUNRISE   634 AM EST   SUNSET   423 PM EST


-  INDICATES NEGATIVE NUMBERS.
R  INDICATES RECORD WAS SET OR TIED.
MM INDICATES DATA IS MISSING.
T  INDICATES TRACE AMOUNT.




$$
