000
CDUS41 KBOX 222131
CLIBOS


CLIMATE REPORT
NATIONAL WEATHER SERVICE TAUNTON MA
530 PM EDT SUN MAR 22 2015


...................................

...THE BOSTON MA CLIMATE SUMMARY FOR MARCH 22 2015...
VALID TODAY AS OF 0500 PM LOCAL TIME.

CLIMATE NORMAL PERIOD 1981 TO 2010
CLIMATE RECORD PERIOD 1872 TO 2015


WEATHER ITEM   OBSERVED TIME   RECORD YEAR NORMAL DEPARTURE LAST
                VALUE   (LST)  VALUE       VALUE  FROM      YEAR
                                                  NORMAL
..................................................................
TEMPERATURE (F)
 TODAY
  MAXIMUM         39   1231 AM  83    2012  47     -8       57
  MINIMUM         25    817 AM   8    1885  33     -8       28
  AVERAGE         32                        40     -8       43

PRECIPITATION (IN)
  TODAY            0.00          2.59 2001   0.15  -0.15      T
  MONTH TO DATE    1.88                      3.00  -1.12     0.82
  SINCE MAR 1      1.88                      3.00  -1.12     0.82
  SINCE JAN 1      8.82                      9.61  -0.79     8.19

SNOWFALL (IN)
  TODAY            0.0           3.9  1916   0.2   -0.2      0.0
  MONTH TO DATE    8.3                       6.3    2.0      2.2
  SINCE MAR 1      8.3                       6.3    2.0      2.2
  SINCE JUL 1    110.3                      40.4   69.9     58.6
  SNOW DEPTH      MM

DEGREE DAYS
 HEATING
  TODAY           33                        25      8       22
  MONTH TO DATE  722                       616    106      709
  SINCE MAR 1    722                       616    106      709
  SINCE JUL 1   5037                      4658    379     4857

 COOLING
  TODAY            0                         0      0        0
  MONTH TO DATE    0                         0      0        0
  SINCE MAR 1      0                         0      0        0
  SINCE JAN 1      0                         0      0        0
..................................................................


WIND (MPH)
  HIGHEST WIND SPEED    33   HIGHEST WIND DIRECTION     W (290)
  HIGHEST GUST SPEED    48   HIGHEST GUST DIRECTION     W (290)
  AVERAGE WIND SPEED    18.4


SKY COVER
  POSSIBLE SUNSHINE  MM
  AVERAGE SKY COVER 0.2


WEATHER CONDITIONS
 THE FOLLOWING WEATHER WAS RECORDED TODAY.
  NO SIGNIFICANT WEATHER WAS OBSERVED.


RELATIVE HUMIDITY (PERCENT)
 HIGHEST    54           100 AM
 LOWEST     22          1200 PM
 AVERAGE    38

..........................................................


THE BOSTON MA CLIMATE NORMALS FOR TOMORROW
                         NORMAL    RECORD    YEAR
 MAXIMUM TEMPERATURE (F)   47        78      1938
 MINIMUM TEMPERATURE (F)   33         6      1934


SUNRISE AND SUNSET
MARCH 22 2015.........SUNRISE   644 AM EDT   SUNSET   658 PM EDT
MARCH 23 2015.........SUNRISE   643 AM EDT   SUNSET   659 PM EDT


-  INDICATES NEGATIVE NUMBERS.
R  INDICATES RECORD WAS SET OR TIED.
MM INDICATES DATA IS MISSING.
T  INDICATES TRACE AMOUNT.




$$
