000
CDUS41 KBOX 191720
CLIBOS


CLIMATE REPORT
NATIONAL WEATHER SERVICE TAUNTON MA
116 PM EDT MON JUN 19 2017


...................................

...THE BOSTON MA CLIMATE SUMMARY FOR JUNE 18 2017...

CLIMATE NORMAL PERIOD 1981 TO 2010
CLIMATE RECORD PERIOD 1872 TO 2017


WEATHER ITEM   OBSERVED TIME   RECORD YEAR NORMAL DEPARTURE LAST
                VALUE   (LST)  VALUE       VALUE  FROM      YEAR
                                                  NORMAL
..................................................................
TEMPERATURE (F)
 YESTERDAY
  MAXIMUM         84        MM  94    1929  77      7       72
                                      1907
  MINIMUM         68        MM  47    1920  60      8       60
  AVERAGE         76                        69      7       66

PRECIPITATION (IN)
  YESTERDAY        T             0.83 1922   0.13  -0.13     0.00
  MONTH TO DATE    4.46                      2.48   1.98     1.20
  SINCE JUN 1      4.46                      2.48   1.98     1.20
  SINCE JAN 1     25.29                     20.64   4.65    17.54

SNOWFALL (IN)
  YESTERDAY        0.0           0.0  2002   0.0    0.0      0.0
                                      2001
                                      2000
  MONTH TO DATE    0.0                       0.0    0.0      0.0
  SINCE JUN 1      0.0                       0.0    0.0      0.0
  SINCE JUL 1     47.6                      43.8    3.8     36.1
  SNOW DEPTH      MM

DEGREE DAYS
 HEATING
  YESTERDAY        0                         1     -1        0
  MONTH TO DATE   50                        46      4       17
  SINCE JUN 1     50                        46      4       17
  SINCE JUL 1   5254                      5672   -418     4804

 COOLING
  YESTERDAY       11                         5      6        1
  MONTH TO DATE   77                        62     15       45
  SINCE JUN 1     77                        62     15       45
  SINCE JAN 1    137                        92     45       90
..................................................................


WIND (MPH)
  RESULTANT WIND SPEED  13   RESULTANT WIND DIRECTION   S (200)
  HIGHEST WIND SPEED    22   HIGHEST WIND DIRECTION     S (200)
  HIGHEST GUST SPEED    32   HIGHEST GUST DIRECTION    SW (210)
  AVERAGE WIND SPEED    13.2


SKY COVER
  POSSIBLE SUNSHINE  MM
  AVERAGE SKY COVER 0.7


WEATHER CONDITIONS
 THE FOLLOWING WEATHER WAS RECORDED YESTERDAY.
  NO SIGNIFICANT WEATHER WAS OBSERVED.


RELATIVE HUMIDITY (PERCENT)
 HIGHEST   100           400 AM
 LOWEST     69           100 PM
 AVERAGE    85

..........................................................


THE BOSTON MA CLIMATE NORMALS FOR TODAY
                         NORMAL    RECORD    YEAR
 MAXIMUM TEMPERATURE (F)   77        96      1923
 MINIMUM TEMPERATURE (F)   61        47      1920


SUNRISE AND SUNSET
JUNE 19 2017..........SUNRISE   507 AM EDT   SUNSET   824 PM EDT
JUNE 20 2017..........SUNRISE   507 AM EDT   SUNSET   824 PM EDT


-  INDICATES NEGATIVE NUMBERS.
R  INDICATES RECORD WAS SET OR TIED.
MM INDICATES DATA IS MISSING.
T  INDICATES TRACE AMOUNT.




$$
