000
CDUS41 KBOX 020544
CLIBOS


CLIMATE REPORT
NATIONAL WEATHER SERVICE TAUNTON MA
1238 AM EST TUE FEB 2 2016


...................................

...THE BOSTON MA CLIMATE SUMMARY FOR FEBRUARY 1 2016...

CLIMATE NORMAL PERIOD 1981 TO 2010
CLIMATE RECORD PERIOD 1872 TO 2016


WEATHER ITEM   OBSERVED TIME   RECORD YEAR NORMAL DEPARTURE LAST
                VALUE   (LST)  VALUE       VALUE  FROM      YEAR
                                                  NORMAL
..................................................................
TEMPERATURE (F)
 YESTERDAY
  MAXIMUM         65   1251 PM  66    1989  36     29       30
  MINIMUM         39    101 AM  -7    1920  23     16       12
  AVERAGE         52                        30     22       21

PRECIPITATION (IN)
  YESTERDAY        0.00          1.14 2008   0.11  -0.11     0.00
  MONTH TO DATE    0.00                      0.11  -0.11     0.00
  SINCE DEC 1      7.55                      7.25   0.30    10.13
  SINCE JAN 1      3.27                      3.47  -0.20     3.57

SNOWFALL (IN)
  YESTERDAY        0.0          10.0  1898   0.4   -0.4      0.0
  MONTH TO DATE    0.0                       0.4   -0.4      0.0
  SINCE DEC 1     10.4                      22.3  -11.9     34.6
  SINCE JUL 1     10.4                      23.6  -13.2     37.2
  SNOW DEPTH      MM

DEGREE DAYS
 HEATING
  YESTERDAY       13                        35    -22       44
  MONTH TO DATE   13                        35    -22       44
  SINCE DEC 1   1617                      2090   -473     2065
  SINCE JUL 1   2472                      3145   -673     3078

 COOLING
  YESTERDAY        0                         0      0        0
  MONTH TO DATE    0                         0      0        0
  SINCE DEC 1      0                         0      0        0
  SINCE JAN 1      0                         0      0        0
..................................................................


WIND (MPH)
  RESULTANT WIND SPEED  10   RESULTANT WIND DIRECTION   W (250)
  HIGHEST WIND SPEED    26   HIGHEST WIND DIRECTION     W (270)
  HIGHEST GUST SPEED    33   HIGHEST GUST DIRECTION     W (270)
  AVERAGE WIND SPEED    13.8


SKY COVER
  POSSIBLE SUNSHINE  MM
  AVERAGE SKY COVER 0.6


WEATHER CONDITIONS
 THE FOLLOWING WEATHER WAS RECORDED YESTERDAY.
  NO SIGNIFICANT WEATHER WAS OBSERVED.


RELATIVE HUMIDITY (PERCENT)
 HIGHEST    89           200 AM
 LOWEST     30           400 PM
 AVERAGE    60

..........................................................


THE BOSTON MA CLIMATE NORMALS FOR TODAY
                         NORMAL    RECORD    YEAR
 MAXIMUM TEMPERATURE (F)   37        55      2014
                                             1988
                                             1933
 MINIMUM TEMPERATURE (F)   23        -5      1881
                                             1880


SUNRISE AND SUNSET
FEBRUARY  2 2016......SUNRISE   657 AM EST   SUNSET   459 PM EST
FEBRUARY  3 2016......SUNRISE   656 AM EST   SUNSET   500 PM EST


-  INDICATES NEGATIVE NUMBERS.
R  INDICATES RECORD WAS SET OR TIED.
MM INDICATES DATA IS MISSING.
T  INDICATES TRACE AMOUNT.




$$
