000
CDUS41 KBOX 060531
CLIBOS


CLIMATE REPORT
NATIONAL WEATHER SERVICE TAUNTON MA
131 AM EDT SUN APR 6 2014


...................................

...THE BOSTON MA CLIMATE SUMMARY FOR APRIL 5 2014...

CLIMATE NORMAL PERIOD 1981 TO 2010
CLIMATE RECORD PERIOD 1872 TO 2014


WEATHER ITEM   OBSERVED TIME   RECORD YEAR NORMAL DEPARTURE LAST
                VALUE   (LST)  VALUE       VALUE  FROM      YEAR
                                                  NORMAL
..................................................................
TEMPERATURE (F)
 YESTERDAY
  MAXIMUM         54   1213 PM  84    1928  52      2       57
  MINIMUM         38   1159 PM  11    1874  37      1       38
  AVERAGE         46                        44      2       48

PRECIPITATION (IN)
  YESTERDAY        0.23          2.52 1987   0.14   0.09     0.00
  MONTH TO DATE    0.49                      0.69  -0.20     0.12
  SINCE MAR 1      4.97                      5.01  -0.04     3.44
  SINCE JAN 1     12.34                     11.62   0.72     9.78

SNOWFALL (IN)
  YESTERDAY        0.0           3.0  1911   0.1   -0.1      0.0
  MONTH TO DATE    0.0                       0.6   -0.6       T
  SINCE MAR 1      2.2                       8.4   -6.2     20.6
  SINCE JUL 1     58.6                      42.5   16.1     63.4
  SNOW DEPTH      MM

DEGREE DAYS
 HEATING
  YESTERDAY       19                        21     -2       17
  MONTH TO DATE  111                       107      4      108
  SINCE MAR 1   1081                       936    145      947
  SINCE JUL 1   5229                      4978    251     4749

 COOLING
  YESTERDAY        0                         0      0        0
  MONTH TO DATE    0                         0      0        0
  SINCE MAR 1      0                         0      0        0
  SINCE JAN 1      0                         0      0        0
..................................................................


WIND (MPH)
  RESULTANT WIND SPEED  10   RESULTANT WIND DIRECTION  NW (300)
  HIGHEST WIND SPEED    26   HIGHEST WIND DIRECTION     W (290)
  HIGHEST GUST SPEED    38   HIGHEST GUST DIRECTION     W (290)
  AVERAGE WIND SPEED    13.5


SKY COVER
  POSSIBLE SUNSHINE  MM
  AVERAGE SKY COVER 0.8


WEATHER CONDITIONS
 THE FOLLOWING WEATHER WAS RECORDED YESTERDAY.
  RAIN
  LIGHT RAIN
  FOG


RELATIVE HUMIDITY (PERCENT)
 HIGHEST    92           200 AM
 LOWEST     41           700 PM
 AVERAGE    67

..........................................................


THE BOSTON MA CLIMATE NORMALS FOR TODAY
                         NORMAL    RECORD    YEAR
 MAXIMUM TEMPERATURE (F)   52        82      1928
 MINIMUM TEMPERATURE (F)   38        20      1881


SUNRISE AND SUNSET
APRIL  6 2014.........SUNRISE   618 AM EDT   SUNSET   716 PM EDT
APRIL  7 2014.........SUNRISE   617 AM EDT   SUNSET   717 PM EDT


-  INDICATES NEGATIVE NUMBERS.
R  INDICATES RECORD WAS SET OR TIED.
MM INDICATES DATA IS MISSING.
T  INDICATES TRACE AMOUNT.




$$
