000
CDUS41 KBOX 280531
CLIBOS


CLIMATE REPORT
NATIONAL WEATHER SERVICE TAUNTON MA
131 AM EDT SAT MAY 28 2016


...................................

...THE BOSTON MA CLIMATE SUMMARY FOR MAY 27 2016...

CLIMATE NORMAL PERIOD 1981 TO 2010
CLIMATE RECORD PERIOD 1872 TO 2016


WEATHER ITEM   OBSERVED TIME   RECORD YEAR NORMAL DEPARTURE LAST
                VALUE   (LST)  VALUE       VALUE  FROM      YEAR
                                                  NORMAL
..................................................................
TEMPERATURE (F)
 YESTERDAY
  MAXIMUM         73    925 PM  96    1880  70      3       85
  MINIMUM         58   1217 AM  39    1915  53      5       65
  AVERAGE         66                        61      5       75

PRECIPITATION (IN)
  YESTERDAY        0.00          1.48 1961   0.13  -0.13     0.00
  MONTH TO DATE    1.70                      2.99  -1.29     0.31
  SINCE MAR 1      7.77                     11.05  -3.28     5.64
  SINCE JAN 1     15.21                     17.66  -2.45    12.58

SNOWFALL (IN)
  YESTERDAY        0.0           0.0  2002   0.0    0.0      0.0
                                      2001
                                      2000
  MONTH TO DATE    0.0                       0.1   -0.1      0.0
  SINCE MAR 1     10.7                       9.8    0.9      8.6
  SINCE JUL 1     36.1                      43.9   -7.8    110.6
  SNOW DEPTH      MM

DEGREE DAYS
 HEATING
  YESTERDAY        0                         5     -5        0
  MONTH TO DATE  233                       227      6      134
  SINCE MAR 1   1456                      1566   -110     1613
  SINCE JUL 1   4786                      5608   -822     5928

 COOLING
  YESTERDAY        1                         2     -1       10
  MONTH TO DATE   14                        15     -1       43
  SINCE MAR 1     17                        18     -1       43
  SINCE JAN 1     17                        18     -1       43
..................................................................


WIND (MPH)
  RESULTANT WIND SPEED   4   RESULTANT WIND DIRECTION   E (90)
  HIGHEST WIND SPEED    15   HIGHEST WIND DIRECTION    SW (210)
  HIGHEST GUST SPEED    21   HIGHEST GUST DIRECTION    SW (220)
  AVERAGE WIND SPEED     7.0


SKY COVER
  POSSIBLE SUNSHINE  MM
  AVERAGE SKY COVER 0.7


WEATHER CONDITIONS
 THE FOLLOWING WEATHER WAS RECORDED YESTERDAY.
  FOG


RELATIVE HUMIDITY (PERCENT)
 HIGHEST    87           100 AM
 LOWEST     68           900 AM
 AVERAGE    78

..........................................................


THE BOSTON MA CLIMATE NORMALS FOR TODAY
                         NORMAL    RECORD    YEAR
 MAXIMUM TEMPERATURE (F)   70        92      1931
 MINIMUM TEMPERATURE (F)   54        43      1917
                                             1902


SUNRISE AND SUNSET
MAY 28 2016...........SUNRISE   512 AM EDT   SUNSET   812 PM EDT
MAY 29 2016...........SUNRISE   511 AM EDT   SUNSET   812 PM EDT


-  INDICATES NEGATIVE NUMBERS.
R  INDICATES RECORD WAS SET OR TIED.
MM INDICATES DATA IS MISSING.
T  INDICATES TRACE AMOUNT.




$$
