000
CDUS41 KBOX 230536
CLIBOS


CLIMATE REPORT
NATIONAL WEATHER SERVICE TAUNTON MA
136 AM EDT THU OCT 23 2014


...................................

...THE BOSTON MA CLIMATE SUMMARY FOR OCTOBER 22 2014...

CLIMATE NORMAL PERIOD 1981 TO 2010
CLIMATE RECORD PERIOD 1872 TO 2014


WEATHER ITEM   OBSERVED TIME   RECORD YEAR NORMAL DEPARTURE LAST
                VALUE   (LST)  VALUE       VALUE  FROM      YEAR
                                                  NORMAL
..................................................................
TEMPERATURE (F)
 YESTERDAY
  MAXIMUM         56    736 AM  83    1979  59     -3       71
  MINIMUM         50   1159 PM  28    1940  45      5       48
  AVERAGE         53                        52      1       60

PRECIPITATION (IN)
  YESTERDAY        0.87          1.53 1898   0.13   0.74      T
  MONTH TO DATE    3.51                      2.80   0.71     0.50
  SINCE SEP 1      4.21                      6.24  -2.03     2.71
  SINCE JAN 1     31.10                     34.86  -3.76    32.91

SNOWFALL (IN)
  YESTERDAY        0.0           T    1969   0.0    0.0      0.0
  MONTH TO DATE    0.0                       0.0    0.0      0.0
  SINCE SEP 1      0.0                       0.0    0.0      0.0
  SINCE JUL 1      0.0                       0.0    0.0      0.0
  SNOW DEPTH      MM

DEGREE DAYS
 HEATING
  YESTERDAY       12                        13     -1        5
  MONTH TO DATE  168                       219    -51      116
  SINCE SEP 1    244                       303    -59      199
  SINCE JUL 1    244                       316    -72      201

 COOLING
  YESTERDAY        0                         0      0        0
  MONTH TO DATE   10                         6      4       16
  SINCE SEP 1    130                        87     43       98
  SINCE JAN 1    769                       746     23      919
..................................................................


WIND (MPH)
  RESULTANT WIND SPEED  22   RESULTANT WIND DIRECTION   N (20)
  HIGHEST WIND SPEED    44   HIGHEST WIND DIRECTION    NE (30)
  HIGHEST GUST SPEED    54   HIGHEST GUST DIRECTION     N (20)
  AVERAGE WIND SPEED    24.8


SKY COVER
  POSSIBLE SUNSHINE  MM
  AVERAGE SKY COVER 1.0


WEATHER CONDITIONS
 THE FOLLOWING WEATHER WAS RECORDED YESTERDAY.
  THUNDERSTORM
  HEAVY RAIN
  RAIN
  LIGHT RAIN
  FOG


RELATIVE HUMIDITY (PERCENT)
 HIGHEST   100          1100 PM
 LOWEST     89           400 AM
 AVERAGE    95

..........................................................


THE BOSTON MA CLIMATE NORMALS FOR TODAY
                         NORMAL    RECORD    YEAR
 MAXIMUM TEMPERATURE (F)   59        84      1947
 MINIMUM TEMPERATURE (F)   44        29      1883


SUNRISE AND SUNSET
OCTOBER 23 2014.......SUNRISE   706 AM EDT   SUNSET   550 PM EDT
OCTOBER 24 2014.......SUNRISE   708 AM EDT   SUNSET   548 PM EDT


-  INDICATES NEGATIVE NUMBERS.
R  INDICATES RECORD WAS SET OR TIED.
MM INDICATES DATA IS MISSING.
T  INDICATES TRACE AMOUNT.




$$
