522
CDUS41 KBOX 062118
CLIBOS


CLIMATE REPORT
NATIONAL WEATHER SERVICE TAUNTON MA
418 PM EST WED DEC 6 2017


...................................

...THE BOSTON MA CLIMATE SUMMARY FOR DECEMBER 6 2017...
VALID AS OF 0400 PM LOCAL TIME.

CLIMATE NORMAL PERIOD 1981 TO 2010
CLIMATE RECORD PERIOD 1872 TO 2017


WEATHER ITEM   OBSERVED TIME   RECORD YEAR NORMAL DEPARTURE LAST
                VALUE   (LST)  VALUE       VALUE  FROM      YEAR
                                                  NORMAL
..................................................................
TEMPERATURE (F)
 TODAY
  MAXIMUM         58    455 AM  72    2001  44     14       44
  MINIMUM         43    359 PM   8    1935  32     11       34
  AVERAGE         51                        38     13       39

PRECIPITATION (IN)
  TODAY            0.46          2.91 1937   0.13   0.33     0.00
  MONTH TO DATE    0.63                      0.79  -0.16     0.45
  SINCE DEC 1      0.63                      0.79  -0.16     0.45
  SINCE JAN 1     41.59                     40.78   0.81    30.25

SNOWFALL (IN)
  TODAY           MM            11.9  2003   0.2   MM        0.0
                                      1981
  MONTH TO DATE    0.0                       1.1   -1.1      0.3
  SINCE DEC 1      0.0                       1.1   -1.1      0.3
  SINCE JUL 1      T                         2.4   -2.4      0.3
  SNOW DEPTH      MM

DEGREE DAYS
 HEATING
  TODAY           14                        27    -13       26
  MONTH TO DATE  129                       157    -28      143
  SINCE DEC 1    129                       157    -28      143
  SINCE JUL 1    956                      1212   -256     1058

 COOLING
  TODAY            0                         0      0        0
  MONTH TO DATE    0                         0      0        0
  SINCE DEC 1      0                         0      0        0
  SINCE JAN 1    880                       747    133     1035
..................................................................


WIND (MPH)
  HIGHEST WIND SPEED    38   HIGHEST WIND DIRECTION     S (200)
  HIGHEST GUST SPEED    46   HIGHEST GUST DIRECTION     S (190)
  AVERAGE WIND SPEED    15.0


SKY COVER
  POSSIBLE SUNSHINE  MM
  AVERAGE SKY COVER 0.9


WEATHER CONDITIONS
 THE FOLLOWING WEATHER WAS RECORDED TODAY.
  HEAVY RAIN
  RAIN
  LIGHT RAIN
  FOG


RELATIVE HUMIDITY (PERCENT)
 HIGHEST    93          1200 AM
 LOWEST     41           200 PM
 AVERAGE    67

..........................................................


THE BOSTON MA CLIMATE NORMALS FOR TOMORROW
                         NORMAL    RECORD    YEAR
 MAXIMUM TEMPERATURE (F)   44        76      1998
 MINIMUM TEMPERATURE (F)   31         4      1906


SUNRISE AND SUNSET
DECEMBER  6 2017......SUNRISE   659 AM EST   SUNSET   411 PM EST
DECEMBER  7 2017......SUNRISE   700 AM EST   SUNSET   411 PM EST


-  INDICATES NEGATIVE NUMBERS.
R  INDICATES RECORD WAS SET OR TIED.
MM INDICATES DATA IS MISSING.
T  INDICATES TRACE AMOUNT.




$$
