000
CDUS41 KBOX 111328
CLIBOS


CLIMATE REPORT
NATIONAL WEATHER SERVICE TAUNTON MA
827 AM EST SAT FEB 11 2017


...................................

...THE BOSTON MA CLIMATE SUMMARY FOR FEBRUARY 10 2017...

CLIMATE NORMAL PERIOD 1981 TO 2010
CLIMATE RECORD PERIOD 1872 TO 2017


WEATHER ITEM   OBSERVED TIME   RECORD YEAR NORMAL DEPARTURE LAST
                VALUE   (LST)  VALUE       VALUE  FROM      YEAR
                                                  NORMAL
..................................................................
TEMPERATURE (F)
 YESTERDAY
  MAXIMUM         25    259 PM  60    1990  38    -13       36
  MINIMUM         11    708 AM  -5    1875  24    -13       20
  AVERAGE         18                        31    -13       28

PRECIPITATION (IN)
  YESTERDAY        T             1.73 1885   0.11  -0.11      T
  MONTH TO DATE    1.76                      1.08   0.68     1.83
  SINCE DEC 1      9.26                      8.22   1.04     9.38
  SINCE JAN 1      6.01                      4.44   1.57     5.10

SNOWFALL (IN)
  YESTERDAY        T             8.6  1926   0.3   -0.3      0.1
  MONTH TO DATE   12.9                       3.8    9.1     13.4
  SINCE DEC 1     27.7                      25.7    2.0     23.8
  SINCE JUL 1     27.7                      27.0    0.7     23.8
  SNOW DEPTH      MM

DEGREE DAYS
 HEATING
  YESTERDAY       47                        34     13       37
  MONTH TO DATE  335                       347    -12      277
  SINCE DEC 1   2170                      2402   -232     1881
  SINCE JUL 1   3085                      3457   -372     2736

 COOLING
  YESTERDAY        0                         0      0        0
  MONTH TO DATE    0                         0      0        0
  SINCE DEC 1      0                         0      0        0
  SINCE JAN 1      0                         0      0        0
..................................................................


WIND (MPH)
  RESULTANT WIND SPEED  11   RESULTANT WIND DIRECTION  NW (300)
  HIGHEST WIND SPEED    26   HIGHEST WIND DIRECTION    NW (300)
  HIGHEST GUST SPEED    35   HIGHEST GUST DIRECTION     W (290)
  AVERAGE WIND SPEED    13.0


SKY COVER
  POSSIBLE SUNSHINE  MM
  AVERAGE SKY COVER 0.4


WEATHER CONDITIONS
 THE FOLLOWING WEATHER WAS RECORDED YESTERDAY.
  LIGHT SNOW
  FOG
  BLOWING SNOW


RELATIVE HUMIDITY (PERCENT)
 HIGHEST    61           800 AM
 LOWEST     25           400 PM
 AVERAGE    43

..........................................................


THE BOSTON MA CLIMATE NORMALS FOR TODAY
                         NORMAL    RECORD    YEAR
 MAXIMUM TEMPERATURE (F)   38        62      1981
 MINIMUM TEMPERATURE (F)   24        -4      1899


SUNRISE AND SUNSET
FEBRUARY 11 2017......SUNRISE   646 AM EST   SUNSET   512 PM EST
FEBRUARY 12 2017......SUNRISE   644 AM EST   SUNSET   513 PM EST


-  INDICATES NEGATIVE NUMBERS.
R  INDICATES RECORD WAS SET OR TIED.
MM INDICATES DATA IS MISSING.
T  INDICATES TRACE AMOUNT.




$$
