000
CDUS41 KBOX 130550
CLIBOS


CLIMATE REPORT
NATIONAL WEATHER SERVICE TAUNTON MA
1245 AM EST SAT DEC 13 2014


...................................

...THE BOSTON MA CLIMATE SUMMARY FOR DECEMBER 12 2014...

CLIMATE NORMAL PERIOD 1981 TO 2010
CLIMATE RECORD PERIOD 1872 TO 2014


WEATHER ITEM   OBSERVED TIME   RECORD YEAR NORMAL DEPARTURE LAST
                VALUE   (LST)  VALUE       VALUE  FROM      YEAR
                                                  NORMAL
..................................................................
TEMPERATURE (F)
 YESTERDAY
  MAXIMUM         39    310 PM  68    1979  42     -3       27
                                      1911
  MINIMUM         31    517 AM   2    1988  29      2       18
  AVERAGE         35                        36     -1       23

PRECIPITATION (IN)
  YESTERDAY        T             4.21 1992   0.12  -0.12     0.00
  MONTH TO DATE    5.11                      1.56   3.55     1.17
  SINCE DEC 1      5.11                      1.56   3.55     1.17
  SINCE JAN 1     43.80                     41.55   2.25    36.91

SNOWFALL (IN)
  YESTERDAY        T            13.0  1960   0.3   -0.3      0.0
  MONTH TO DATE    0.3                       2.6   -2.3      0.8
  SINCE DEC 1      0.3                       2.6   -2.3      0.8
  SINCE JUL 1      2.9                       3.9   -1.0      0.8
  SNOW DEPTH       0

DEGREE DAYS
 HEATING
  YESTERDAY       30                        29      1       42
  MONTH TO DATE  326                       326      0      338
  SINCE DEC 1    326                       326      0      338
  SINCE JUL 1   1339                      1381    -42     1354

 COOLING
  YESTERDAY        0                         0      0        0
  MONTH TO DATE    0                         0      0        0
  SINCE DEC 1      0                         0      0        0
  SINCE JAN 1    769                       747     22      920
..................................................................


WIND (MPH)
  RESULTANT WIND SPEED  10   RESULTANT WIND DIRECTION   W (280)
  HIGHEST WIND SPEED    16   HIGHEST WIND DIRECTION     W (280)
  HIGHEST GUST SPEED    21   HIGHEST GUST DIRECTION    NW (330)
  AVERAGE WIND SPEED    10.8


SKY COVER
  POSSIBLE SUNSHINE  MM
  AVERAGE SKY COVER 0.8


WEATHER CONDITIONS
 THE FOLLOWING WEATHER WAS RECORDED YESTERDAY.
  LIGHT SNOW


RELATIVE HUMIDITY (PERCENT)
 HIGHEST    85           200 AM
 LOWEST     64          1100 AM
 AVERAGE    75

..........................................................


THE BOSTON MA CLIMATE NORMALS FOR TODAY
                         NORMAL    RECORD    YEAR
 MAXIMUM TEMPERATURE (F)   42        63      1984
 MINIMUM TEMPERATURE (F)   29         4      1898
                                             1893
                                             1890


SUNRISE AND SUNSET
DECEMBER 13 2014......SUNRISE   705 AM EST   SUNSET   412 PM EST
DECEMBER 14 2014......SUNRISE   706 AM EST   SUNSET   412 PM EST


-  INDICATES NEGATIVE NUMBERS.
R  INDICATES RECORD WAS SET OR TIED.
MM INDICATES DATA IS MISSING.
T  INDICATES TRACE AMOUNT.




$$
