000
CDUS41 KBOX 150545
CLIBOS


CLIMATE REPORT
NATIONAL WEATHER SERVICE TAUNTON MA
142 AM EDT MON SEP 15 2014


...................................

...THE BOSTON MA CLIMATE SUMMARY FOR SEPTEMBER 14 2014...

CLIMATE NORMAL PERIOD 1981 TO 2010
CLIMATE RECORD PERIOD 1872 TO 2014


WEATHER ITEM   OBSERVED TIME   RECORD YEAR NORMAL DEPARTURE LAST
                VALUE   (LST)  VALUE       VALUE  FROM      YEAR
                                                  NORMAL
..................................................................
TEMPERATURE (F)
 YESTERDAY
  MAXIMUM         66    425 PM  92    1931  73     -7       68
                                      1915
  MINIMUM         52   1159 PM  40    1884  58     -6       57
  AVERAGE         59                        66     -7       63

PRECIPITATION (IN)
  YESTERDAY        0.00          2.46 1944   0.12  -0.12      T
  MONTH TO DATE    0.51                      1.49  -0.98     1.84
  SINCE SEP 1      0.51                      1.49  -0.98     1.84
  SINCE JAN 1     27.40                     30.11  -2.71    32.04

SNOWFALL (IN)
  YESTERDAY        0.0           0.0  2002   0.0    0.0      0.0
                                      2001
                                      2000
  MONTH TO DATE    0.0                       0.0    0.0      0.0
  SINCE SEP 1      0.0                       0.0    0.0      0.0
  SINCE JUL 1      0.0                       0.0    0.0      0.0
  SNOW DEPTH      MM

DEGREE DAYS
 HEATING
  YESTERDAY        6                         2      4        2
  MONTH TO DATE   14                        18     -4        9
  SINCE SEP 1     14                        18     -4        9
  SINCE JUL 1     14                        31    -17       11

 COOLING
  YESTERDAY        0                         3     -3        0
  MONTH TO DATE   96                        55     41       80
  SINCE SEP 1     96                        55     41       80
  SINCE JAN 1    735                       714     21      901
..................................................................


WIND (MPH)
  RESULTANT WIND SPEED   7   RESULTANT WIND DIRECTION  NW (310)
  HIGHEST WIND SPEED    20   HIGHEST WIND DIRECTION    NW (320)
  HIGHEST GUST SPEED    25   HIGHEST GUST DIRECTION    NW (320)
  AVERAGE WIND SPEED     9.6


SKY COVER
  POSSIBLE SUNSHINE  MM
  AVERAGE SKY COVER 0.4


WEATHER CONDITIONS
 THE FOLLOWING WEATHER WAS RECORDED YESTERDAY.
  NO SIGNIFICANT WEATHER WAS OBSERVED.


RELATIVE HUMIDITY (PERCENT)
 HIGHEST    93          1200 AM
 LOWEST     42           300 PM
 AVERAGE    68

..........................................................


THE BOSTON MA CLIMATE NORMALS FOR TODAY
                         NORMAL    RECORD    YEAR
 MAXIMUM TEMPERATURE (F)   73        94      1915
 MINIMUM TEMPERATURE (F)   58        41      1913


SUNRISE AND SUNSET
SEPTEMBER 15 2014.....SUNRISE   624 AM EDT   SUNSET   654 PM EDT
SEPTEMBER 16 2014.....SUNRISE   625 AM EDT   SUNSET   652 PM EDT


-  INDICATES NEGATIVE NUMBERS.
R  INDICATES RECORD WAS SET OR TIED.
MM INDICATES DATA IS MISSING.
T  INDICATES TRACE AMOUNT.




$$
