000
CDUS41 KBOX 210550
CLIBOS


CLIMATE REPORT
NATIONAL WEATHER SERVICE TAUNTON MA
1250 AM EST WED JAN 21 2015


...................................

...THE BOSTON MA CLIMATE SUMMARY FOR JANUARY 20 2015...

CLIMATE NORMAL PERIOD 1981 TO 2010
CLIMATE RECORD PERIOD 1872 TO 2015


WEATHER ITEM   OBSERVED TIME   RECORD YEAR NORMAL DEPARTURE LAST
                VALUE   (LST)  VALUE       VALUE  FROM      YEAR
                                                  NORMAL
..................................................................
TEMPERATURE (F)
 YESTERDAY
  MAXIMUM         39    321 PM  60    1951  35      4       41
  MINIMUM         27   1159 PM  -3    1946  22      5       26
                                      1901
  AVERAGE         33                        29      4       34

PRECIPITATION (IN)
  YESTERDAY        0.00          2.05 1978   0.10  -0.10     0.00
  MONTH TO DATE    1.69                      2.19  -0.50     3.10
  SINCE DEC 1      8.25                      5.97   2.28     7.72
  SINCE JAN 1      1.69                      2.19  -0.50     3.10

SNOWFALL (IN)
  YESTERDAY        0.0          21.0  1978   0.4   -0.4      0.0
  MONTH TO DATE    2.6                       8.5   -5.9     17.5
  SINCE DEC 1      2.9                      17.5  -14.6     29.2
  SINCE JUL 1      5.5                      18.8  -13.3     29.2
  SNOW DEPTH      MM

DEGREE DAYS
 HEATING
  YESTERDAY       32                        36     -4       31
  MONTH TO DATE  757                       716     41      677
  SINCE DEC 1   1580                      1655    -75     1650
  SINCE JUL 1   2593                      2710   -117     2666

 COOLING
  YESTERDAY        0                         0      0        0
  MONTH TO DATE    0                         0      0        0
  SINCE DEC 1      0                         0      0        0
  SINCE JAN 1      0                         0      0        0
..................................................................


WIND (MPH)
  RESULTANT WIND SPEED  13   RESULTANT WIND DIRECTION   W (270)
  HIGHEST WIND SPEED    23   HIGHEST WIND DIRECTION     W (260)
  HIGHEST GUST SPEED    30   HIGHEST GUST DIRECTION     W (250)
  AVERAGE WIND SPEED    13.5


SKY COVER
  POSSIBLE SUNSHINE  MM
  AVERAGE SKY COVER 0.4


WEATHER CONDITIONS
 THE FOLLOWING WEATHER WAS RECORDED YESTERDAY.
  NO SIGNIFICANT WEATHER WAS OBSERVED.


RELATIVE HUMIDITY (PERCENT)
 HIGHEST    59          1200 AM
 LOWEST     29           400 PM
 AVERAGE    44

..........................................................


THE BOSTON MA CLIMATE NORMALS FOR TODAY
                         NORMAL    RECORD    YEAR
 MAXIMUM TEMPERATURE (F)   35        68      1906
 MINIMUM TEMPERATURE (F)   22         0      1888


SUNRISE AND SUNSET
JANUARY 21 2015.......SUNRISE   707 AM EST   SUNSET   444 PM EST
JANUARY 22 2015.......SUNRISE   707 AM EST   SUNSET   445 PM EST


-  INDICATES NEGATIVE NUMBERS.
R  INDICATES RECORD WAS SET OR TIED.
MM INDICATES DATA IS MISSING.
T  INDICATES TRACE AMOUNT.




$$
