000
CDUS41 KBOX 090558
CLIBOS


CLIMATE REPORT
NATIONAL WEATHER SERVICE TAUNTON MA
148 AM EDT WED AUG 9 2017


...................................

...THE BOSTON MA CLIMATE SUMMARY FOR AUGUST 8 2017...

CLIMATE NORMAL PERIOD 1981 TO 2010
CLIMATE RECORD PERIOD 1872 TO 2017


WEATHER ITEM   OBSERVED TIME   RECORD YEAR NORMAL DEPARTURE LAST
                VALUE   (LST)  VALUE       VALUE  FROM      YEAR
                                                  NORMAL
..................................................................
TEMPERATURE (F)
 YESTERDAY
  MAXIMUM         75    157 PM  96    1983  81     -6       82
  MINIMUM         62    951 AM  52    1903  66     -4       69
  AVERAGE         69                        73     -4       76

PRECIPITATION (IN)
  YESTERDAY        0.00          1.94 1874   0.11  -0.11     0.00
  MONTH TO DATE    1.12                      0.97   0.15     0.06
  SINCE JUN 1     10.00                      8.08   1.92     2.26
  SINCE JAN 1     30.83                     26.24   4.59    18.60

SNOWFALL (IN)
  YESTERDAY        0.0           T    1954   0.0    0.0      0.0
  MONTH TO DATE    0.0                       0.0    0.0      0.0
  SINCE JUN 1      0.0                       0.0    0.0      0.0
  SINCE JUL 1      0.0                       0.0    0.0      0.0
  SNOW DEPTH      MM

DEGREE DAYS
 HEATING
  YESTERDAY        0                         0      0        0
  MONTH TO DATE    0                         0      0        0
  SINCE JUN 1     60                        61     -1       24
  SINCE JUL 1     10                         6      4        7

 COOLING
  YESTERDAY        4                         8     -4       11
  MONTH TO DATE   64                        68     -4       80
  SINCE JUN 1    505                       470     35      567
  SINCE JAN 1    565                       500     65      612
..................................................................


WIND (MPH)
  RESULTANT WIND SPEED   4   RESULTANT WIND DIRECTION   E (80)
  HIGHEST WIND SPEED    14   HIGHEST WIND DIRECTION    SE (140)
  HIGHEST GUST SPEED    15   HIGHEST GUST DIRECTION    SE (140)
  AVERAGE WIND SPEED     8.3


SKY COVER
  POSSIBLE SUNSHINE  MM
  AVERAGE SKY COVER 0.8


WEATHER CONDITIONS
 THE FOLLOWING WEATHER WAS RECORDED YESTERDAY.
  FOG


RELATIVE HUMIDITY (PERCENT)
 HIGHEST   100           500 AM
 LOWEST     57          1200 PM
 AVERAGE    79

..........................................................


THE BOSTON MA CLIMATE NORMALS FOR TODAY
                         NORMAL    RECORD    YEAR
 MAXIMUM TEMPERATURE (F)   81        99      1949
 MINIMUM TEMPERATURE (F)   66        53      1899


SUNRISE AND SUNSET
AUGUST  9 2017........SUNRISE   545 AM EDT   SUNSET   753 PM EDT
AUGUST 10 2017........SUNRISE   546 AM EDT   SUNSET   752 PM EDT


-  INDICATES NEGATIVE NUMBERS.
R  INDICATES RECORD WAS SET OR TIED.
MM INDICATES DATA IS MISSING.
T  INDICATES TRACE AMOUNT.




$$
