750
CDUS41 KBOX 112126
CLIBOS


CLIMATE REPORT
NATIONAL WEATHER SERVICE TAUNTON MA
416 PM EST WED JAN 11 2017


...................................

...THE BOSTON MA CLIMATE SUMMARY FOR JANUARY 11 2017...
VALID AS OF 0400 PM LOCAL TIME.

CLIMATE NORMAL PERIOD 1981 TO 2010
CLIMATE RECORD PERIOD 1872 TO 2017


WEATHER ITEM   OBSERVED TIME   RECORD YEAR NORMAL DEPARTURE LAST
                VALUE   (LST)  VALUE       VALUE  FROM      YEAR
                                                  NORMAL
..................................................................
TEMPERATURE (F)
 TODAY
  MAXIMUM         55    213 PM  62    1975  36     19       51
  MINIMUM         39   1257 AM  -4    1893  22     17       25
  AVERAGE         47                        29     18       38

PRECIPITATION (IN)
  TODAY            0.09          1.41 2008   0.11  -0.02     0.00
  MONTH TO DATE    1.85                      1.21   0.64     1.39
  SINCE DEC 1      5.10                      4.99   0.11     5.67
  SINCE JAN 1      1.85                      1.21   0.64     1.39

SNOWFALL (IN)
  TODAY           MM             9.2  1927   0.5   MM        0.0
  MONTH TO DATE    8.3                       4.7    3.6       T
  SINCE DEC 1     14.2                      13.7    0.5      0.9
  SINCE JUL 1     14.2                      15.0   -0.8      0.9
  SNOW DEPTH      MM

DEGREE DAYS
 HEATING
  TODAY           18                        36    -18       27
  MONTH TO DATE  369                       392    -23      332
  SINCE DEC 1   1285                      1331    -46      935
  SINCE JUL 1   2200                      2386   -186     1790

 COOLING
  TODAY            0                         0      0        0
  MONTH TO DATE    0                         0      0        0
  SINCE DEC 1      0                         0      0        0
  SINCE JAN 1      0                         0      0        0
..................................................................


WIND (MPH)
  HIGHEST WIND SPEED    32   HIGHEST WIND DIRECTION    SW (210)
  HIGHEST GUST SPEED    46   HIGHEST GUST DIRECTION    SW (220)
  AVERAGE WIND SPEED    17.5


SKY COVER
  POSSIBLE SUNSHINE  MM
  AVERAGE SKY COVER 0.7


WEATHER CONDITIONS
 THE FOLLOWING WEATHER WAS RECORDED TODAY.
  LIGHT RAIN
  HAZE


RELATIVE HUMIDITY (PERCENT)
 HIGHEST   100           100 AM
 LOWEST     41           200 PM
 AVERAGE    71

..........................................................


THE BOSTON MA CLIMATE NORMALS FOR TOMORROW
                         NORMAL    RECORD    YEAR
 MAXIMUM TEMPERATURE (F)   36        61      1975
                                             1913
 MINIMUM TEMPERATURE (F)   22       -10      1886


SUNRISE AND SUNSET
JANUARY 11 2017.......SUNRISE   712 AM EST   SUNSET   433 PM EST
JANUARY 12 2017.......SUNRISE   712 AM EST   SUNSET   434 PM EST


-  INDICATES NEGATIVE NUMBERS.
R  INDICATES RECORD WAS SET OR TIED.
MM INDICATES DATA IS MISSING.
T  INDICATES TRACE AMOUNT.




$$
