000
CDUS41 KBOX 122137
CLIBOS


CLIMATE REPORT
NATIONAL WEATHER SERVICE TAUNTON MA
534 PM EDT SUN MAR 12 2017


...................................

...THE BOSTON MA CLIMATE SUMMARY FOR MARCH 12 2017...
VALID TODAY AS OF 0500 PM LOCAL TIME.

CLIMATE NORMAL PERIOD 1981 TO 2010
CLIMATE RECORD PERIOD 1872 TO 2017


WEATHER ITEM   OBSERVED TIME   RECORD YEAR NORMAL DEPARTURE LAST
                VALUE   (LST)  VALUE       VALUE  FROM      YEAR
                                                  NORMAL
..................................................................
TEMPERATURE (F)
 TODAY
  MAXIMUM         27    355 PM  71    2012  44    -17       60
  MINIMUM          9    653 AM   7    1900  30    -21       36
  AVERAGE         18                        37    -19       48

PRECIPITATION (IN)
  TODAY            0.00          1.55 1936   0.12  -0.12     0.00
  MONTH TO DATE    0.31                      1.58  -1.27     0.87
  SINCE MAR 1      0.31                      1.58  -1.27     0.87
  SINCE JAN 1      7.78                      8.19  -0.41     8.31

SNOWFALL (IN)
  TODAY            0.0           6.4  1959   0.3   -0.3      0.0
  MONTH TO DATE    2.9                       3.9   -1.0      0.5
  SINCE MAR 1      2.9                       3.9   -1.0      0.5
  SINCE JUL 1     39.2                      38.0    1.2     25.9
  SNOW DEPTH       0

DEGREE DAYS
 HEATING
  TODAY           47                        28     19       17
  MONTH TO DATE  387                       351     36      284
  SINCE MAR 1    387                       351     36      284
  SINCE JUL 1   3926                      4393   -467     3614

 COOLING
  TODAY            0                         0      0        0
  MONTH TO DATE    0                         0      0        0
  SINCE MAR 1      0                         0      0        0
  SINCE JAN 1      0                         0      0        0
..................................................................


WIND (MPH)
  HIGHEST WIND SPEED    25   HIGHEST WIND DIRECTION     W (260)
  HIGHEST GUST SPEED    33   HIGHEST GUST DIRECTION     W (290)
  AVERAGE WIND SPEED    16.5


SKY COVER
  POSSIBLE SUNSHINE  MM
  AVERAGE SKY COVER 0.1


WEATHER CONDITIONS
 THE FOLLOWING WEATHER WAS RECORDED TODAY.
  NO SIGNIFICANT WEATHER WAS OBSERVED.


RELATIVE HUMIDITY (PERCENT)
 HIGHEST    50           300 AM
 LOWEST     29           300 PM
 AVERAGE    40

..........................................................


THE BOSTON MA CLIMATE NORMALS FOR TOMORROW
                         NORMAL    RECORD    YEAR
 MAXIMUM TEMPERATURE (F)   44        73      1990
                                             1946
 MINIMUM TEMPERATURE (F)   30         3      1885


SUNRISE AND SUNSET
MARCH 12 2017.........SUNRISE   701 AM EDT   SUNSET   647 PM EDT
MARCH 13 2017.........SUNRISE   659 AM EDT   SUNSET   649 PM EDT


-  INDICATES NEGATIVE NUMBERS.
R  INDICATES RECORD WAS SET OR TIED.
MM INDICATES DATA IS MISSING.
T  INDICATES TRACE AMOUNT.




$$
