000
CDUS41 KBOX 100544
CLIBOS


CLIMATE REPORT
NATIONAL WEATHER SERVICE TAUNTON MA
141 AM EDT WED SEP 10 2014


...................................

...THE BOSTON MA CLIMATE SUMMARY FOR SEPTEMBER 9 2014...

CLIMATE NORMAL PERIOD 1981 TO 2010
CLIMATE RECORD PERIOD 1872 TO 2014


WEATHER ITEM   OBSERVED TIME   RECORD YEAR NORMAL DEPARTURE LAST
                VALUE   (LST)  VALUE       VALUE  FROM      YEAR
                                                  NORMAL
..................................................................
TEMPERATURE (F)
 YESTERDAY
  MAXIMUM         69   1259 PM  91    1971  75     -6       71
  MINIMUM         61    543 AM  45    1938  60      1       52
  AVERAGE         65                        67     -2       62

PRECIPITATION (IN)
  YESTERDAY        0.00          2.19 1969   0.11  -0.11     0.00
  MONTH TO DATE    0.38                      0.93  -0.55     0.85
  SINCE SEP 1      0.38                      0.93  -0.55     0.85
  SINCE JAN 1     27.27                     29.55  -2.28    31.05

SNOWFALL (IN)
  YESTERDAY        0.0           0.0  2002   0.0    0.0      0.0
                                      2001
                                      2000
  MONTH TO DATE    0.0                       0.0    0.0      0.0
  SINCE SEP 1      0.0                       0.0    0.0      0.0
  SINCE JUL 1      0.0                       0.0    0.0      0.0
  SNOW DEPTH      MM

DEGREE DAYS
 HEATING
  YESTERDAY        0                         1     -1        3
  MONTH TO DATE    0                         9     -9        7
  SINCE SEP 1      0                         9     -9        7
  SINCE JUL 1      0                        22    -22        9

 COOLING
  YESTERDAY        0                         4     -4        0
  MONTH TO DATE   90                        40     50       42
  SINCE SEP 1     90                        40     50       42
  SINCE JAN 1    729                       699     30      863
..................................................................


WIND (MPH)
  RESULTANT WIND SPEED   9   RESULTANT WIND DIRECTION  NE (60)
  HIGHEST WIND SPEED    14   HIGHEST WIND DIRECTION     E (70)
  HIGHEST GUST SPEED    17   HIGHEST GUST DIRECTION     E (80)
  AVERAGE WIND SPEED     9.6


SKY COVER
  POSSIBLE SUNSHINE  MM
  AVERAGE SKY COVER 0.6


WEATHER CONDITIONS
 THE FOLLOWING WEATHER WAS RECORDED YESTERDAY.
  NO SIGNIFICANT WEATHER WAS OBSERVED.


RELATIVE HUMIDITY (PERCENT)
 HIGHEST    93          1000 PM
 LOWEST     55          1200 PM
 AVERAGE    74

..........................................................


THE BOSTON MA CLIMATE NORMALS FOR TODAY
                         NORMAL    RECORD    YEAR
 MAXIMUM TEMPERATURE (F)   74        95      1931
 MINIMUM TEMPERATURE (F)   60        41      1883


SUNRISE AND SUNSET
SEPTEMBER 10 2014.....SUNRISE   619 AM EDT   SUNSET   703 PM EDT
SEPTEMBER 11 2014.....SUNRISE   620 AM EDT   SUNSET   701 PM EDT


-  INDICATES NEGATIVE NUMBERS.
R  INDICATES RECORD WAS SET OR TIED.
MM INDICATES DATA IS MISSING.
T  INDICATES TRACE AMOUNT.




$$
