000
CDUS41 KBOX 270644
CLIBOS


CLIMATE REPORT
NATIONAL WEATHER SERVICE TAUNTON MA
141 AM EST SUN NOV 27 2016


...................................

...THE BOSTON MA CLIMATE SUMMARY FOR NOVEMBER 26 2016...

CLIMATE NORMAL PERIOD 1981 TO 2010
CLIMATE RECORD PERIOD 1872 TO 2016


WEATHER ITEM   OBSERVED TIME   RECORD YEAR NORMAL DEPARTURE LAST
                VALUE   (LST)  VALUE       VALUE  FROM      YEAR
                                                  NORMAL
..................................................................
TEMPERATURE (F)
 YESTERDAY
  MAXIMUM         47    103 PM  67    1946  48     -1       59
                                      1895
  MINIMUM         38    815 AM  12    1938  35      3       38
                                      1932
                                      1873
  AVERAGE         43                        42      1       49

PRECIPITATION (IN)
  YESTERDAY        0.00          1.79 1900   0.13  -0.13     0.00
  MONTH TO DATE    1.36                      3.44  -2.08     1.86
  SINCE SEP 1      8.20                     10.82  -2.62     7.53
  SINCE JAN 1     28.46                     39.44 -10.98    30.31

SNOWFALL (IN)
  YESTERDAY        0.0           1.2  1985   0.1   -0.1      0.0
  MONTH TO DATE    T                         0.9   -0.9      0.0
  SINCE SEP 1      T                         0.9   -0.9       T
  SINCE JUL 1      T                         0.9   -0.9       T
  SNOW DEPTH      MM

DEGREE DAYS
 HEATING
  YESTERDAY       22                        24     -2       16
  MONTH TO DATE  471                       512    -41      407
  SINCE SEP 1    822                       946   -124      772
  SINCE JUL 1    829                       959   -130      773

 COOLING
  YESTERDAY        0                         0      0        0
  MONTH TO DATE    0                         0      0        3
  SINCE SEP 1    141                        88     53      171
  SINCE JAN 1   1035                       747    288      921
..................................................................


WIND (MPH)
  RESULTANT WIND SPEED   5   RESULTANT WIND DIRECTION   N (340)
  HIGHEST WIND SPEED    14   HIGHEST WIND DIRECTION    NW (320)
  HIGHEST GUST SPEED    18   HIGHEST GUST DIRECTION    NW (320)
  AVERAGE WIND SPEED     6.9


SKY COVER
  POSSIBLE SUNSHINE  MM
  AVERAGE SKY COVER 0.9


WEATHER CONDITIONS
 THE FOLLOWING WEATHER WAS RECORDED YESTERDAY.
  FOG
  FOG W/VISIBILITY <= 1/4 MILE


RELATIVE HUMIDITY (PERCENT)
 HIGHEST   100          1200 AM
 LOWEST     76           200 PM
 AVERAGE    88

..........................................................


THE BOSTON MA CLIMATE NORMALS FOR TODAY
                         NORMAL    RECORD    YEAR
 MAXIMUM TEMPERATURE (F)   48        72      1896
 MINIMUM TEMPERATURE (F)   35         8      1932


SUNRISE AND SUNSET
NOVEMBER 27 2016......SUNRISE   650 AM EST   SUNSET   414 PM EST
NOVEMBER 28 2016......SUNRISE   651 AM EST   SUNSET   413 PM EST


-  INDICATES NEGATIVE NUMBERS.
R  INDICATES RECORD WAS SET OR TIED.
MM INDICATES DATA IS MISSING.
T  INDICATES TRACE AMOUNT.




$$
