000
CDUS41 KBOX 080627
CLIBOS


CLIMATE REPORT
NATIONAL WEATHER SERVICE TAUNTON MA
127 AM EST FRI DEC 8 2017


...................................

...THE BOSTON MA CLIMATE SUMMARY FOR DECEMBER 7 2017...

CLIMATE NORMAL PERIOD 1981 TO 2010
CLIMATE RECORD PERIOD 1872 TO 2017


WEATHER ITEM   OBSERVED TIME   RECORD YEAR NORMAL DEPARTURE LAST
                VALUE   (LST)  VALUE       VALUE  FROM      YEAR
                                                  NORMAL
..................................................................
TEMPERATURE (F)
 YESTERDAY
  MAXIMUM         47    117 PM  76    1998  44      3       42
  MINIMUM         33    546 AM   4    1906  31      2       36
  AVERAGE         40                        38      2       39

PRECIPITATION (IN)
  YESTERDAY        0.00          1.60 2011   0.14  -0.14     0.08
  MONTH TO DATE    0.63                      0.93  -0.30     0.53
  SINCE DEC 1      0.63                      0.93  -0.30     0.53
  SINCE JAN 1     41.59                     40.92   0.67    30.33

SNOWFALL (IN)
  YESTERDAY        0.0           4.3  2003   0.2   -0.2       T
  MONTH TO DATE    0.0                       1.3   -1.3      0.3
  SINCE DEC 1      0.0                       1.3   -1.3      0.3
  SINCE JUL 1      T                         2.6   -2.6      0.3
  SNOW DEPTH      MM

DEGREE DAYS
 HEATING
  YESTERDAY       25                        27     -2       26
  MONTH TO DATE  158                       184    -26      169
  SINCE DEC 1    158                       184    -26      169
  SINCE JUL 1    985                      1239   -254     1084

 COOLING
  YESTERDAY        0                         0      0        0
  MONTH TO DATE    0                         0      0        0
  SINCE DEC 1      0                         0      0        0
  SINCE JAN 1    880                       747    133     1035
..................................................................


WIND (MPH)
  RESULTANT WIND SPEED  10   RESULTANT WIND DIRECTION   W (250)
  HIGHEST WIND SPEED    18   HIGHEST WIND DIRECTION    SW (240)
  HIGHEST GUST SPEED    27   HIGHEST GUST DIRECTION     W (260)
  AVERAGE WIND SPEED    11.5


SKY COVER
  POSSIBLE SUNSHINE  MM
  AVERAGE SKY COVER 0.4


WEATHER CONDITIONS
 THE FOLLOWING WEATHER WAS RECORDED YESTERDAY.
  NO SIGNIFICANT WEATHER WAS OBSERVED.


RELATIVE HUMIDITY (PERCENT)
 HIGHEST    61           200 AM
 LOWEST     33           300 PM
 AVERAGE    47

..........................................................


THE BOSTON MA CLIMATE NORMALS FOR TODAY
                         NORMAL    RECORD    YEAR
 MAXIMUM TEMPERATURE (F)   44        65      1927
 MINIMUM TEMPERATURE (F)   31        -4      1902


SUNRISE AND SUNSET
DECEMBER  8 2017......SUNRISE   701 AM EST   SUNSET   411 PM EST
DECEMBER  9 2017......SUNRISE   702 AM EST   SUNSET   411 PM EST


-  INDICATES NEGATIVE NUMBERS.
R  INDICATES RECORD WAS SET OR TIED.
MM INDICATES DATA IS MISSING.
T  INDICATES TRACE AMOUNT.




$$
