000
CDUS41 KBOX 260538
CLIBOS


CLIMATE REPORT
NATIONAL WEATHER SERVICE TAUNTON MA
135 AM EDT FRI JUN 26 2015


...................................

...THE BOSTON MA CLIMATE SUMMARY FOR JUNE 25 2015...

CLIMATE NORMAL PERIOD 1981 TO 2010
CLIMATE RECORD PERIOD 1872 TO 2015


WEATHER ITEM   OBSERVED TIME   RECORD YEAR NORMAL DEPARTURE LAST
                VALUE   (LST)  VALUE       VALUE  FROM      YEAR
                                                  NORMAL
..................................................................
TEMPERATURE (F)
 YESTERDAY
  MAXIMUM         81    212 PM  97    1943  79      2       89
  MINIMUM         64    422 AM  48    1903  62      2       66
  AVERAGE         73                        71      2       78

PRECIPITATION (IN)
  YESTERDAY        0.00          2.23 1884   0.10  -0.10     0.00
  MONTH TO DATE    3.38                      3.20   0.18     2.34
  SINCE JUN 1      3.38                      3.20   0.18     2.34
  SINCE JAN 1     16.87                     21.36  -4.49    20.29

SNOWFALL (IN)
  YESTERDAY        0.0           0.0  2002   0.0    0.0      0.0
                                      2001
                                      2000
  MONTH TO DATE    0.0                       0.0    0.0      0.0
  SINCE JUN 1      0.0                       0.0    0.0      0.0
  SINCE JUL 1    110.6                      43.8   66.8     58.9
  SNOW DEPTH      MM

DEGREE DAYS
 HEATING
  YESTERDAY        0                         1     -1        0
  MONTH TO DATE   86                        53     33       28
  SINCE JUN 1     86                        53     33       28
  SINCE JUL 1   6017                      5679    338     5857

 COOLING
  YESTERDAY        8                         6      2       13
  MONTH TO DATE   93                       102     -9      105
  SINCE JUN 1     93                       102     -9      105
  SINCE JAN 1    154                       132     22      127
..................................................................


WIND (MPH)
  RESULTANT WIND SPEED   3   RESULTANT WIND DIRECTION   W (290)
  HIGHEST WIND SPEED    15   HIGHEST WIND DIRECTION     W (270)
  HIGHEST GUST SPEED    21   HIGHEST GUST DIRECTION    NW (320)
  AVERAGE WIND SPEED     7.2


SKY COVER
  POSSIBLE SUNSHINE  MM
  AVERAGE SKY COVER 0.5


WEATHER CONDITIONS
 THE FOLLOWING WEATHER WAS RECORDED YESTERDAY.
  NO SIGNIFICANT WEATHER WAS OBSERVED.


RELATIVE HUMIDITY (PERCENT)
 HIGHEST    76           900 PM
 LOWEST     36           100 PM
 AVERAGE    56

..........................................................


THE BOSTON MA CLIMATE NORMALS FOR TODAY
                         NORMAL    RECORD    YEAR
 MAXIMUM TEMPERATURE (F)   79       100      1952
 MINIMUM TEMPERATURE (F)   63        51      1940


SUNRISE AND SUNSET
JUNE 26 2015..........SUNRISE   509 AM EDT   SUNSET   825 PM EDT
JUNE 27 2015..........SUNRISE   509 AM EDT   SUNSET   825 PM EDT


-  INDICATES NEGATIVE NUMBERS.
R  INDICATES RECORD WAS SET OR TIED.
MM INDICATES DATA IS MISSING.
T  INDICATES TRACE AMOUNT.




$$
