000
CDUS41 KBOX 150543
CLIBOS


CLIMATE REPORT
NATIONAL WEATHER SERVICE TAUNTON MA
137 AM EDT THU JUN 15 2017


...................................

...THE BOSTON MA CLIMATE SUMMARY FOR JUNE 14 2017...

CLIMATE NORMAL PERIOD 1981 TO 2010
CLIMATE RECORD PERIOD 1872 TO 2017


WEATHER ITEM   OBSERVED TIME   RECORD YEAR NORMAL DEPARTURE LAST
                VALUE   (LST)  VALUE       VALUE  FROM      YEAR
                                                  NORMAL
..................................................................
TEMPERATURE (F)
 YESTERDAY
  MAXIMUM         73    717 AM  96    1892  76     -3       79
  MINIMUM         59   1159 PM  46    1875  59      0       55
  AVERAGE         66                        67     -1       67

PRECIPITATION (IN)
  YESTERDAY        T             1.17 1998   0.13  -0.13     0.00
  MONTH TO DATE    2.31                      1.97   0.34     1.08
  SINCE JUN 1      2.31                      1.97   0.34     1.08
  SINCE JAN 1     23.14                     20.13   3.01    17.42

SNOWFALL (IN)
  YESTERDAY        0.0           0.0  2002   0.0    0.0      0.0
                                      2001
                                      2000
  MONTH TO DATE    0.0                       0.0    0.0      0.0
  SINCE JUN 1      0.0                       0.0    0.0      0.0
  SINCE JUL 1     47.6                      43.8    3.8     36.1
  SNOW DEPTH      MM

DEGREE DAYS
 HEATING
  YESTERDAY        0                         2     -2        0
  MONTH TO DATE   48                        40      8       17
  SINCE JUN 1     48                        40      8       17
  SINCE JUL 1   5252                      5666   -414     4804

 COOLING
  YESTERDAY        1                         4     -3        2
  MONTH TO DATE   65                        43     22       27
  SINCE JUN 1     65                        43     22       27
  SINCE JAN 1    125                        73     52       72
..................................................................


WIND (MPH)
  RESULTANT WIND SPEED   7   RESULTANT WIND DIRECTION   E (80)
  HIGHEST WIND SPEED    16   HIGHEST WIND DIRECTION     E (100)
  HIGHEST GUST SPEED    20   HIGHEST GUST DIRECTION     E (100)
  AVERAGE WIND SPEED    10.6


SKY COVER
  POSSIBLE SUNSHINE  MM
  AVERAGE SKY COVER 0.6


WEATHER CONDITIONS
 THE FOLLOWING WEATHER WAS RECORDED YESTERDAY.
  LIGHT RAIN


RELATIVE HUMIDITY (PERCENT)
 HIGHEST    78           200 AM
 LOWEST     44           800 AM
 AVERAGE    61

..........................................................


THE BOSTON MA CLIMATE NORMALS FOR TODAY
                         NORMAL    RECORD    YEAR
 MAXIMUM TEMPERATURE (F)   76        98      1988
 MINIMUM TEMPERATURE (F)   60        42      1884


SUNRISE AND SUNSET
JUNE 15 2017..........SUNRISE   507 AM EDT   SUNSET   823 PM EDT
JUNE 16 2017..........SUNRISE   507 AM EDT   SUNSET   823 PM EDT


-  INDICATES NEGATIVE NUMBERS.
R  INDICATES RECORD WAS SET OR TIED.
MM INDICATES DATA IS MISSING.
T  INDICATES TRACE AMOUNT.




$$
