000
CDUS41 KBOX 072131
CLIBOS


CLIMATE REPORT
NATIONAL WEATHER SERVICE TAUNTON MA
528 PM EDT SAT OCT 7 2017


...................................

...THE BOSTON MA CLIMATE SUMMARY FOR OCTOBER 7 2017...
VALID AS OF 0500 PM LOCAL TIME.

CLIMATE NORMAL PERIOD 1981 TO 2010
CLIMATE RECORD PERIOD 1872 TO 2017


WEATHER ITEM   OBSERVED TIME   RECORD YEAR NORMAL DEPARTURE LAST
                VALUE   (LST)  VALUE       VALUE  FROM      YEAR
                                                  NORMAL
..................................................................
TEMPERATURE (F)
 TODAY
  MAXIMUM         76    211 PM  90    1963  65     11       68
  MINIMUM         60    140 AM  30    1883  49     11       53
  AVERAGE         68                        57     11       61

PRECIPITATION (IN)
  TODAY            0.00          2.30 1875   0.13  -0.13     0.00
  MONTH TO DATE    T                         0.90  -0.90     0.74
  SINCE SEP 1      3.73                      4.34  -0.61     2.12
  SINCE JAN 1     35.02                     32.96   2.06    22.38

SNOWFALL (IN)
  TODAY            0.0           0.0  2009   0.0    0.0      0.0
                                      2008
                                      2007
  MONTH TO DATE    0.0                       0.0    0.0      0.0
  SINCE SEP 1      0.0                       0.0    0.0      0.0
  SINCE JUL 1      0.0                       0.0    0.0      0.0
  SNOW DEPTH      MM

DEGREE DAYS
 HEATING
  TODAY            0                         9     -9        4
  MONTH TO DATE   21                        54    -33       51
  SINCE SEP 1     58                       138    -80       97
  SINCE JUL 1     70                       151    -81      104

 COOLING
  TODAY            3                         0      3        0
  MONTH TO DATE   14                         6      8        0
  SINCE SEP 1    125                        87     38      128
  SINCE JAN 1    854                       746    108     1022
..................................................................


WIND (MPH)
  HIGHEST WIND SPEED    17   HIGHEST WIND DIRECTION     S (180)
  HIGHEST GUST SPEED    19   HIGHEST GUST DIRECTION     S (170)
  AVERAGE WIND SPEED     5.8


SKY COVER
  POSSIBLE SUNSHINE  MM
  AVERAGE SKY COVER 0.8


WEATHER CONDITIONS
 THE FOLLOWING WEATHER WAS RECORDED TODAY.
  NO SIGNIFICANT WEATHER WAS OBSERVED.


RELATIVE HUMIDITY (PERCENT)
 HIGHEST    93           700 AM
 LOWEST     68          1200 PM
 AVERAGE    81

..........................................................


THE BOSTON MA CLIMATE NORMALS FOR TOMORROW
                         NORMAL    RECORD    YEAR
 MAXIMUM TEMPERATURE (F)   64        88      1879
 MINIMUM TEMPERATURE (F)   49        35      1964


SUNRISE AND SUNSET
OCTOBER  7 2017.......SUNRISE   648 AM EDT   SUNSET   615 PM EDT
OCTOBER  8 2017.......SUNRISE   649 AM EDT   SUNSET   613 PM EDT


-  INDICATES NEGATIVE NUMBERS.
R  INDICATES RECORD WAS SET OR TIED.
MM INDICATES DATA IS MISSING.
T  INDICATES TRACE AMOUNT.




$$
