000
CDUS41 KBOX 252127
CLIBOS


CLIMATE REPORT
NATIONAL WEATHER SERVICE TAUNTON MA
526 PM EDT MON APR 25 2016


...................................

...THE BOSTON MA CLIMATE SUMMARY FOR APRIL 25 2016...
VALID TODAY AS OF 0500 PM LOCAL TIME.

CLIMATE NORMAL PERIOD 1981 TO 2010
CLIMATE RECORD PERIOD 1872 TO 2016


WEATHER ITEM   OBSERVED TIME   RECORD YEAR NORMAL DEPARTURE LAST
                VALUE   (LST)  VALUE       VALUE  FROM      YEAR
                                                  NORMAL
..................................................................
TEMPERATURE (F)
 TODAY
  MAXIMUM         57    208 PM  83    2009  59     -2       56
                                      1982
  MINIMUM         44   1226 AM  27    1892  44      0       36
  AVERAGE         51                        51      0       46

PRECIPITATION (IN)
  TODAY            0.00          2.10 1901   0.11  -0.11     0.00
  MONTH TO DATE    2.64                      3.17  -0.53     2.11
  SINCE MAR 1      5.80                      7.49  -1.69     5.16
  SINCE JAN 1     13.24                     14.10  -0.86    12.10

SNOWFALL (IN)
  TODAY            0.0           T    2002   0.1   -0.1      0.0
                                      1955
  MONTH TO DATE    6.6                       1.9    4.7       T
  SINCE MAR 1     10.7                       9.7    1.0      8.6
  SINCE JUL 1     36.1                      43.8   -7.7    110.6
  SNOW DEPTH      MM

DEGREE DAYS
 HEATING
  TODAY           14                        14      0       19
  MONTH TO DATE  447                       445      2      432
  SINCE MAR 1   1135                      1274   -139     1409
  SINCE JUL 1   4465                      5316   -851     5724

 COOLING
  TODAY            0                         0      0        0
  MONTH TO DATE    3                         0      3        0
  SINCE MAR 1      3                         0      3        0
  SINCE JAN 1      3                         0      3        0
..................................................................


WIND (MPH)
  HIGHEST WIND SPEED    12   HIGHEST WIND DIRECTION    SE (120)
  HIGHEST GUST SPEED    15   HIGHEST GUST DIRECTION    SE (120)
  AVERAGE WIND SPEED     4.9


SKY COVER
  POSSIBLE SUNSHINE  MM
  AVERAGE SKY COVER 0.9


WEATHER CONDITIONS
 THE FOLLOWING WEATHER WAS RECORDED TODAY.
  NO SIGNIFICANT WEATHER WAS OBSERVED.


RELATIVE HUMIDITY (PERCENT)
 HIGHEST    77           900 AM
 LOWEST     35           200 PM
 AVERAGE    56

..........................................................


THE BOSTON MA CLIMATE NORMALS FOR TOMORROW
                         NORMAL    RECORD    YEAR
 MAXIMUM TEMPERATURE (F)   59        87      2009
 MINIMUM TEMPERATURE (F)   44        28      1919


SUNRISE AND SUNSET
APRIL 25 2016.........SUNRISE   547 AM EDT   SUNSET   738 PM EDT
APRIL 26 2016.........SUNRISE   546 AM EDT   SUNSET   739 PM EDT


-  INDICATES NEGATIVE NUMBERS.
R  INDICATES RECORD WAS SET OR TIED.
MM INDICATES DATA IS MISSING.
T  INDICATES TRACE AMOUNT.




$$
