000
CDUS41 KBOX 092132
CLIBOS


CLIMATE REPORT
NATIONAL WEATHER SERVICE TAUNTON MA
529 PM EDT SAT SEP 9 2017


...................................

...THE BOSTON MA CLIMATE SUMMARY FOR SEPTEMBER 9 2017...
VALID AS OF 0500 PM LOCAL TIME.

CLIMATE NORMAL PERIOD 1981 TO 2010
CLIMATE RECORD PERIOD 1872 TO 2017


WEATHER ITEM   OBSERVED TIME   RECORD YEAR NORMAL DEPARTURE LAST
                VALUE   (LST)  VALUE       VALUE  FROM      YEAR
                                                  NORMAL
..................................................................
TEMPERATURE (F)
 TODAY
  MAXIMUM         68   1151 AM  93    2016  75     -7       93
                                      2015
  MINIMUM         55    545 AM  45    1938  60     -5       73
  AVERAGE         62                        67     -5       83

PRECIPITATION (IN)
  TODAY            0.00          2.19 1969   0.11  -0.11      T
  MONTH TO DATE    1.10                      0.93   0.17     0.26
  SINCE SEP 1      1.10                      0.93   0.17     0.26
  SINCE JAN 1     32.39                     29.55   2.84    20.52

SNOWFALL (IN)
  TODAY            0.0           0.0  2002   0.0    0.0      0.0
                                      2001
                                      2000
  MONTH TO DATE    0.0                       0.0    0.0      0.0
  SINCE SEP 1      0.0                       0.0    0.0      0.0
  SINCE JUL 1      0.0                       0.0    0.0      0.0
  SNOW DEPTH      MM

DEGREE DAYS
 HEATING
  TODAY            3                         1      2        0
  MONTH TO DATE   15                         9      6        0
  SINCE SEP 1     15                         9      6        0
  SINCE JUL 1     27                        22      5        7

 COOLING
  TODAY            0                         4     -4       18
  MONTH TO DATE   28                        40    -12       48
  SINCE SEP 1     28                        40    -12       48
  SINCE JAN 1    757                       699     58      942
..................................................................


WIND (MPH)
  HIGHEST WIND SPEED    14   HIGHEST WIND DIRECTION    NW (300)
  HIGHEST GUST SPEED    18   HIGHEST GUST DIRECTION    NW (300)
  AVERAGE WIND SPEED     9.3


SKY COVER
  POSSIBLE SUNSHINE  MM
  AVERAGE SKY COVER 0.2


WEATHER CONDITIONS
 THE FOLLOWING WEATHER WAS RECORDED TODAY.
  NO SIGNIFICANT WEATHER WAS OBSERVED.


RELATIVE HUMIDITY (PERCENT)
 HIGHEST    83           400 AM
 LOWEST     58          1000 AM
 AVERAGE    71

..........................................................


THE BOSTON MA CLIMATE NORMALS FOR TOMORROW
                         NORMAL    RECORD    YEAR
 MAXIMUM TEMPERATURE (F)   74        95      1931
 MINIMUM TEMPERATURE (F)   60        41      1883


SUNRISE AND SUNSET
SEPTEMBER  9 2017.....SUNRISE   618 AM EDT   SUNSET   704 PM EDT
SEPTEMBER 10 2017.....SUNRISE   619 AM EDT   SUNSET   702 PM EDT


-  INDICATES NEGATIVE NUMBERS.
R  INDICATES RECORD WAS SET OR TIED.
MM INDICATES DATA IS MISSING.
T  INDICATES TRACE AMOUNT.




$$
