000
CDUS41 KBOX 232123
CLIBOS


CLIMATE REPORT
NATIONAL WEATHER SERVICE TAUNTON MA
418 PM EST SUN NOV 23 2014


...................................

...THE BOSTON MA CLIMATE SUMMARY FOR NOVEMBER 23 2014...
VALID AS OF 0400 PM LOCAL TIME.

CLIMATE NORMAL PERIOD 1981 TO 2010
CLIMATE RECORD PERIOD 1872 TO 2014


WEATHER ITEM   OBSERVED TIME   RECORD YEAR NORMAL DEPARTURE LAST
                VALUE   (LST)  VALUE       VALUE  FROM      YEAR
                                                  NORMAL
..................................................................
TEMPERATURE (F)
 TODAY
  MAXIMUM         59    204 PM  77    1931  49     10       50
  MINIMUM         42    645 AM  11    1880  36      6       31
  AVERAGE         51                        43      8       41

PRECIPITATION (IN)
  TODAY            T             3.31 1992   0.14  -0.14      T
  MONTH TO DATE    3.42                      3.04   0.38     0.83
  SINCE SEP 1      9.95                     10.42  -0.47     3.65
  SINCE JAN 1     36.84                     39.04  -2.20    33.85

SNOWFALL (IN)
  TODAY           MM             4.8  1897   0.1   MM         T
  MONTH TO DATE    T                         0.7   -0.7       T
  SINCE SEP 1      T                         0.7   -0.7       T
  SINCE JUL 1      T                         0.7   -0.7       T
  SNOW DEPTH      MM

DEGREE DAYS
 HEATING
  TODAY           14                        23     -9       24
  MONTH TO DATE  502                       442     60      440
  SINCE SEP 1    849                       876    -27      790
  SINCE JUL 1    849                       889    -40      792

 COOLING
  TODAY            0                         0      0        0
  MONTH TO DATE    0                         0      0        1
  SINCE SEP 1    130                        88     42       99
  SINCE JAN 1    769                       747     22      920
..................................................................


WIND (MPH)
  HIGHEST WIND SPEED    18   HIGHEST WIND DIRECTION    SW (230)
  HIGHEST GUST SPEED    22   HIGHEST GUST DIRECTION    SW (230)
  AVERAGE WIND SPEED    11.2


SKY COVER
  POSSIBLE SUNSHINE  MM
  AVERAGE SKY COVER 0.7


WEATHER CONDITIONS
 THE FOLLOWING WEATHER WAS RECORDED TODAY.
  NO SIGNIFICANT WEATHER WAS OBSERVED.


RELATIVE HUMIDITY (PERCENT)
 HIGHEST    57           700 AM
 LOWEST     41           200 AM
 AVERAGE    49

..........................................................


THE BOSTON MA CLIMATE NORMALS FOR TOMORROW
                         NORMAL    RECORD    YEAR
 MAXIMUM TEMPERATURE (F)   49        72      1931
 MINIMUM TEMPERATURE (F)   36        11      1880


SUNRISE AND SUNSET
NOVEMBER 23 2014......SUNRISE   645 AM EST   SUNSET   416 PM EST
NOVEMBER 24 2014......SUNRISE   646 AM EST   SUNSET   416 PM EST


-  INDICATES NEGATIVE NUMBERS.
R  INDICATES RECORD WAS SET OR TIED.
MM INDICATES DATA IS MISSING.
T  INDICATES TRACE AMOUNT.




$$
