000
CDUS41 KBOX 110543
CLIBOS


CLIMATE REPORT
NATIONAL WEATHER SERVICE TAUNTON MA
139 AM EDT THU SEP 11 2014


...................................

...THE BOSTON MA CLIMATE SUMMARY FOR SEPTEMBER 10 2014...

CLIMATE NORMAL PERIOD 1981 TO 2010
CLIMATE RECORD PERIOD 1872 TO 2014


WEATHER ITEM   OBSERVED TIME   RECORD YEAR NORMAL DEPARTURE LAST
                VALUE   (LST)  VALUE       VALUE  FROM      YEAR
                                                  NORMAL
..................................................................
TEMPERATURE (F)
 YESTERDAY
  MAXIMUM         70   1209 PM  95    1931  74     -4       77
  MINIMUM         60    556 AM  41    1883  60      0       59
  AVERAGE         65                        67     -2       68

PRECIPITATION (IN)
  YESTERDAY        0.00          4.71 1999   0.11  -0.11     0.03
  MONTH TO DATE    0.38                      1.04  -0.66     0.88
  SINCE SEP 1      0.38                      1.04  -0.66     0.88
  SINCE JAN 1     27.27                     29.66  -2.39    31.08

SNOWFALL (IN)
  YESTERDAY        0.0           0.0  2002   0.0    0.0      0.0
                                      2001
                                      2000
  MONTH TO DATE    0.0                       0.0    0.0      0.0
  SINCE SEP 1      0.0                       0.0    0.0      0.0
  SINCE JUL 1      0.0                       0.0    0.0      0.0
  SNOW DEPTH      MM

DEGREE DAYS
 HEATING
  YESTERDAY        0                         1     -1        0
  MONTH TO DATE    0                        10    -10        7
  SINCE SEP 1      0                        10    -10        7
  SINCE JUL 1      0                        23    -23        9

 COOLING
  YESTERDAY        0                         3     -3        3
  MONTH TO DATE   90                        43     47       45
  SINCE SEP 1     90                        43     47       45
  SINCE JAN 1    729                       702     27      866
..................................................................


WIND (MPH)
  RESULTANT WIND SPEED   6   RESULTANT WIND DIRECTION  NE (40)
  HIGHEST WIND SPEED    14   HIGHEST WIND DIRECTION    NE (60)
  HIGHEST GUST SPEED    23   HIGHEST GUST DIRECTION     N (360)
  AVERAGE WIND SPEED     7.9


SKY COVER
  POSSIBLE SUNSHINE  MM
  AVERAGE SKY COVER 0.8


WEATHER CONDITIONS
 THE FOLLOWING WEATHER WAS RECORDED YESTERDAY.
  FOG


RELATIVE HUMIDITY (PERCENT)
 HIGHEST    97           100 AM
 LOWEST     66          1100 AM
 AVERAGE    82

..........................................................


THE BOSTON MA CLIMATE NORMALS FOR TODAY
                         NORMAL    RECORD    YEAR
 MAXIMUM TEMPERATURE (F)   74        99      1983
 MINIMUM TEMPERATURE (F)   59        40      1917


SUNRISE AND SUNSET
SEPTEMBER 11 2014.....SUNRISE   620 AM EDT   SUNSET   701 PM EDT
SEPTEMBER 12 2014.....SUNRISE   621 AM EDT   SUNSET   659 PM EDT


-  INDICATES NEGATIVE NUMBERS.
R  INDICATES RECORD WAS SET OR TIED.
MM INDICATES DATA IS MISSING.
T  INDICATES TRACE AMOUNT.




$$
