000
CDUS41 KBOX 110540
CLIBOS


CLIMATE REPORT
NATIONAL WEATHER SERVICE TAUNTON MA
1236 AM EST SAT NOV 11 2017


...................................

...THE BOSTON MA CLIMATE SUMMARY FOR NOVEMBER 10 2017...

CLIMATE NORMAL PERIOD 1981 TO 2010
CLIMATE RECORD PERIOD 1872 TO 2017


WEATHER ITEM   OBSERVED TIME   RECORD YEAR NORMAL DEPARTURE LAST
                VALUE   (LST)  VALUE       VALUE  FROM      YEAR
                                                  NORMAL
..................................................................
TEMPERATURE (F)
 YESTERDAY
  MAXIMUM         49    513 AM  78    1931  53     -4       53
  MINIMUM         24R  1153 PM  25    2004  40    -16       39
  AVERAGE         37                        47    -10       46

PRECIPITATION (IN)
  YESTERDAY        0.02          2.33 1932   0.13  -0.11      T
  MONTH TO DATE    0.27                      1.29  -1.02     0.18
  SINCE SEP 1      8.14                      8.67  -0.53     7.02
  SINCE JAN 1     39.43                     37.29   2.14    27.28

SNOWFALL (IN)
  YESTERDAY        0.0           1.0  1976   0.0    0.0      0.0
  MONTH TO DATE    0.0                       0.2   -0.2       T
  SINCE SEP 1      0.0                       0.2   -0.2       T
  SINCE JUL 1      0.0                       0.2   -0.2       T
  SNOW DEPTH      MM

DEGREE DAYS
 HEATING
  YESTERDAY       28                        19      9       19
  MONTH TO DATE  155                       173    -18      159
  SINCE SEP 1    337                       607   -270      510
  SINCE JUL 1    349                       620   -271      517

 COOLING
  YESTERDAY        0                         0      0        0
  MONTH TO DATE    0                         0      0        0
  SINCE SEP 1    151                        88     63      141
  SINCE JAN 1    880                       747    133     1035
..................................................................


WIND (MPH)
  RESULTANT WIND SPEED  18   RESULTANT WIND DIRECTION   W (290)
  HIGHEST WIND SPEED    31   HIGHEST WIND DIRECTION    NW (300)
  HIGHEST GUST SPEED    45   HIGHEST GUST DIRECTION     W (280)
  AVERAGE WIND SPEED    18.4


SKY COVER
  POSSIBLE SUNSHINE  MM
  AVERAGE SKY COVER 0.3


WEATHER CONDITIONS
 THE FOLLOWING WEATHER WAS RECORDED YESTERDAY.
  LIGHT RAIN


RELATIVE HUMIDITY (PERCENT)
 HIGHEST    93           500 AM
 LOWEST     22           200 PM
 AVERAGE    58

..........................................................


THE BOSTON MA CLIMATE NORMALS FOR TODAY
                         NORMAL    RECORD    YEAR
 MAXIMUM TEMPERATURE (F)   53        69      2002
                                             1966
 MINIMUM TEMPERATURE (F)   39        24      1901


SUNRISE AND SUNSET
NOVEMBER 11 2017......SUNRISE   630 AM EST   SUNSET   426 PM EST
NOVEMBER 12 2017......SUNRISE   631 AM EST   SUNSET   425 PM EST


-  INDICATES NEGATIVE NUMBERS.
R  INDICATES RECORD WAS SET OR TIED.
MM INDICATES DATA IS MISSING.
T  INDICATES TRACE AMOUNT.




$$
